031  
CXUS51 KCLE 020248  
CLMTOL  
 
CLIMATE REPORT  
NATIONAL WEATHER SERVICE CLEVELAND OH  
1037 PM EDT SUN JUL 1 2018  
   
...............................
 
 
   
..THE TOLEDO OH CLIMATE SUMMARY FOR THE MONTH OF JUNE 2018
 
 
CLIMATE NORMAL PERIOD 1981 TO 2010  
CLIMATE RECORD PERIOD 1873 TO 2018  
 
WEATHER OBSERVED NORMAL DEPART LAST YEAR'S  
VALUE DATE(S) VALUE FROM VALUE  
NORMAL    
.........................................................
 
 
TEMPERATURE (F)  
RECORD  
HIGH 104 06/25/1988  
LOW 32 06/11/1972  
HIGHEST 96 06/18  
LOWEST 47 06/06  
AVG. MAXIMUM 81.5 80.7 0.8 81.9  
AVG. MINIMUM 62.8 58.3 4.5 58.3  
MEAN 72.1 69.5 2.6 70.1  
DAYS MAX >= 90 5 3.7 1.3 4  
DAYS MAX <= 32 0 0.0 0.0 0  
DAYS MIN <= 32 0 0.0 0.0 0  
DAYS MIN <= 0 0 0.0 0.0 0  
 
PRECIPITATION (INCHES)  
RECORD  
MAXIMUM 8.48 1981  
MINIMUM 0.12 1952  
TOTALS 3.50 3.57 -0.07 3.84  
DAYS >= .01 13 10.2 2.8 12  
DAYS >= .10 8 6.2 1.8 5  
DAYS >= .50 2 2.3 -0.3 2  
DAYS >= 1.00 1 0.8 0.2 1  
GREATEST  
24 HR. TOTAL 1.08 06/10 TO 06/10 2.13  
 
SNOWFALL (INCHES)  
RECORDS  
TOTALS 0.0 0.0 0.0 0.0  
SINCE 7/1 34.3 37.6 -3.3 22.4  
DAYS >= 1.0 0 0.0 0.0 0  
GREATEST  
24 HR TOTAL 0.0  
 
DEGREE_DAYS  
HEATING TOTAL 4 35 -31 21  
SINCE 7/1 6041 6145 -104 5315  
COOLING TOTAL 224 170 54 181  
SINCE 1/1 351 223 128 226    
..........................................................
 
 
WIND (MPH)  
AVERAGE WIND SPEED 7.4  
HIGHEST WIND SPEED/DIRECTION 39/250 DATE 06/18  
HIGHEST GUST SPEED/DIRECTION 46/260 DATE 06/18  
 
SKY COVER  
AVERAGE SKY COVER 0.40  
 
AVERAGE RH (PERCENT) 74  
 
- INDICATES NEGATIVE NUMBERS.  
R INDICATES RECORD WAS SET OR TIED.  
MM INDICATES DATA IS MISSING.  
T INDICATES TRACE AMOUNT.  
 

 
 
CLICK HERE TO GO TO PREVIOUS BULLETINS.

The Nexlab OH Page
The Nexlab PA Page Main Text Page