033  
CXUS52 KTAE 011240 RRB  
CLMVLD  
 
CLIMATE REPORT  
NATIONAL WEATHER SERVICE TALLAHASSEE FL  
831 AM EDT SAT AUG 1 2020  
   
...............................
 
 
   
..THE VALDOSTA CLIMATE SUMMARY FOR THE MONTH OF JULY 2020
 
 
CLIMATE NORMAL PERIOD 1981 TO 2010  
CLIMATE RECORD PERIOD 1948 TO 2020  
 
WEATHER OBSERVED NORMAL DEPART LAST YEAR'S  
VALUE DATE(S) VALUE FROM VALUE DATE(S)  
NORMAL    
............................................................
 
 
TEMPERATURE (F)  
HIGHEST 97 07/27 999 -902 99 07/04  
07/21  
07/20  
LOWEST 68 07/12 MM MM 64 07/29  
AVG. MAXIMUM 93.4 91.8 1.6 92.5  
AVG. MINIMUM 72.4 71.0 1.4 71.0  
MEAN 82.9 1.5 81.7  
DAYS MAX >= 90 27 22.5 4.5 27  
DAYS MAX <= 32 0 0.0 0.0 0  
DAYS MIN <= 32 0 0.0 0.0 0  
DAYS MIN <= 0 0 0.0 0.0 0  
 
PRECIPITATION (INCHES)  
TOTALS 5.56 3.71  
 
SNOWFALL (INCHES)  
TOTALS 0.0  
 
DEGREE_DAYS  
HEATING TOTAL 0 0 0 0  
SINCE 7/1 0 0 0 0  
COOLING TOTAL 561 508 53 525  
SINCE 1/1 1706 1352 354 1625    
.............................................................
 
 
WIND (MPH)  
AVERAGE WIND SPEED 2.8  
HIGHEST WIND SPEED/DIRECTION 24/130 DATE 07/23  
HIGHEST GUST SPEED/DIRECTION 34/140 DATE 07/23  
 
SKY COVER  
POSSIBLE SUNSHINE (PERCENT) MM  
AVERAGE SKY COVER 0.30  
NUMBER OF DAYS FAIR 22  
NUMBER OF DAYS PC 9  
NUMBER OF DAYS CLOUDY 0  
 
AVERAGE RH (PERCENT) 72  
 
WEATHER CONDITIONS. NUMBER OF DAYS WITH  
0  
9  
0  
0  
0  
0  
1  
HAZE 5  
 
- INDICATES NEGATIVE NUMBERS.  
R INDICATES RECORD WAS SET OR TIED.  
MM INDICATES DATA IS MISSING.  
T INDICATES TRACE AMOUNT.  
 

 
 
CLICK HERE TO GO TO PREVIOUS BULLETINS.

The Nexlab FL Page
The Nexlab GA Page
The Nexlab AL Page Main Text Page