885  
CXUS52 KTAE 011452  
CLMCTY  
 
CLIMATE REPORT  
NATIONAL WEATHER SERVICE TALLAHASSEE FL  
952 AM EST WED FEB 01 2023  
   
...............................
 
 
   
..THE CROSS CITY CLIMATE SUMMARY FOR THE MONTH OF JANUARY 2023
 
 
CLIMATE NORMAL PERIOD 1991 TO 2020  
CLIMATE RECORD PERIOD 1948 TO 2023  
 
WEATHER OBSERVED NORMAL DEPART LAST YEAR'S  
VALUE DATE(S) VALUE FROM VALUE DATE(S)  
NORMAL    
............................................................
 
 
TEMPERATURE (F)  
HIGHEST 83 01/31 82 01/02  
01/09  
LOWEST 29 01/15 20 01/30  
AVG. MAXIMUM 72.3 65.8  
AVG. MINIMUM 45.3 40.6  
MEAN 58.8 4.9 53.2  
DAYS MAX >= 90 0 0  
DAYS MAX <= 32 0 0  
DAYS MIN <= 32 4 7  
DAYS MIN <= 0 0 0  
 
PRECIPITATION (INCHES)  
TOTALS 2.76R 0.93  
 
SNOWFALL (INCHES)  
RECORDS  
TOTAL MM MM  
24 HR TOTAL MM  
SNOW DEPTH MM MM  
TOTALS 0.0 MM MM MM  
LIQUID EQUIV 0.00 MM MM MM  
SINCE 7/1 MM MM MM MM  
LIQUID 7/1 MM MM MM MM  
SNOWDEPTH AVG. 0 MM  
DAYS >= TRACE 0 MM MM MM  
DAYS >= 1.0 0 MM MM MM  
GREATEST  
SNOW DEPTH 0 MM MM  
24 HR TOTAL 0.0 MM  
STORM TOTAL 0.0 MM  
(MM/DD(HH)) MM  
 
DEGREE DAYS  
HEATING TOTAL 217 360 -143 379  
SINCE 7/1 620 840 -220 MM  
COOLING TOTAL 38 15 23 23  
SINCE 1/1 38 15 23 MM    
............................................................
 
 
WIND (MPH)  
AVERAGE WIND SPEED 4.8  
HIGHEST WIND SPEED/DIRECTION 18/210 DATE 01/04  
HIGHEST GUST SPEED/DIRECTION 27/210 DATE 01/22  
 
SKY COVER  
POSSIBLE SUNSHINE (PERCENT) MM  
AVERAGE SKY COVER 0.25  
NUMBER OF DAYS FAIR 10  
NUMBER OF DAYS PC 4  
NUMBER OF DAYS CLOUDY 0  
 
AVERAGE RH (PERCENT) 70  
 
WEATHER CONDITIONS. NUMBER OF DAYS WITH  
THUNDERSTORM 2 MIXED PRECIP 0  
HEAVY RAIN 1 RAIN 1  
LIGHT RAIN 5 FREEZING RAIN 0  
LT FREEZING RAIN 0 HAIL 0  
HEAVY SNOW 0 SNOW 0  
LIGHT SNOW 0 SLEET 0  
FOG 9 FOG W/VIS <= 1/4 MILE 4  
HAZE 3  
 
- INDICATES NEGATIVE NUMBERS.  
R INDICATES RECORD WAS SET OR TIED.  
MM INDICATES DATA IS MISSING.  
T INDICATES TRACE AMOUNT.  
 

 
 
CLICK HERE TO GO TO PREVIOUS BULLETINS.

The Nexlab FL Page
The Nexlab GA Page
The Nexlab AL Page Main Text Page