931  
CXUS54 KMOB 010719  
CLMPNS  
 
CLIMATE REPORT  
NATIONAL WEATHER SERVICE MOBILE AL  
156 AM CDT SAT AUG 1 2020  
   
...............................
 
 
   
..THE PENSACOLA CLIMATE SUMMARY FOR THE MONTH OF JULY 2020
 
 
CLIMATE NORMAL PERIOD 1981 TO 2010  
CLIMATE RECORD PERIOD 1879 TO 2020  
 
WEATHER OBSERVED NORMAL DEPART LAST YEAR'S  
VALUE DATE(S) VALUE FROM VALUE DATE(S)  
NORMAL    
............................................................
 
 
TEMPERATURE (F)  
RECORD  
HIGH 106 07/14/1980  
LOW 61 07/16/1967  
07/15/1967  
HIGHEST 97 07/11 102 07/06  
LOWEST 72 07/15 72 07/30  
07/28  
07/25  
AVG. MAXIMUM 90.6 89.9 0.7 92.2  
AVG. MINIMUM 75.8 74.5 1.3 76.0  
MEAN 83.2 82.2 1.0 84.1  
DAYS MAX >= 90 22 15.6 6.4 26  
DAYS MAX <= 32 0 0.0 0.0 0  
DAYS MIN <= 32 0 0.0 0.0 0  
DAYS MIN <= 0 0 0.0 0.0 0  
 
PRECIPITATION (INCHES)  
RECORD  
MAXIMUM 20.36 1979  
MINIMUM 1.69 1970  
TOTALS 8.85 7.41 1.44 4.73  
DAILY AVG. 0.29 0.24 0.05 0.15  
DAYS >= .01 19 14.0 5.0 16  
DAYS >= .10 13 10.2 2.8 8  
DAYS >= .50 6 4.9 1.1 2  
DAYS >= 1.00 4 2.2 1.8 1  
GREATEST  
24 HR. TOTAL 1.82 07/24 TO 07/24  
 
DEGREE_DAYS  
COOLING TOTAL 571 533 38 599  
SINCE 1/1 1835 1446 389 1780    
.............................................................
 
 
WIND (MPH)  
AVERAGE WIND SPEED 6.8  
HIGHEST WIND SPEED/DIRECTION 33/340 DATE 07/12  
HIGHEST GUST SPEED/DIRECTION 43/350 DATE 07/12  
 
SKY COVER  
POSSIBLE SUNSHINE (PERCENT)  
AVERAGE SKY COVER 0.20  
NUMBER OF DAYS FAIR 23  
NUMBER OF DAYS PC 8  
NUMBER OF DAYS CLOUDY 0  
 
AVERAGE RH (PERCENT) 77  
 
WEATHER CONDITIONS. NUMBER OF DAYS WITH  
THUNDERSTORM 19 MIXED PRECIP 0  
HEAVY RAIN 11 RAIN 9  
LIGHT RAIN 19 FREEZING RAIN 0  
LT FREEZING RAIN 0 HAIL 0  
HEAVY SNOW 0 SNOW 0  
LIGHT SNOW 0 SLEET 0  
FOG 16 FOG W/VIS <= 1/4 MILE 0  
HAZE 8  
 
- INDICATES NEGATIVE NUMBERS.  
R INDICATES RECORD WAS SET OR TIED.  
MM INDICATES DATA IS MISSING.  
T INDICATES TRACE AMOUNT.  
 

 
 
CLICK HERE TO GO TO PREVIOUS BULLETINS.

The Nexlab AL Page
The Nexlab FL Page
The Nexlab MS Page Main Text Page

The Nexlab AL Page
The Nexlab FL Page
The Nexlab MS Page Main Text Page