376  
CXUS54 KJAN 012259  
CLMTVR  
 
CLIMATE REPORT  
NATIONAL WEATHER SERVICE JACKSON MS  
535 PM CDT MON APR 1 2019  
   
...............................
 
 
   
..THE VICKSBURG CLIMATE SUMMARY FOR THE MONTH OF MARCH 2019
 
 
CLIMATE NORMAL PERIOD 1981 TO 2010  
CLIMATE RECORD PERIOD 1948 TO 2019  
 
WEATHER OBSERVED NORMAL DEPART LAST YEAR'S  
VALUE DATE(S) VALUE FROM VALUE  
NORMAL    
.........................................................
 
 
TEMPERATURE (F)  
RECORD  
HIGH 89 03/19/1982  
LOW 11 03/03/1980  
HIGHEST 79 03/14 MM MM 86  
LOWEST 29 03/06 MM MM 35  
AVG. MAXIMUM 65.3 68.4 -3.1 70.3  
AVG. MINIMUM 46.0 46.0 0.0 49.5  
MEAN 55.6 57.2 -1.6 59.9  
DAYS MAX >= 90 0 0.0 0.0 0  
DAYS MAX <= 32 0 0.0 0.0 0  
DAYS MIN <= 32 3 1.7 1.3 0  
DAYS MIN <= 0 0 0.0 0.0 0  
 
PRECIPITATION (INCHES)  
RECORD  
MAXIMUM 14.11 1961  
MINIMUM 0.48 2007  
TOTALS 2.58 5.03 -2.45 5.94  
DAILY AVG. 0.08 0.16 -0.08 0.19  
DAYS >= .01 8 MM MM 10  
DAYS >= .10 6 MM MM 8  
DAYS >= .50 3 MM MM 4  
DAYS >= 1.00 0 MM MM 3  
GREATEST  
24 HR. TOTAL 0.69 03/11 TO 03/11 1.60  
 
SNOWFALL (INCHES)  
TOTALS 0.0  
 
DEGREE_DAYS  
HEATING TOTAL 300 265 35 196  
SINCE 7/1 2051 2241 -190 2082  
COOLING TOTAL 19 23 -4 42  
SINCE 1/1 36 32 4 99    
..........................................................
 
 
WIND (MPH)  
AVERAGE WIND SPEED 7.6  
HIGHEST WIND SPEED/DIRECTION 26/360 DATE 03/20  
HIGHEST GUST SPEED/DIRECTION 36/330 DATE 03/30  
 
SKY COVER  
POSSIBLE SUNSHINE (PERCENT) MM  
AVERAGE SKY COVER 0.40  
NUMBER OF DAYS FAIR 18  
NUMBER OF DAYS PC 4  
NUMBER OF DAYS CLOUDY 9  
 
AVERAGE RH (PERCENT) 67  
 
NUMBER OF DAYS WITH WEATHER CONDITIONS  
THUNDERSTORM 3 MIXED PRECIP 0  
HEAVY RAIN 6 RAIN 8  
LIGHT RAIN 12 FREEZING RAIN 0  
LT FREEZING RAIN 0 HAIL 0  
HEAVY SNOW 0 SNOW 0  
LIGHT SNOW 0 SLEET 0  
FOG 13 FOG W/VIS <= 1/4 MILE 1  
HAZE 1  
 
- INDICATES NEGATIVE NUMBERS.  
R INDICATES RECORD WAS SET OR TIED.  
MM INDICATES DATA IS MISSING.  
T INDICATES TRACE AMOUNT.  
 

 
 
CLICK HERE TO GO TO PREVIOUS BULLETINS.

The Nexlab MS Page
The Nexlab AR Page
The Nexlab LA Page Main Text Page