156  
CXUS54 KMEG 020133  
CLMTUP  
 
CLIMATE REPORT  
NATIONAL WEATHER SERVICE MEMPHIS TN  
830 PM CDT SAT AUG 1 2020  
   
...............................
 
 
   
..THE TUPELO CLIMATE SUMMARY FOR THE MONTH OF JULY 2020
 
 
CLIMATE NORMAL PERIOD 1981 TO 2010  
CLIMATE RECORD PERIOD 1930 TO 2020  
 
WEATHER OBSERVED NORMAL DEPART LAST YEAR'S  
VALUE DATE(S) VALUE FROM VALUE DATE(S)  
NORMAL    
............................................................
 
 
TEMPERATURE (F)  
RECORD  
HIGH 109 07/29/1930  
LOW 50 07/01/1937  
HIGHEST 97 07/21 91 6 97 07/10  
07/20 07/09  
07/19  
LOWEST 69 07/03 71 -2 60 07/25  
AVG. MAXIMUM 93.7 91.7 2.0 91.5  
AVG. MINIMUM 74.0 71.2 2.8 72.4  
MEAN 83.8 81.4 2.4 81.9  
DAYS MAX >= 90 29 20.7 8.3 23  
DAYS MAX <= 32 0 0.0 0.0 0  
DAYS MIN <= 32 0 0.0 0.0 0  
DAYS MIN <= 0 0 0.0 0.0 0  
 
PRECIPITATION (INCHES)  
RECORD  
MAXIMUM 12.24 1964  
MINIMUM 0.48 1986  
TOTALS 2.33 3.90 -1.57 10.23  
DAILY AVG. 0.08 0.13 -0.05 0.33  
DAYS >= .01 10 9.0 1.0 12  
DAYS >= .10 4 6.4 -2.4 10  
DAYS >= .50 1 3.0 -2.0 7  
DAYS >= 1.00 1 0.9 0.1 4  
GREATEST  
24 HR. TOTAL 1.41 07/01 TO 07/01  
 
SNOWFALL (INCHES)  
RECORDS  
TOTAL MM MM  
TOTALS 0.0 0.0 0.0 0.0  
SINCE 7/1 0.0 0.0 0.0 0.0  
SNOWDEPTH AVG. 0 MM MM 0  
DAYS >= 1.0 0 0.0 0.0 0  
GREATEST  
SNOW DEPTH 0 MM 0 MM  
24 HR TOTAL 0.0 07/31 TO 07/31  
 
DEGREE_DAYS  
HEATING TOTAL 0 0 0 0  
SINCE 7/1 0 0 0 0  
COOLING TOTAL 593 510 83 535  
SINCE 1/1 1286 1182 104 1302    
.............................................................
 
 
WIND (MPH)  
AVERAGE WIND SPEED 3.8  
HIGHEST WIND SPEED/DIRECTION 38/030 DATE 07/12  
HIGHEST GUST SPEED/DIRECTION 45/030 DATE 07/12  
 
SKY COVER  
POSSIBLE SUNSHINE (PERCENT) MM  
AVERAGE SKY COVER 0.20  
NUMBER OF DAYS FAIR 25  
NUMBER OF DAYS PC 6  
NUMBER OF DAYS CLOUDY 0  
 
AVERAGE RH (PERCENT) 70  
 
WEATHER CONDITIONS. NUMBER OF DAYS WITH  
0  
2  
0  
0  
0  
0  
0  
HAZE 3  
 
- INDICATES NEGATIVE NUMBERS.  
R INDICATES RECORD WAS SET OR TIED.  
MM INDICATES DATA IS MISSING.  
T INDICATES TRACE AMOUNT.  
 

 
 
CLICK HERE TO GO TO PREVIOUS BULLETINS.

The Nexlab TN Page
The Nexlab MS Page
The Nexlab AR Page Main Text Page

The Nexlab TN Page
The Nexlab MS Page
The Nexlab AR Page Main Text Page