430  
CXUS54 KTSA 011611  
CLMFYV  
 
CLIMATE REPORT  
NATIONAL WEATHER SERVICE TULSA OK  
1111 AM CDT SAT AUG 1 2020  
   
...............................
 
 
 
...THE FAYETTEVILLE ARKANSAS CLIMATE SUMMARY FOR THE MONTH OF JULY 2020...  
 
CLIMATE NORMAL PERIOD 1981 TO 2010  
CLIMATE RECORD PERIOD 1905 TO 2020  
 
WEATHER OBSERVED NORMAL DEPART LAST YEAR'S  
VALUE DATE(S) VALUE FROM VALUE DATE(S)  
NORMAL    
............................................................
 
 
TEMPERATURE (F)  
RECORD  
HIGH 110 07/13/1954  
LOW 45 07/06/1972  
HIGHEST 94 07/02 111 -17 92 07/20  
07/06  
LOWEST 61 07/13 45 16 55 07/24  
AVG. MAXIMUM 89.3 88.6 0.7 87.2  
AVG. MINIMUM 68.7 66.6 2.1 65.7  
MEAN 79.0 77.6 1.4 76.4  
DAYS MAX >= 90 22 12.9 9.1 10  
DAYS MAX <= 32 0 0.0 0.0 0  
DAYS MIN <= 32 0 0.0 0.0 0  
DAYS MIN <= 0 0 0.0 0.0 0  
 
PRECIPITATION (INCHES)  
RECORD  
MAXIMUM 12.03 1960  
MINIMUM 0.26 1964  
TOTALS 4.24 3.46 0.78 3.07  
DAILY AVG. 0.14 0.11 0.03 0.10  
DAYS >= .01 9 8.1 0.9 10  
DAYS >= .10 7 5.0 2.0 5  
DAYS >= .50 3 2.0 1.0 2  
DAYS >= 1.00 2 1.1 0.9 0  
GREATEST  
24 HR. TOTAL 1.45 07/04 TO 07/04 07/06 TO 07/06  
07/31 TO 07/31EATHER OBSERVED NORMAL DEPART LAST YEAR'S  
07/31 TO 07/31EATHER OBSERVED NORMAL DEPART LAST YEAR'S  
 
DEGREE_DAYS  
HEATING TOTAL 0 0 0 0  
SINCE 7/1 0 0 0 0  
COOLING TOTAL 443 391 52 362  
SINCE 1/1 921 749 172 746    
.............................................................
 
 
WIND (MPH)  
AVERAGE WIND SPEED 4.5  
HIGHEST WIND SPEED/DIRECTION 32/310 DATE 07/09  
HIGHEST GUST SPEED/DIRECTION 45/330 DATE 07/09  
 
SKY COVER  
POSSIBLE SUNSHINE (PERCENT) MM  
AVERAGE SKY COVER 0.20  
NUMBER OF DAYS FAIR 26  
NUMBER OF DAYS PC 4  
NUMBER OF DAYS CLOUDY 1  
 
AVERAGE RH (PERCENT) 77  
 
WEATHER CONDITIONS. NUMBER OF DAYS WITH  
THUNDERSTORM 10 MIXED PRECIP 0  
HEAVY RAIN 7 RAIN 6  
LIGHT RAIN 12 FREEZING RAIN 0  
LT FREEZING RAIN 0 HAIL 0  
HEAVY SNOW 0 SNOW 0  
LIGHT SNOW 0 SLEET 0  
FOG 18 FOG W/VIS <= 1/4 MILE 3  
HAZE 0  
 
- INDICATES NEGATIVE NUMBERS.  
R INDICATES RECORD WAS SET OR TIED.  
MM INDICATES DATA IS MISSING.  
T INDICATES TRACE AMOUNT.  
 

 
-------------------------------------------------------------------  
YEARLY PRECIPITATION (INCHES):  
TOTAL.....................34.38  
DEPARTURE FROM NORMAL.....+5.73  

 
 
CLICK HERE TO GO TO PREVIOUS BULLETINS.

The Nexlab OK Page
The Nexlab AR Page Main Text Page