122  
CXUS53 KGLD 031456 RRA  
CLMMCK  
 
CLIMATE REPORT  
NATIONAL WEATHER SERVICE GOODLAND  
852 AM MDT MON SEP 3 2018  
   
...............................
 
 
   
..THE MCCOOK CLIMATE SUMMARY FOR THE MONTH OF AUGUST 2018
 
 
CLIMATE NORMAL PERIOD 1981 TO 2010  
CLIMATE RECORD PERIOD 1896 TO 2018  
 
WEATHER OBSERVED NORMAL DEPART LAST YEAR'S  
VALUE DATE(S) VALUE FROM VALUE DATE(S)  
NORMAL    
............................................................
 
 
TEMPERATURE (F)  
RECORD  
HIGH 111 08/03/1930  
LOW 39 08/24/1928  
08/28/1911  
HIGHEST 97 08/27 101 -4 97 08/19  
LOWEST 49 08/29 52 -3 49 08/04  
AVG. MAXIMUM 86.7 87.6 -0.9 85.6  
AVG. MINIMUM 60.3 59.9 0.4 58.7  
MEAN 73.5 73.8 -0.3 72.1  
DAYS MAX >= 90 13 12.4 0.6 8  
DAYS MAX <= 32 0 0.0 0.0 0  
DAYS MIN <= 32 0 0.0 0.0 0  
DAYS MIN <= 0 0 0.0 0.0 0  
 
PRECIPITATION (INCHES)  
RECORD  
MAXIMUM 6.16 1992  
MINIMUM 0.08 1971  
TOTALS 1.82 3.14 -1.32 3.64  
DAILY AVG. 0.06 0.10 -0.04 0.12  
DAYS >= .01 12 7.7 4.3 12  
DAYS >= .10 3 5.1 -2.1 6  
DAYS >= .50 2 2.3 -0.3 4  
DAYS >= 1.00 0 1.0 -1.0 1  
GREATEST  
24 HR. TOTAL 0.92 08/03 TO 08/03 1.13  
 
   
.............................................................
 
 
 
- INDICATES NEGATIVE NUMBERS.  
R INDICATES RECORD WAS SET OR TIED.  
MM INDICATES DATA IS MISSING.  
T INDICATES TRACE AMOUNT.  
 

 
 
CLICK HERE TO GO TO PREVIOUS BULLETINS.

The Nexlab KS Page
The Nexlab CO Page
The Nexlab NE Page Main Text Page