017  
CXUS53 KGLD 051840  
CLMMCK  
 
CLIMATE REPORT  
NATIONAL WEATHER SERVICE  
1240 PM MDT TUE MAY 05 2020  
   
...............................
 
 
   
..THE MCCOOK NE CLIMATE SUMMARY FOR THE MONTH OF APRIL 2020
 
 
CLIMATE NORMAL PERIOD: 1981 TO 2010  
CLIMATE RECORD PERIOD: 1896 TO 2020  
 
WEATHER OBSERVED NORMAL DEPART LAST YEAR'S  
VALUE DATE(S) VALUE FROM VALUE DATE(S)  
NORMAL    
............................................................
 
 
TEMPERATURE (F)  
RECORD  
HIGH 98 04/23/1939  
04/28/1910  
LOW 0 04/02/1936  
HIGHEST 87 04/30 87 0 91 04/20  
LOWEST 14 04/13 21 -7 23 04/12  
AVG. MAXIMUM 66.7 64.5 2.2 67.8  
AVG. MINIMUM 31.9 34.4 -2.5 36.6  
MEAN 49.3 49.5 -0.2 52.2  
DAYS MAX >= 90 0 0.5 -0.5 1  
DAYS MAX <= 32 0 0.3 -0.3 1  
DAYS MIN <= 32 14 11.6 2.4 8  
DAYS MIN <= 0 0 0.0 0.0 0  
 
PRECIPITATION (INCHES)  
RECORD  
MAXIMUM 7.84 2007  
MINIMUM 0.13 1989  
TOTALS 0.09R 2.31 -2.22 0.24  
DAILY AVG. 0.00 0.08 -0.08 0.01  
DAYS >= .01 2 7.4 -5.4 5  
DAYS >= .10 0 4.6 -4.6 1  
DAYS >= .50 0 1.4 -1.4 0  
DAYS >= 1.00 0 0.6 -0.6 0  
GREATEST  
24 HR. TOTAL 0.07 04/24 TO 04/24 0.14  
STORM TOTAL 0.07  
(MM/DD(HH))  
 
   
............................................................
 
 
- INDICATES NEGATIVE NUMBERS.  
R INDICATES RECORD WAS SET OR TIED.  
MM INDICATES DATA IS MISSING.  
T INDICATES TRACE AMOUNT.  
 

 
 
CLICK HERE TO GO TO PREVIOUS BULLETINS.

The Nexlab KS Page
The Nexlab CO Page
The Nexlab NE Page Main Text Page

The Nexlab KS Page
The Nexlab CO Page
The Nexlab NE Page Main Text Page