354  
CXUS51 KALY 151536  
CLSDDH  
 
CLIMATE REPORT...CORRECTED PRECIPITATION  
NATIONAL WEATHER SERVICE ALBANY NY  
1136 AM EDT WED SEP 15 2021  
   
...............................
 
 
...THE BENNINGTON VT CLIMATE SUMMARY FOR THE SEASON, FROM  
6/1/2021 TO 8/31/2021...  
 
CLIMATE NORMAL PERIOD: 1991 TO 2020  
CLIMATE RECORD PERIOD: 9999 TO 9999  
 
WEATHER OBSERVED NORMAL DEPART LAST YEAR'S  
VALUE DATE(S) VALUE FROM VALUE DATE(S)  
NORMAL    
............................................................
 
 
TEMPERATURE (F)  
HIGHEST 91 06/28 92 07/19  
06/29  
07/27  
LOWEST 41 06/01 32 06/01  
06/17  
AVG. MAXIMUM 79.6 78.7 0.9 81.1  
AVG. MINIMUM 58.2 55.0 3.2 56.5  
MEAN 68.9 66.8 2.1 68.8  
DAYS MAX >= 90 2 2.8 -0.8 6  
DAYS MAX <= 32 0 0.0 0.0 0  
DAYS MIN <= 32 0 0.1 -0.1 1  
DAYS MIN <= 0 0 0.0 0.0 0  
 
PRECIPITATION (INCHES)  
TOTALS 16.12 12.56 3.56 11.46  
DAILY AVG. 0.18 0.13  
DAYS >= .01 43 36  
DAYS >= .10 31 20  
DAYS >= .50 11 9  
DAYS >= 1.00 5 4  
GREATEST  
24 HR. TOTAL 2.32 07/11 TO 07/12  
 
DEGREE DAYS  
HEATING TOTAL 78 143 -65 115  
SINCE 7/1 29 58 -29 30  
COOLING TOTAL 456 313 143 494  
SINCE 1/1 482 332 150 534    
............................................................
 
 
WIND (MPH)  
AVERAGE WIND SPEED 3.5  
HIGHEST WIND SPEED/DIRECTION 24/240 DATE 07/14  
HIGHEST GUST SPEED/DIRECTION 24/320 DATE 07/20  
 
WEATHER CONDITIONS. NUMBER OF DAYS WITH  
THUNDERSTORM 18 MIXED PRECIP 0  
HEAVY RAIN 22 RAIN 24  
LIGHT RAIN 57 FREEZING RAIN 0  
LT FREEZING RAIN 0 HAIL 0  
HEAVY SNOW 0 SNOW 0  
LIGHT SNOW 0 SLEET 0  
FOG 78 FOG W/VIS <= 1/4 MILE 17  
HAZE 18  
 
- INDICATES NEGATIVE NUMBERS.  
R INDICATES RECORD WAS SET OR TIED.  
MM INDICATES DATA IS MISSING.  
T INDICATES TRACE AMOUNT.  
 

 
 
CLICK HERE TO GO TO PREVIOUS BULLETINS.

The Nexlab NY Page
The Nexlab VT Page
The Nexlab MA Page
The Nexlab CT Page Main Text Page