574  
CXUS51 KOKX 011758 RRA  
CLMBDR  
 
CLIMATE REPORT  
NATIONAL WEATHER SERVICE NEW YORK, NY  
1258 PM EST WED FEB 01 2023  
   
...............................
 
 
   
..THE BRIDGEPORT CT CLIMATE SUMMARY FOR THE MONTH OF JANUARY 2023
 
 
CLIMATE NORMAL PERIOD 1991 TO 2020  
CLIMATE RECORD PERIOD 1948 TO 2023  
 
WEATHER OBSERVED NORMAL DEPART LAST YEAR'S  
VALUE DATE(S) VALUE FROM VALUE DATE(S)  
NORMAL    
............................................................
 
 
TEMPERATURE (F)  
RECORD  
HIGH 69 01/12/2020  
LOW -7 01/22/1984  
HIGHEST 57 01/04 MM MM 52 01/01  
01/02  
LOWEST 27 01/10 MM MM 6 01/15  
01/16  
01/16  
AVG. MAXIMUM 46.1 38.4 7.7 36.0  
AVG. MINIMUM 33.7 24.4 9.3 20.3  
MEAN 39.9 31.4 8.5 28.1  
DAYS MAX >= 90 0 0.0 0.0 0  
DAYS MAX <= 32 0 8.0 -8.0 10  
DAYS MIN <= 32 13 24.5 -11.5 29  
DAYS MIN <= 0 0 0.3 -0.3 0  
 
PRECIPITATION (INCHES)  
RECORD  
MAXIMUM 11.20 1979  
MINIMUM 0.40 1970  
TOTALS 5.10 3.18 1.92 3.03  
DAILY AVG. 0.16 0.10 0.06 0.10  
DAYS >= .01 14 11.2 2.8 MM  
DAYS >= .10 8 6.6 1.4 MM  
DAYS >= .50 3 2.2 0.8 MM  
DAYS >= 1.00 2 0.5 1.5 MM  
GREATEST  
24 HR. TOTAL 1.49 01/25 TO 01/26 0.98 01/16 TO 01/17  
STORM TOTAL 1.11 0.86  
(MM/DD(HH)) MM  
 
SNOWFALL (INCHES)  
TOTALS T 8.5 -8.5 20.8  
LIQUID EQUIV T 0.80 -0.80 2.10  
SINCE 7/1 0.8 15.0 -14.2 MM  
LIQUID 7/1 0.08 1.50 -1.42 MM  
SNOWDEPTH AVG. T 2  
DAYS >= TRACE 7 5.0 2.0 10  
DAYS >= 1.0 0 3.0 -3.0 3  
GREATEST  
SNOW DEPTH MM 10 01/30  
01/31  
24 HR TOTAL MM MM  
STORM TOTAL 0.0 9.6  
(MM/DD(HH)) MM  
 
DEGREE DAYS  
HEATING TOTAL 772 1042 -270 1135  
SINCE 7/1 2488 2806 -318 MM  
COOLING TOTAL 0 0 0 0  
SINCE 1/1 0 0 0 MM    
............................................................
 
 
WIND (MPH)  
AVERAGE WIND SPEED 8.0  
HIGHEST WIND SPEED/DIRECTION 28/190 DATE 01/13  
HIGHEST GUST SPEED/DIRECTION 42/180 DATE 01/13  
 
WEATHER CONDITIONS. NUMBER OF DAYS WITH  
THUNDERSTORM 2 MIXED PRECIP 0  
HEAVY RAIN 6 RAIN 8  
LIGHT RAIN 17 FREEZING RAIN 0  
LT FREEZING RAIN 0 HAIL 0  
HEAVY SNOW 0 SNOW 0  
LIGHT SNOW 6 SLEET 0  
FOG 12 FOG W/VIS <= 1/4 MILE 3  
HAZE 0  
 
- INDICATES NEGATIVE NUMBERS.  
R INDICATES RECORD WAS SET OR TIED.  
MM INDICATES DATA IS MISSING.  
T INDICATES TRACE AMOUNT.  
 

 
 
CLICK HERE TO GO TO PREVIOUS BULLETINS.

The Nexlab NY Page
The Nexlab NJ Page
The Nexlab CT Page Main Text Page