035  
CXUS52 KKEY 041620  
CLMEYW  
 
CLIMATE REPORT  
NATIONAL WEATHER SERVICE KEY WEST FL  
1220 PM EDT THU AUG 4 2022  
   
...............................
 
 
   
..THE KEY WEST CLIMATE SUMMARY FOR THE MONTH OF JULY 2022
 
 
CLIMATE NORMAL PERIOD 1991 TO 2020  
CLIMATE RECORD PERIOD 1871 TO 2022  
 
WEATHER OBSERVED NORMAL DEPART LAST YEAR'S  
VALUE DATE(S) VALUE FROM VALUE DATE(S)  
NORMAL    
............................................................
 
 
TEMPERATURE (F)  
RECORD  
HIGH 97 07/19/1880  
LOW 68 07/16/1888  
HIGHEST 93 07/05 93 07/29  
LOWEST 76 07/15 72 07/11  
07/16  
07/26  
AVG. MAXIMUM 89.2 90.2 -1.0 88.4  
AVG. MINIMUM 81.1 80.6 0.5 79.6  
MEAN 85.1 85.4 -0.3 84.0  
DAYS MAX >= 90 14 17.9 -3.9 7  
DAYS MAX <= 32 0 0.0 0.0 0  
DAYS MIN <= 32 0 0.0 0.0 0  
DAYS MIN <= 0 0 0.0 0.0 0  
 
PRECIPITATION (INCHES)  
RECORD  
MAXIMUM 13.64 1947  
MINIMUM 0.33 1942  
TOTALS 2.37 3.63 -1.26 7.65  
DAILY AVG. 0.08 0.12 -0.04 0.25  
DAYS >= .01 14 11.6 2.4 13  
DAYS >= .10 5 6.8 -1.8 10  
DAYS >= .50 2 2.1 -0.1 4  
DAYS >= 1.00 0 0.8 -0.8 2  
GREATEST  
24 HR. TOTAL 0.86 07/25 TO 07/26  
07/29 TO 07/30  
 
DEGREE DAYS  
HEATING TOTAL 0 0 0 0  
SINCE 7/1 0 0 0 0  
COOLING TOTAL 632 632 0 597  
SINCE 1/1 2867 2799 68 2837    
............................................................
 
 
WIND (MPH)  
AVERAGE WIND SPEED 10.2  
HIGHEST WIND SPEED/DIRECTION 28/110 DATE 07/30  
HIGHEST GUST SPEED/DIRECTION 41/080 DATE 07/26  
 
SKY COVER  
POSSIBLE SUNSHINE (PERCENT) MM  
AVERAGE SKY COVER 0.25  
NUMBER OF DAYS FAIR 27  
NUMBER OF DAYS PC 4  
NUMBER OF DAYS CLOUDY 0  
 
AVERAGE RH (PERCENT) 74  
 
WEATHER CONDITIONS. NUMBER OF DAYS WITH  
THUNDERSTORM 8 MIXED PRECIP 0  
HEAVY RAIN 2 RAIN 3  
LIGHT RAIN 19 FREEZING RAIN 0  
LT FREEZING RAIN 0 HAIL 0  
HEAVY SNOW 0 SNOW 0  
LIGHT SNOW 0 SLEET 0  
FOG 2 FOG W/VIS <= 1/4 MILE 0  
HAZE 4  
 
- INDICATES NEGATIVE NUMBERS.  
R INDICATES RECORD WAS SET OR TIED.  
MM INDICATES DATA IS MISSING.  
T INDICATES TRACE AMOUNT.  
 

 
 
KEY WEST DAILY RECORDS, JULY 2022 AND YEAR-TO-DATE  
 
RECORD JUL 2022 2022  
====== ======== ========  
MAXIMUM TEMPERATURE 1 1  
COOL MAXIMUM TEMPERATURE 0 1  
WARM MINIMUM TEMPERATURE 0 10  
MINIMUM TEMPERATURE 0 0  
RAINFALL 0 0  
 
ROSS  
 
CLICK HERE TO GO TO PREVIOUS BULLETINS.

The Nexlab FL Page Main Text Page

The Nexlab FL Page Main Text Page