978  
CXUS52 KMFL 011341  
CLMFLL  
 
CLIMATE REPORT  
NATIONAL WEATHER SERVICE MIAMI, FL  
938 AM EDT WED JUL 1 2020  
   
...............................
 
 
   
..THE FORT LAUDERDALE CLIMATE SUMMARY FOR THE MONTH OF JUNE 2020
 
 
CLIMATE NORMAL PERIOD 1981 TO 2010  
CLIMATE RECORD PERIOD 1912 TO 2020  
 
WEATHER OBSERVED NORMAL DEPART LAST YEAR'S  
VALUE DATE(S) VALUE FROM VALUE  
NORMAL    
.........................................................
 
 
TEMPERATURE (F)  
RECORD  
HIGH 100 06/22/2009  
LOW 57 06/04/1933  
HIGHEST 94 06/30 95  
LOWEST 72 06/19 71  
06/15  
AVG. MAXIMUM 89.0 88.8 0.2 90.2  
AVG. MINIMUM 78.7 77.4 1.3 77.7  
MEAN 83.8 83.1 0.7 83.9  
DAYS MAX >= 90 13 21  
DAYS MAX <= 32 0 0  
DAYS MIN <= 32 0 0  
DAYS MIN <= 0 0 0  
 
PRECIPITATION (INCHES)  
RECORD  
MAXIMUM 24.37 1992  
MINIMUM 0.70 1952  
TOTALS 5.68 10.16 -4.48 11.18  
DAILY AVG. 0.19 0.34 -0.15 0.37  
DAYS >= .01 13 18  
DAYS >= .10 6 11  
DAYS >= .50 5 8  
DAYS >= 1.00 2 4  
GREATEST  
24 HR. TOTAL 1.59 06/02 TO 06/02 2.42  
 
DEGREE_DAYS  
HEATING TOTAL 0 0 0 0  
SINCE 7/1 70 112 -42 72  
COOLING TOTAL 573 543 30 574  
SINCE 1/1 2244 1961 283 2189    
..........................................................
 
 
WIND (MPH)  
AVERAGE WIND SPEED 8.8  
HIGHEST WIND SPEED/DIRECTION 25/350 DATE 06/15  
HIGHEST GUST SPEED/DIRECTION 36/350 DATE 06/15  
 
SKY COVER  
POSSIBLE SUNSHINE (PERCENT) MM  
AVERAGE SKY COVER 0.60  
NUMBER OF DAYS FAIR 5  
NUMBER OF DAYS PC 20  
NUMBER OF DAYS CLOUDY 5  
 
AVERAGE RH (PERCENT) 77  
 
WEATHER CONDITIONS. NUMBER OF DAYS WITH  
THUNDERSTORM 14 MIXED PRECIP 0  
HEAVY RAIN 5 RAIN 4  
LIGHT RAIN 15 FREEZING RAIN 0  
LT FREEZING RAIN 0 HAIL 0  
HEAVY SNOW 0 SNOW 0  
LIGHT SNOW 0 SLEET 0  
FOG 8 FOG W/VIS <= 1/4 MILE 0  
HAZE 0  
 
- INDICATES NEGATIVE NUMBERS.  
R INDICATES RECORD WAS SET OR TIED.  
MM INDICATES DATA IS MISSING.  
T INDICATES TRACE AMOUNT.  
 

 
 
CLICK HERE TO GO TO PREVIOUS BULLETINS.

The Nexlab FL Page Main Text Page