824  
CXUS52 KMFL 011322  
CLMPBI  
 
CLIMATE REPORT  
NATIONAL WEATHER SERVICE MIAMI, FL  
922 AM EDT SUN AUG 01 2021  
   
...............................
 
 
   
..THE WEST PALM BEACH CLIMATE SUMMARY FOR THE MONTH OF JULY 2021
 
 
CLIMATE NORMAL PERIOD: 1991 TO 2020  
CLIMATE RECORD PERIOD: 1888 TO 2021  
 
WEATHER OBSERVED NORMAL DEPART LAST YEAR'S  
VALUE DATE(S) VALUE FROM VALUE  
NORMAL    
..........................................................
 
 
TEMPERATURE (F)  
RECORD  
HIGH 101 07/21/1942  
LOW 64 07/26/1940  
07/18/1940  
HIGHEST 93 07/29 96  
07/30  
07/31  
LOWEST 74 07/05 72  
07/08  
AVG. MAXIMUM 90.1 90.0 0.1 91.3  
AVG. MINIMUM 76.5 76.1 0.4 76.9  
MEAN 83.3 83.1 0.2 84.1  
DAYS MAX >= 90 17 25  
DAYS MAX <= 32 0 0  
DAYS MIN <= 32 0 0  
DAYS MIN <= 0 0 0  
 
PRECIPITATION (INCHES)  
RECORD  
MAXIMUM 23.28 1933  
MINIMUM 0.51 1892  
TOTALS 5.66 5.63 0.03 11.80  
DAILY AVG. 0.18 0.18 -0.00 0.38  
DAYS >= .01 18 21  
DAYS >= .10 10 15  
DAYS >= .50 6 6  
DAYS >= 1.00 0 3  
GREATEST  
24 HR. TOTAL 1.37 07/23 TO 07/24 4.06  
 
DEGREE DAYS  
HEATING TOTAL 0 0 0 0  
SINCE 7/1 0 0 0 0  
COOLING TOTAL 575 560 15 601  
SINCE 1/1 2659 2247 412 2828    
..........................................................
 
 
WIND (MPH)  
AVERAGE WIND SPEED 7.9  
HIGHEST WIND SPEED/DIRECTION 30/270 DATE 07/28  
HIGHEST GUST SPEED/DIRECTION 35/270 DATE 07/09  
35/280 07/28  
 
SKY COVER  
POSSIBLE SUNSHINE (PERCENT) MM  
AVERAGE SKY COVER 0.54  
NUMBER OF DAYS FAIR 0  
NUMBER OF DAYS PC 29  
NUMBER OF DAYS CLOUDY 2  
 
AVERAGE RH (PERCENT) 76  
 
WEATHER CONDITIONS. NUMBER OF DAYS WITH  
THUNDERSTORM 23 MIXED PRECIP 0  
HEAVY RAIN 8 RAIN 8  
LIGHT RAIN 22 FREEZING RAIN 0  
LT FREEZING RAIN 0 HAIL 0  
HEAVY SNOW 0 SNOW 0  
LIGHT SNOW 0 SLEET 0  
FOG 11 FOG W/VIS <= 1/4 MILE 0  
HAZE 1  
 
- INDICATES NEGATIVE NUMBERS.  
R INDICATES RECORD WAS SET OR TIED.  
MM INDICATES DATA IS MISSING.  
T INDICATES TRACE AMOUNT.  
 

 
 
CLICK HERE TO GO TO PREVIOUS BULLETINS.

The Nexlab FL Page Main Text Page