553  
CXUS52 KMFL 011428 CCA  
CLMFLL  
 
CLIMATE REPORT  
NATIONAL WEATHER SERVICE MIAMI, FL  
947 AM EDT SAT SEP 1 2018  
   
...............................
 
 
 
...THE FORT LAUDERDALE CLIMATE SUMMARY FOR THE MONTH OF AUGUST 2018...  
 
CLIMATE NORMAL PERIOD 1981 TO 2010  
CLIMATE RECORD PERIOD 1912 TO 2018  
 
WEATHER OBSERVED NORMAL DEPART LAST YEAR'S  
VALUE DATE(S) VALUE FROM VALUE  
NORMAL    
.........................................................
 
 
TEMPERATURE (F)  
RECORD  
HIGH 100 08/04/1944  
LOW 66 08/20/1981  
08/17/1974  
08/04/1937  
HIGHEST 92 08/10 92  
LOWEST 74 08/25 74  
08/13  
08/10  
AVG. MAXIMUM 89.4 90.4 -1.0 90.1  
AVG. MINIMUM 78.5 78.8 -0.3 78.6  
MEAN 84.0 84.6 -0.6 84.4  
DAYS MAX >= 90 14 25  
DAYS MAX <= 32 0 0  
DAYS MIN <= 32 0 0  
DAYS MIN <= 0 0 0  
 
PRECIPITATION (INCHES)  
RECORD  
MAXIMUM 15.48 1995  
MINIMUM 0.98 1987  
TOTALS 5.27 7.44 -2.17 14.54  
DAILY AVG. 0.17 0.24 -0.07 0.47  
DAYS >= .01 19 14  
DAYS >= .10 12 11  
DAYS >= .50 4 7  
DAYS >= 1.00 1 5  
GREATEST  
24 HR. TOTAL 1.14 08/25 TO 08/25 3.43  
 
DEGREE_DAYS  
HEATING TOTAL 0 0 0 0  
SINCE 7/1 0 0 0 0  
COOLING TOTAL 596 607 -11 611  
SINCE 1/1 3138 3166 -28 3327    
..........................................................
 
 
WIND (MPH)  
AVERAGE WIND SPEED 9.3  
HIGHEST WIND SPEED/DIRECTION 31/090 DATE 08/30  
HIGHEST GUST SPEED/DIRECTION 45/320 DATE 08/10  
 
SKY COVER  
POSSIBLE SUNSHINE (PERCENT) MM  
AVERAGE SKY COVER 0.50  
NUMBER OF DAYS FAIR 6  
NUMBER OF DAYS PC 24  
NUMBER OF DAYS CLOUDY 1  
 
AVERAGE RH (PERCENT) 81  
 
WEATHER CONDITIONS. NUMBER OF DAYS WITH  
THUNDERSTORM 22 MIXED PRECIP 0  
HEAVY RAIN 7 RAIN 7  
LIGHT RAIN 21 FREEZING RAIN 0  
LT FREEZING RAIN 0 HAIL 0  
HEAVY SNOW 0 SNOW 0  
LIGHT SNOW 0 SLEET 0  
FOG 13 FOG W/VIS <= 1/4 MILE 0  
HAZE 1  
 
- INDICATES NEGATIVE NUMBERS.  
R INDICATES RECORD WAS SET OR TIED.  
MM INDICATES DATA IS MISSING.  
T INDICATES TRACE AMOUNT.  
 

 
 
CLICK HERE TO GO TO PREVIOUS BULLETINS.

The Nexlab FL Page Main Text Page