486  
CXUS52 KTAE 011336  
CLMTLH  
 
CLIMATE REPORT  
NATIONAL WEATHER SERVICE TALLAHASSEE FL  
936 AM EDT SUN AUG 01 2021  
   
...............................
 
 
   
..THE TALLAHASSEE CLIMATE SUMMARY FOR THE MONTH OF JULY 2021
 
 
CLIMATE NORMAL PERIOD 1991 TO 2020  
CLIMATE RECORD PERIOD 1896 TO 2021  
 
WEATHER OBSERVED NORMAL DEPART LAST YEAR'S  
VALUE DATE(S) VALUE FROM VALUE DATE(S)  
NORMAL    
............................................................
 
 
TEMPERATURE (F)  
RECORD  
HIGH 104 07/15/1932  
07/03/1931  
LOW 57 07/16/1967  
07/07/1896  
HIGHEST 98 07/31 MM MM 98 07/20  
LOWEST 70 07/10 MM MM 71 07/12  
07/11  
AVG. MAXIMUM 91.1 92.1 -1.0 92.2  
AVG. MINIMUM 73.2 73.0 0.2 74.1  
MEAN 82.1 82.5 -0.4 83.2  
DAYS MAX >= 90 18 24.8 -6.8 24  
DAYS MAX <= 32 0 0.0 0.0 0  
DAYS MIN <= 32 0 0.0 0.0 0  
DAYS MIN <= 0 0 0.0 0.0 0  
 
PRECIPITATION (INCHES)  
RECORD  
MAXIMUM 20.12 1964  
MINIMUM 2.33 2014  
TOTALS 4.53 7.14 -2.61 7.00  
 
SNOWFALL (INCHES)  
RECORDS  
TOTAL MM MM  
TOTALS MM MM MM 0.0  
SINCE 7/1 MM MM MM MM  
 
DEGREE DAYS  
HEATING TOTAL 0 0 0 0  
SINCE 7/1 0 0 0 0  
COOLING TOTAL 537 544 -7 572  
SINCE 1/1 1516 1532 -16 1781    
............................................................
 
 
WIND (MPH)  
AVERAGE WIND SPEED 4.2  
RESULTANT WIND SPEED/DIRECTION 0/190  
HIGHEST WIND SPEED/DIRECTION 25/240 DATE 07/18  
HIGHEST GUST SPEED/DIRECTION 31/240 DATE 07/18  
 
SKY COVER  
POSSIBLE SUNSHINE (PERCENT) MM  
AVERAGE SKY COVER 0.50  
NUMBER OF DAYS FAIR 6  
NUMBER OF DAYS PC 20  
NUMBER OF DAYS CLOUDY 5  
 
AVERAGE RH (PERCENT) 76  
 
WEATHER CONDITIONS. NUMBER OF DAYS WITH  
THUNDERSTORM 22 MIXED PRECIP 0  
HEAVY RAIN 4 RAIN 9  
LIGHT RAIN 15 FREEZING RAIN 0  
LT FREEZING RAIN 0 HAIL 0  
HEAVY SNOW 0 SNOW 0  
LIGHT SNOW 0 SLEET 0  
FOG 19 FOG W/VIS <= 1/4 MILE 2  
HAZE 0  
 
- INDICATES NEGATIVE NUMBERS.  
R INDICATES RECORD WAS SET OR TIED.  
MM INDICATES DATA IS MISSING.  
T INDICATES TRACE AMOUNT.  
 

 
 
CLICK HERE TO GO TO PREVIOUS BULLETINS.

The Nexlab FL Page
The Nexlab GA Page
The Nexlab AL Page Main Text Page