265  
CXUS52 KTAE 011305 RRA  
CLMVLD  
 
CLIMATE REPORT  
NATIONAL WEATHER SERVICE TALLAHASSEE FL  
854 AM EDT WED JUL 1 2020  
   
...............................
 
 
   
..THE VALDOSTA CLIMATE SUMMARY FOR THE MONTH OF JUNE 2020
 
 
CLIMATE NORMAL PERIOD 1981 TO 2010  
CLIMATE RECORD PERIOD 1948 TO 2020  
 
WEATHER OBSERVED NORMAL DEPART LAST YEAR'S  
VALUE DATE(S) VALUE FROM VALUE DATE(S)  
NORMAL    
............................................................
 
 
TEMPERATURE (F)  
HIGHEST 97 06/30 90 7 102 06/04  
LOWEST 59 06/17 MM MM 63 06/14  
AVG. MAXIMUM 89.4 90.2 -0.8 92.1  
AVG. MINIMUM 69.1 68.6 0.5 70.3  
MEAN 79.3 -0.1 81.2  
DAYS MAX >= 90 18 16.2 1.8 21  
DAYS MAX <= 32 0 0.0 0.0 0  
DAYS MIN <= 32 0 0.0 0.0 0  
DAYS MIN <= 0 0 0.0 0.0 0  
 
PRECIPITATION (INCHES)  
TOTALS 9.28 6.17  
 
SNOWFALL (INCHES)  
TOTALS 0.0  
 
DEGREE_DAYS  
HEATING TOTAL 0 0 0 0  
SINCE 7/1 1155 1638 -483 1379  
COOLING TOTAL 437 432 5 494  
SINCE 1/1 1145 844 301 1100    
.............................................................
 
 
WIND (MPH)  
AVERAGE WIND SPEED 3.6  
HIGHEST WIND SPEED/DIRECTION 25/020 DATE 06/20  
HIGHEST GUST SPEED/DIRECTION 31/130 DATE 06/12  
 
SKY COVER  
POSSIBLE SUNSHINE (PERCENT) MM  
AVERAGE SKY COVER 0.30  
NUMBER OF DAYS FAIR 18  
NUMBER OF DAYS PC 10  
NUMBER OF DAYS CLOUDY 2  
 
AVERAGE RH (PERCENT) 72  
 
WEATHER CONDITIONS. NUMBER OF DAYS WITH  
0  
6  
0  
0  
0  
0  
2  
HAZE 6  
 
- INDICATES NEGATIVE NUMBERS.  
R INDICATES RECORD WAS SET OR TIED.  
MM INDICATES DATA IS MISSING.  
T INDICATES TRACE AMOUNT.  
 

 
 
CLICK HERE TO GO TO PREVIOUS BULLETINS.

The Nexlab FL Page
The Nexlab GA Page
The Nexlab AL Page Main Text Page