912  
CXUS52 KTBW 011400  
CLMSRQ  
 
CLIMATE REPORT  
NATIONAL WEATHER SERVICE TAMPA BAY FL  
1000 AM EDT SUN AUG 01 2021  
   
...............................
 
 
...THE SARASOTA BRADENTON CLIMATE SUMMARY FOR THE MONTH OF JULY 2021...  
 
CLIMATE NORMAL PERIOD: 1991 TO 2020  
CLIMATE RECORD PERIOD: 1911 TO 2021  
 
WEATHER OBSERVED NORMAL DEPART LAST YEAR'S  
VALUE DATE(S) VALUE FROM VALUE DATE(S)  
NORMAL    
............................................................
 
 
TEMPERATURE (F)  
ALL-TIME JULY RECORD  
HIGH 101 07/23/1971  
LOW 62 07/06/1947  
 
JULY 2021  
HIGHEST 97 07/05 MM MM 98 07/16  
LOWEST 73 07/03 MM MM 74 07/24  
07/06  
07/10  
AVG. MAXIMUM 89.8 91.1 -1.3 92.7  
AVG. MINIMUM 75.9 75.2 0.7 78.8  
MEAN 82.9 83.1 -0.2 85.8  
DAYS MAX >= 90 18 19.7 -1.7 31  
DAYS MAX <= 32 0 0.0 0.0 0  
DAYS MIN <= 32 0 0.0 0.0 0  
DAYS MIN <= 0 0 0.0 0.0 0  
 
PRECIPITATION (INCHES)  
ALL-TIME JULY RECORD  
MAXIMUM 20.60 1921  
MINIMUM 0.93 1970  
 
JULY 2021  
TOTALS 10.38 7.39 2.99 6.08  
DAILY AVG. 0.33 0.24 0.09 0.20  
DAYS >= .01 18 15.6 2.4 17  
DAYS >= .10 15 10.7 4.3 11  
DAYS >= .50 7 5.2 1.8 4  
DAYS >= 1.00 3 2.3 0.7 2  
GREATEST  
24 HR. TOTAL 2.84 07/26 TO 07/27  
 
DEGREE DAYS  
HEATING TOTAL 0 0 0 0  
SINCE 7/1 0 0 0 0  
COOLING TOTAL 561 563 -2 654  
SINCE 1/1 2098 1973 125 2444    
............................................................
 
 
WIND (MPH)  
AVERAGE WIND SPEED 7.3  
HIGHEST WIND SPEED/DIRECTION 37/120 DATE 07/06  
HIGHEST GUST SPEED/DIRECTION 54/120 DATE 07/06  
 
SKY COVER (DOES NOT INCLUDE ANY CLOUDS ABOVE 12000 FEET)  
POSSIBLE SUNSHINE (PERCENT) MM  
AVERAGE SKY COVER 0.22  
NUMBER OF DAYS FAIR 26  
NUMBER OF DAYS PC 5  
NUMBER OF DAYS CLOUDY 0  
 
AVERAGE RH (PERCENT) 78  
 
WEATHER CONDITIONS. NUMBER OF DAYS WITH  
THUNDERSTORM 19 MIXED PRECIP 0  
HEAVY RAIN 15 RAIN 15  
LIGHT RAIN 20 FREEZING RAIN 0  
LT FREEZING RAIN 0 HAIL 0  
HEAVY SNOW 0 SNOW 0  
LIGHT SNOW 0 SLEET 0  
FOG 15 FOG W/VIS <= 1/4 MILE 2  
HAZE 7    
.............................................................
 
 
REMARKS  
THE JULY 2021 MONTHLY AVERAGE TEMPERATURE OF 82.9 DEGREES TIES  
WITH 2017...2009 AND 2007 AS THE 14TH WARMEST JULY SINCE RECORDS  
BEGAN IN 1911. THE WARMEST JULY HAD AN AVERAGE TEMPERATURE OF  
85.8 DEGREES IN 2020 WHILE THE COOLEST JULY HAD AN AVERAGE  
TEMPERATURE OF 78.4 DEGREES IN 1947.  
 
THE JULY 2021 MONTHLY RAINFALL TOTAL OF 10.38 INCHES RANKS AS  
THE 26TH WETTEST JULY SINCE RECORDS BEGAN IN 1911.  
 
- INDICATES NEGATIVE NUMBERS.  
R INDICATES RECORD WAS SET OR TIED.  
MM INDICATES DATA IS MISSING.  
T INDICATES TRACE AMOUNT.  
 

 
 
CLICK HERE TO GO TO PREVIOUS BULLETINS.

The Nexlab FL Page Main Text Page