392  
CXUS52 KTBW 011335  
CLMTPA  
 
CLIMATE REPORT  
NATIONAL WEATHER SERVICE TAMPA BAY FL  
930 AM EDT WED JUL 1 2020  
   
...............................
 
 
   
..THE TAMPA CLIMATE SUMMARY FOR THE MONTH OF JUNE 2020
 
 
   
..3RD WARMEST JUNE SINCE RECORDS BEGAN IN 1890
 
 
CLIMATE NORMAL PERIOD 1981 TO 2010  
CLIMATE RECORD PERIOD 1890 TO 2020  
 
WEATHER OBSERVED NORMAL DEPART LAST YEAR'S  
VALUE DATE(S) VALUE FROM VALUE DATE(S)  
NORMAL    
............................................................
 
 
TEMPERATURE (F)  
ALL-TIME JUNE RECORD  
HIGH 99 06/26/2020  
06/05/1985  
LOW 53 06/01/1984  
 
JUNE 2020  
HIGHEST 99R 06/26 MM MM 98 06/25  
LOWEST 73 06/17 MM MM 71 06/10  
06/16  
06/14  
AVG. MAXIMUM 91.0 89.6 1.4 91.0  
AVG. MINIMUM 77.0 74.8 2.2 76.8  
MEAN 84.0 82.2 1.8 83.8  
DAYS MAX >= 90 22 14.4 7.6 23  
DAYS MAX <= 32 0 0.0 0.0 0  
DAYS MIN <= 32 0 0.0 0.0 0  
DAYS MIN <= 0 0 0.0 0.0 0  
 
PRECIPITATION (INCHES)  
ALL-TIME JUNE RECORD  
MAXIMUM 18.66 2012  
MINIMUM 1.26 1918  
 
JUNE 2020  
TOTALS 6.32 6.68 -0.36 9.43  
DAILY AVG. 0.21 0.22 -0.01 0.31  
DAYS >= .01 10 12.7 -2.7 17  
DAYS >= .10 8 9.2 -1.2 14  
DAYS >= .50 3 4.2 -1.2 7  
DAYS >= 1.00 2 2.2 -0.2 4  
GREATEST  
24 HR. TOTAL 2.66 06/06 TO 06/06  
 
DEGREE_DAYS  
HEATING TOTAL 0 0 0 0  
SINCE 7/1 253 538 -285 332  
COOLING TOTAL 575 516 59 533  
SINCE 1/1 1877 1393 484 1750    
.............................................................
 
 
WIND (MPH)  
AVERAGE WIND SPEED 5.8  
HIGHEST WIND SPEED/DIRECTION 22/170 DATE 06/14  
HIGHEST GUST SPEED/DIRECTION 34/270 DATE 06/29  
 
SKY COVER  
POSSIBLE SUNSHINE (PERCENT) MM  
AVERAGE SKY COVER 0.60  
NUMBER OF DAYS FAIR 5  
NUMBER OF DAYS PC 20  
NUMBER OF DAYS CLOUDY 5  
 
AVERAGE RH (PERCENT) 64  
 
WEATHER CONDITIONS. NUMBER OF DAYS WITH  
THUNDERSTORM 14 MIXED PRECIP 0  
HEAVY RAIN 3 RAIN 6  
LIGHT RAIN 14 FREEZING RAIN 0  
LT FREEZING RAIN 0 HAIL 0  
HEAVY SNOW 0 SNOW 0  
LIGHT SNOW 0 SLEET 0  
FOG 7 FOG W/VIS <= 1/4 MILE 0  
HAZE 5   
.............................................................
 
 
 
REMARKS  
THE JUNE 2020 MONTHLY AVERAGE TEMPERATURE OF 84.0 DEGREES RANKS  
AS THE 3RD WARMEST JUNE SINCE RECORDS BEGAN IN 1890. THE WARMEST  
JUNE HAD AN AVERAGE TEMPERATURE OF 85.6 DEGREES WHICH OCCURRED  
IN 1998 AND THE COOLEST JUNE HAD AN AVERAGE TEMPERATURE OF 78.5  
DEGREES IN 1930.  
 
THE JUNE 2020 MONTHLY RAINFALL TOTAL OF 6.32 INCHES RANKS AS THE  
75TH WETTEST/57TH DRIEST JUNE SINCE RECORDS BEGAN IN 1890.  
 
 
- INDICATES NEGATIVE NUMBERS.  
R INDICATES RECORD WAS SET OR TIED.  
MM INDICATES DATA IS MISSING.  
T INDICATES TRACE AMOUNT.  
 

 
 
CLICK HERE TO GO TO PREVIOUS BULLETINS.

The Nexlab FL Page Main Text Page