950  
CXUS53 KJAX 030138  
CLSCRG  
 
CLIMATE REPORT  
NATIONAL WEATHER SERVICE JACKSONVILLE FL  
938 PM EDT TUE JUN 02 2020  
   
...............................
 
 
...THE CRAIG EXEC ARPT CLIMATE SUMMARY FOR THE SEASON, FROM  
3/1/2020 TO 5/31/2020...  
 
CLIMATE NORMAL PERIOD: 1981 TO 2010  
CLIMATE RECORD PERIOD: 1974 TO 2020  
 
WEATHER OBSERVED NORMAL DEPART LAST YEAR'S  
VALUE DATE(S) VALUE FROM VALUE DATE(S)  
NORMAL    
............................................................
 
 
TEMPERATURE (F)  
RECORD  
HIGH 99 05/27/2019  
LOW 24 03/04/1980  
HIGHEST 92 05/22 94 -2 MM  
LOWEST 36 03/01 36 0 MM  
AVG. MAXIMUM 81.6 78.0 3.6 MM  
AVG. MINIMUM 61.7 57.3 4.4 MM  
MEAN 71.6 67.7 3.9 MM  
DAYS MAX >= 90 5 8.0 -3.0 MM  
DAYS MIN <= 32 0 0.0 0.0 MM  
 
PRECIPITATION (INCHES)  
RECORD  
MAXIMUM 19.28 2009  
MINIMUM 2.67 2006  
TOTALS 11.45 9.28 2.17 MM  
DAILY AVG. 0.12 0.10 0.02 MM  
DAYS >= .01 23 23.0 0.0 MM  
DAYS >= .10 18 14.0 4.0 MM  
DAYS >= .50 9 5.0 4.0 MM  
DAYS >= 1.00 4 2.0 2.0 MM  
GREATEST  
24 HR. TOTAL 2.33 05/26 TO 05/27  
 
SNOWFALL (INCHES)  
RECORDS  
TOTAL MM MM  
TOTALS 0.0 0.0 0.0 MM  
 
DEGREE DAYS  
HEATING TOTAL 64 191 -127 MM  
SINCE 7/1 729 1210 -481 MM  
COOLING TOTAL 699 437 262 MM  
SINCE 1/1 819 462 357 MM    
............................................................
 
 
WIND (MPH)  
AVERAGE WIND SPEED 7.5  
HIGHEST WIND SPEED/DIRECTION 30/160 DATE 04/12  
HIGHEST GUST SPEED/DIRECTION 41/320 DATE 04/23  
 
SKY COVER  
AVERAGE SKY COVER 0.27  
 
AVERAGE RH (PERCENT) 71  
 
WEATHER CONDITIONS. NUMBER OF DAYS WITH  
THUNDERSTORM 17 MIXED PRECIP 0  
HEAVY RAIN 19 RAIN 21  
LIGHT RAIN 29 FREEZING RAIN 0  
LT FREEZING RAIN 0 HAIL 0  
HEAVY SNOW 0 SNOW 0  
LIGHT SNOW 0 SLEET 0  
FOG 39 FOG W/VIS <= 1/4 MILE 2  
HAZE 2  
 
- INDICATES NEGATIVE NUMBERS.  
R INDICATES RECORD WAS SET OR TIED.  
MM INDICATES DATA IS MISSING.  
T INDICATES TRACE AMOUNT.  
 

 
 
CLICK HERE TO GO TO PREVIOUS BULLETINS.

The Nexlab FL Page
The Nexlab GA Page Main Text Page