049  
CXUS54 KMOB 011742 CCA  
CLMPNS  
 
CLIMATE REPORT  
NATIONAL WEATHER SERVICE MOBILE AL  
1216 PM CDT WED JUL 1 2020  
   
...............................
 
 
   
..THE PENSACOLA CLIMATE SUMMARY FOR THE MONTH OF JUNE 2020
 
 
CLIMATE NORMAL PERIOD 1981 TO 2010  
CLIMATE RECORD PERIOD 1879 TO 2020  
 
WEATHER OBSERVED NORMAL DEPART LAST YEAR'S  
VALUE DATE(S) VALUE FROM VALUE DATE(S)  
NORMAL    
............................................................
 
 
TEMPERATURE (F)  
RECORD  
HIGH 102 06/04/2011  
06/23/2009  
 
LOW 55 06/11/1913  
06/01/1889  
HIGHEST 95 06/15 98 06/03  
LOWEST 69 06/15 69 06/13  
AVG. MAXIMUM 88.6 88.5 0.1 91.1  
AVG. MINIMUM 74.4 72.5 1.9 75.4  
MEAN 81.5 80.5 1.0 83.3  
DAYS MAX >= 90 11 10.3 0.7 21  
DAYS MAX <= 32 0 0.0 0.0 0  
DAYS MIN <= 32 0 0.0 0.0 0  
DAYS MIN <= 0 0 0.0 0.0 0  
 
PRECIPITATION (INCHES)  
RECORD  
MAXIMUM 21.14 1994  
MINIMUM 0.26 1954  
TOTALS 7.46 6.60 0.86 7.64  
DAILY AVG. 0.25 0.22 0.03 0.25  
DAYS >= .01 11 11.1 -0.1 9  
DAYS >= .10 8 8.1 -0.1 7  
DAYS >= .50 3 3.8 -0.8 5  
DAYS >= 1.00 3 1.9 1.1 2  
GREATEST  
24 HR. TOTAL 2.78 06/07 TO 06/07  
 
DEGREE_DAYS  
COOLING TOTAL 503 465 38 557  
SINCE 1/1 1264 913 351 1181    
.............................................................
 
 
WIND (MPH)  
AVERAGE WIND SPEED 8.5  
HIGHEST WIND SPEED/DIRECTION 36/130 DATE 06/07  
HIGHEST GUST SPEED/DIRECTION 45/160 DATE 06/08  
 
SKY COVER  
POSSIBLE SUNSHINE (PERCENT) MM  
AVERAGE SKY COVER 0.30  
NUMBER OF DAYS FAIR 24  
NUMBER OF DAYS PC 3  
NUMBER OF DAYS CLOUDY 3  
 
AVERAGE RH (PERCENT) 74  
 
WEATHER CONDITIONS. NUMBER OF DAYS WITH  
THUNDERSTORM 8 MIXED PRECIP 0  
HEAVY RAIN 7 RAIN 5  
LIGHT RAIN 15 FREEZING RAIN 0  
LT FREEZING RAIN 0 HAIL 0  
HEAVY SNOW 0 SNOW 0  
LIGHT SNOW 0 SLEET 0  
FOG 10 FOG W/VIS <= 1/4 MILE 0  
HAZE 1  
 
 
- INDICATES NEGATIVE NUMBERS.  
R INDICATES RECORD WAS SET OR TIED.  
MM INDICATES DATA IS MISSING.  
T INDICATES TRACE AMOUNT.  
 

 
 
CLICK HERE TO GO TO PREVIOUS BULLETINS.

The Nexlab AL Page
The Nexlab FL Page
The Nexlab MS Page Main Text Page