908  
CXUS52 KJAX 040002  
CLMCRG  
 
CLIMATE REPORT  
NATIONAL WEATHER SERVICE JACKSONVILLE FL  
802 PM EDT MON AUG 03 2020  
   
...............................
 
 
   
..THE CRAIG EXEC ARPT CLIMATE SUMMARY FOR THE MONTH OF JULY 2020
 
 
CLIMATE NORMAL PERIOD: 1981 TO 2010  
CLIMATE RECORD PERIOD: 1974 TO 2020  
 
WEATHER OBSERVED NORMAL DEPART LAST YEAR'S  
VALUE DATE(S) VALUE FROM VALUE DATE(S)  
NORMAL    
............................................................
 
 
TEMPERATURE (F)  
RECORD  
HIGH 102 07/01/1998  
LOW 63 07/17/1980  
HIGHEST 96 07/11 97 -1 98 07/16  
07/12  
07/13  
07/15  
LOWEST 72 07/06 69 3 70 07/22  
07/20  
07/06  
AVG. MAXIMUM 91.6 90.3 1.3 91.1  
AVG. MINIMUM 74.8 72.8 2.0 73.1  
MEAN 83.2 81.6 1.6 82.1  
DAYS MAX >= 90 27 21.0 6.0 21  
DAYS MIN <= 32 0 0.0 0.0 0  
 
PRECIPITATION (INCHES)  
RECORD  
MAXIMUM 12.54 1998  
MINIMUM 1.45 2016  
TOTALS 6.41 6.23 0.18 4.88  
DAILY AVG. 0.21 0.20 0.01 0.16  
DAYS >= .01 18 14.0 4.0 13  
DAYS >= .10 11 8.0 3.0 10  
DAYS >= .50 4 4.0 0.0 3  
DAYS >= 1.00 1 1.0 0.0 2  
GREATEST  
24 HR. TOTAL 1.71 07/27 TO 07/27  
 
SNOWFALL (INCHES)  
RECORDS  
TOTAL MM MM  
TOTALS 0.0 MM MM 0.0  
 
DEGREE DAYS  
HEATING TOTAL 0 0 0 0  
SINCE 7/1 0 0 0 0  
COOLING TOTAL 571 513 58 537  
SINCE 1/1 1804 1411 393 1769    
............................................................
 
 
WIND (MPH)  
AVERAGE WIND SPEED 6.0  
HIGHEST WIND SPEED/DIRECTION 31/240 DATE 07/06  
HIGHEST GUST SPEED/DIRECTION 44/220 DATE 07/06  
 
SKY COVER  
AVERAGE SKY COVER 0.21  
 
AVERAGE RH (PERCENT) 74  
 
WEATHER CONDITIONS. NUMBER OF DAYS WITH  
THUNDERSTORM 17 MIXED PRECIP 0  
HEAVY RAIN 12 RAIN 16  
LIGHT RAIN 20 FREEZING RAIN 0  
LT FREEZING RAIN 0 HAIL 0  
HEAVY SNOW 0 SNOW 0  
LIGHT SNOW 0 SLEET 0  
FOG 14 FOG W/VIS <= 1/4 MILE 0  
HAZE 1  
 
- INDICATES NEGATIVE NUMBERS.  
R INDICATES RECORD WAS SET OR TIED.  
MM INDICATES DATA IS MISSING.  
T INDICATES TRACE AMOUNT.  
 

 
 
CLICK HERE TO GO TO PREVIOUS BULLETINS.

The Nexlab FL Page
The Nexlab GA Page Main Text Page