601  
CXUS53 KDVN 011608  
CLMBRL  
 
CLIMATE REPORT  
NATIONAL WEATHER SERVICE QUAD CITIES IA IL  
1008 AM CST WED FEB 01 2023  
   
...............................
 
 
   
..THE BURLINGTON IA CLIMATE SUMMARY FOR THE MONTH OF JANUARY 2023
 
 
CLIMATE NORMAL PERIOD 1991 TO 2020  
CLIMATE RECORD PERIOD 1897 TO 2023  
 
WEATHER OBSERVED NORMAL DEPART LAST YEAR'S  
VALUE DATE(S) VALUE FROM VALUE  
NORMAL    
..........................................................
 
 
TEMPERATURE (F)  
RECORD  
HIGH 70 01/31/1989  
LOW -24 01/14/1957  
HIGHEST 62 01/03 36 26  
LOWEST 0 01/31 17 -17  
AVG. MAXIMUM 36.8 32.3 4.5  
AVG. MINIMUM 24.2 16.4 7.8  
MEAN 30.5 24.3 6.2  
DAYS MAX >= 90 0  
DAYS MAX <= 32 11  
DAYS MIN <= 32 27  
DAYS MIN <= 0 1  
 
PRECIPITATION (INCHES)  
TOTALS 1.77 1.45 0.32  
DAILY AVG. 0.06 0.05 0.01  
DAYS >= .01 9  
DAYS >= .10 4  
DAYS >= .50 1  
DAYS >= 1.00 0  
GREATEST  
24 HR. TOTAL 0.83 01/02 TO 01/03  
 
DEGREE DAYS  
HEATING TOTAL 1061 1260 -199  
SINCE 7/1 3397 3503 -106  
COOLING TOTAL 0 0 0  
SINCE 1/1 0 0 0    
..........................................................
 
 
WIND (MPH)  
AVERAGE WIND SPEED 8.8  
HIGHEST WIND SPEED/DIRECTION 30/220 DATE 01/16  
HIGHEST GUST SPEED/DIRECTION 41/220 DATE 01/16  
 
SKY COVER  
POSSIBLE SUNSHINE (PERCENT) MM  
AVERAGE SKY COVER 0.65  
NUMBER OF DAYS FAIR 8  
NUMBER OF DAYS PC 7  
NUMBER OF DAYS CLOUDY 16  
 
AVERAGE RH (PERCENT) 79  
 
WEATHER CONDITIONS. NUMBER OF DAYS WITH  
THUNDERSTORM 0 HAIL 0  
SLEET 0 FOG 20  
FOG W/VIS <= 1/4 MILE 5 HAZE 8  
 
- INDICATES NEGATIVE NUMBERS.  
R INDICATES RECORD WAS SET OR TIED.  
MM INDICATES DATA IS MISSING.  
T INDICATES TRACE AMOUNT.  
 

 
NOTE: SUPPLEMENTAL CLIMATE DATA WAS USED FROM A NEARBY  
CLIMATOLOGICALLY REPRESENTATIVE STATION.  
 
CLICK HERE TO GO TO PREVIOUS BULLETINS.

The Nexlab IL Page
The Nexlab IA Page
The Nexlab MO Page Main Text Page