604  
CXUS53 KOAX 121459  
CLMOFK  
 
CLIMATE REPORT  
NATIONAL WEATHER SERVICE OMAHA NEBRASKA  
1059 AM CDT MON AUG 12 2019  
   
...............................
 
 
   
..THE NORFOLK CLIMATE SUMMARY FOR THE MONTH OF JULY 2019
 
 
CLIMATE NORMAL PERIOD 1981 TO 2010  
CLIMATE RECORD PERIOD 1888 TO 2019  
 
WEATHER OBSERVED NORMAL DEPART  
VALUE DATE(S) VALUE FROM  
NORMAL    
............................................
 
 
TEMPERATURE (F)  
HIGHEST 94 07/19  
LOWEST 51 07/23  
AVG. MAXIMUM 85.1 86.4 -1.3  
AVG. MINIMUM 64.7 63.6 1.1  
MEAN 74.9 75.0 -0.1  
DAYS MAX >= 90 3  
DAYS MAX <= 32 0  
DAYS MIN <= 32 0  
DAYS MIN <= 0 0  
 
PRECIPITATION (INCHES)  
RECORD  
MAXIMUM 9.11 1950  
MINIMUM T 2012  
TOTALS 2.82 3.32 -0.50  
DAILY AVG. 0.09  
DAYS >= .01 11  
DAYS >= .10 7  
DAYS >= .50 2  
DAYS >= 1.00 0  
GREATEST  
24 HR. TOTAL 0.82 07/13  
 
SNOWFALL (INCHES)  
RECORDS  
TOTAL 0.0 2002  
2001  
1996  
TOTALS 0.0 0.0  
SINCE 7/1 0.0  
SNOWDEPTH AVG. 0 MM MM  
DAYS >= 1.0 0  
GREATEST  
SNOW DEPTH 0 MM  
24 HR TOTAL 0.0 07/31 TO 07/31  
 
DEGREE_DAYS  
HEATING TOTAL 0 4 -4  
SINCE 7/1 0 4 -4  
COOLING TOTAL 316 314 2  
SINCE 1/1 538 561 -23    
.............................................
 
 
WIND (MPH)  
AVERAGE WIND SPEED 8.7  
HIGHEST WIND SPEED/DIRECTION 37/340 DATE 07/17  
HIGHEST GUST SPEED/DIRECTION 47/340 DATE 07/17  
 
SKY COVER  
AVERAGE SKY COVER 0.20  
 
WEATHER CONDITIONS. NUMBER OF DAYS WITH  
THUNDERSTORM 7  
MIXED PRECIP 0  
HEAVY RAIN 4  
RAIN 6  
LIGHT RAIN 12  
FREEZING RAIN 0  
LT FREEZING RAIN 0  
HAIL 0  
HEAVY SNOW 0  
SNOW 0  
LIGHT SNOW 0  
SLEET 0  
FOG 15  
FOG W/VIS <= 1/4 MILE 1  
HAZE 0  
 
- INDICATES NEGATIVE NUMBERS.  
R INDICATES RECORD WAS SET OR TIED.  
MM INDICATES DATA IS MISSING.  
T INDICATES TRACE AMOUNT.  
>= INDICATES GREATER THAN OR EQUAL TO.  
<= INDICATES LESS THAN OR EQUAL TO.  
 
 
FOR MORE INFORMATION VISIT WWW.WEATHER.GOV/OAX/CLIMATESUMMARY  
 

 
 
CLICK HERE TO GO TO PREVIOUS BULLETINS.

The Nexlab NE Page
The Nexlab IA Page Main Text Page