778  
CXUS53 KOAX 012130 CCA  
CLMOMA  
 
CLIMATE REPORT  
NATIONAL WEATHER SERVICE OMAHA/VALLEY NE  
908 AM CST WED FEB 01 2023  
   
...............................
 
 
   
..THE OMAHA NE CLIMATE SUMMARY FOR THE MONTH OF JANUARY 2023
 
 
CLIMATE NORMAL PERIOD 1991 TO 2020  
CLIMATE RECORD PERIOD 1871 TO 2023  
 
WEATHER OBSERVED NORMAL DEPART  
VALUE DATE(S) VALUE FROM  
NORMAL    
............................................
 
 
TEMPERATURE (F)  
HIGHEST 50 01/09  
LOWEST 0 01/29  
01/30  
AVG. MAXIMUM 34.1 33.6 0.5  
AVG. MINIMUM 19.5 15.2 4.3  
MEAN 26.8 24.4 2.4  
DAYS MAX >= 90 0  
DAYS MAX <= 32 13  
DAYS MIN <= 32 30  
DAYS MIN <= 0 2  
 
PRECIPITATION (INCHES)  
RECORD  
MAXIMUM 3.70 1949  
MINIMUM T 1986  
TOTALS 1.22 0.75 0.47  
DAYS >= .01 7  
DAYS >= .10 3  
DAYS >= .50 1  
DAYS >= 1.00 0  
GREATEST  
24 HR. TOTAL 0.62 01/18 TO 01/19  
 
SNOWFALL (INCHES)  
RECORDS  
TOTAL 25.7 1936  
TOTALS 2.8 7.2 -4.4  
SINCE 7/1 7.6  
DAYS >= 1.0 0  
GREATEST  
SNOW DEPTH 2 01/29  
24 HR TOTAL 1.6 01/18 TO 01/19  
 
DEGREE DAYS  
HEATING TOTAL 1177 1258 -81  
SINCE 7/1 3653 3550 103  
COOLING TOTAL 0 0 0  
SINCE 1/1 0 0 0    
............................................
 
 
WIND (MPH)  
AVERAGE WIND SPEED 9.8  
HIGHEST WIND SPEED/DIRECTION 39/320 DATE 01/27  
HIGHEST GUST SPEED/DIRECTION 52/310 DATE 01/27  
 
SKY COVER  
AVERAGE SKY COVER 0.76  
 
WEATHER CONDITIONS. NUMBER OF DAYS WITH  
THUNDERSTORM 1 MIXED PRECIP 0  
HEAVY RAIN 0 RAIN 1  
LIGHT RAIN 4 FREEZING RAIN 0  
LT FREEZING RAIN 2 HAIL 1  
HEAVY SNOW 0 SNOW 1  
LIGHT SNOW 11 SLEET 2  
FOG 16 FOG W/VIS <= 1/4 MILE 1  
HAZE 3  
 
- INDICATES NEGATIVE NUMBERS.  
R INDICATES RECORD WAS SET OR TIED.  
MM INDICATES DATA IS MISSING.  
T INDICATES TRACE AMOUNT.  
 

 
 
JANUARY IN OMAHA WAS WARMER AND WETTER THAN NORMAL. THE MONTH ENDED  
UP 2.4 DEGREES ABOVE NORMAL FOR AVERAGE TEMPERATURE AND 0.47 INCHES  
ABOVE NORMAL FOR PRECIPITATION. SNOWFALL ONLY MEASURED 2.8 INCHES,  
WHICH WAS 4.4 INCHES BELOW NORMAL. IT WAS THE FIRST MONTH IN THE  
LAST 7 WITH ABOVE NORMAL PRECIPITATION. IT WAS ALSO THE 20TH WETTEST  
JANUARY ON RECORD. A NEW DAILY PRECIPITATION RECORD WAS SET ON  
JANUARY 18TH.  
 
NEW DAILY RECORDS FOR JANUARY 2023  
 
DATE RECORD VALUE PREVIOUS RECORD  
 
JAN 18 PRECIPITATION 0.52 0.40 IN 1979  
 

 
 
DEWALD  
 
CLICK HERE TO GO TO PREVIOUS BULLETINS.

The Nexlab NE Page
The Nexlab IA Page Main Text Page