109  
CXUS53 KOAX 052016  
CLAOMA  
 
CLIMATE REPORT  
NATIONAL WEATHER SERVICE OMAHA NEBRASKA  
500 PM CST SAT JAN 4 2020  
   
...............................
 
 
   
..THE OMAHA EPPLEY, NEBRASKA CLIMATE SUMMARY FOR THE YEAR OF 2019
 
 
CLIMATE NORMAL PERIOD 1981 TO 2010  
CLIMATE RECORD PERIOD 1871 TO 2020  
 
WEATHER OBSERVED DEPART  
VALUE DATE(S) FROM  
NORMAL    
....................................
 
 
TEMPERATURE (F)  
HIGHEST 98 06/29  
LOWEST -14 01/30  
AVG. MAXIMUM 60.5  
AVG. MINIMUM 42.0  
MEAN 51.2 0.1  
DAYS MAX >= 90 26  
DAYS MAX <= 32 52  
DAYS MIN <= 32 136  
DAYS MIN <= 0 11  
 
PRECIPITATION (INCHES)  
TOTALS 39.91  
DAYS >= .01 128  
DAYS >= .10 65  
DAYS >= .50 24  
DAYS >= 1.00 9  
GREATEST  
24 HR. TOTAL 3.49 08/11 TO 08/12  
 
SNOWFALL (INCHES)  
TOTALS 47.2  
DAYS >= TRACE 59  
DAYS >= 1.0 13  
GREATEST  
SNOW DEPTH 13 02/24  
24 HR TOTAL 7.5 02/23  
 
DEGREE DAYS  
HEATING TOTAL 6273  
COOLING TOTAL 1406    
.....................................
 
 
WIND (MPH)  
HIGHEST WIND SPEED/DIRECTION 41/160 DATE 10/18  
HIGHEST GUST SPEED/DIRECTION 56/160 DATE 10/18  
 
 
- INDICATES NEGATIVE NUMBERS.  
R INDICATES RECORD WAS SET OR TIED.  
MM INDICATES DATA IS MISSING.  
T INDICATES TRACE AMOUNT.  
>= INDICATES GREATER THAN OR EQUAL TO.  
<= INDICATES LESS THAN OR EQUAL TO.  
 
   
.......................................2019......................
 
............  
PERIOD OF RECORD 1871 TO 2019 (149 YEARS)  
RECORDS FALLING WITHIN THE TOP 20 ARE LISTED   
.................................................................
 
.............  
 
   
...........................2019 ANNUAL STATISTICS................
 
.............  
 
16TH WETTEST YEAR ON RECORD: 36.11 INCHES  
7TH SNOWIEST YEAR ON RECORD: 43.4 INCHES  
 
   
.............................2019 SEASONAL RECORDS...............
 
.............  
 
MARCH 7TH: SNOWFALL OF 4.0 INCHES - 13TH EARLIEST LAST SNOWFALL OF THE SEASON  
OCTOBER 28TH: SNOWFALL OF 0.5 INCHES - 11TH EARLIEST FIRST SNOWFALL OF THE SEASON  
2ND WETTEST WINTER ON RECORD: 5.66 INCHES (DECEMBER 2018 - FEBRUARY 2019)  
2ND SNOWIEST WINTER ON RECORD: 38.5 INCHES (DECEMBER 2018 - FEBRUARY 2019)  
 
   
.................................MONTHLY RECORDS.................
 
.............  
 
FEBRUARY: 7TH COLDEST AND 2ND SNOWIEST  
MAY: 11TH WETTEST  
SEPTEMBER: 3RD WARMEST  
OCTOBER: 7TH COLDEST AND 9TH WETTEST AND 9TH SNOWIEST  
DECEMBER:7TH WETTEST AND 16TH LEAST SNOWY  
 
   
............................2019 MONTHLY STATISTICS..............
 
.............  
 
TEMPERATURE PRECIPITATION  
MONTH AVG. DEPART. MAX MIN TOTAL DEPART. SNOW/SLEET DEPART. TSTORM DAYS  
JAN 24.5 1.0 56 -14 0.86 0.14 12.9 6.8 0  
FEB 17.6 -10.5 53 -7 2.01 0.16 27.0 20.9 1  
MAR 35.6 -3.9 76 -5 2.68 0.69 2.9 -1.3 1  
APR 54.9 3.2 88 30 1.35 -1.61 T -1.0 3  
MAY 62.0 -0.3 95 40 7.65 2.89 0 0 13  
JUN 74.2 2.1 98 53 2.80 -1.38 0 0 12  
JUL 78.6 1.9 97 59 2.64 -1.19 0 0 10  
AUG 75.4 0.8 97 56 5.31 1.49 0 0 9  
SEP 73.6 7.9 92 50 5.95 3.27 0 0 12  
OCT 49.0 -4.2 74 20 5.63 3.48 0.7 0.4 5  
NOV 37.4 -1.5 65 6 0.93 -0.71 1.5 -1.0 1  
DEC 32.3 6.3 56 13 2.10 1.06 2.2 -4.0 0  
 
YEAR 51.3 0.2 98 -14 39.91 9.29 47.2 20.8 67  
 
   
.................................2019 DEGREE DAYS................
 
.............  
 
MONTH HEATING DEPART. COOLING DEPART.  
JAN 1246 -40 0 0  
FEB 1321 288 0 0  
MAR 905 114 0 -1  
APR 308 -105 9 -6  
MAY 173 25 87 21  
JUN 0 -17 281 51  
JUL 0 -1 427 62  
AUG 0 -7 332 29  
SEP 4 -91 270 153  
OCT 491 109 0 -15  
NOV 821 36 0 -1  
DEC 1004 -205 0 0  
 
YEAR 6273 106 1406 293  
 
   
.................................2019 WIND / SLP.................
 
.............  
 
WIND GUST SEA LEVEL PRESSURE  
MONTH MAX MAX MIN  
JAN 54 30.60 29.53  
FEB 48 30.83 29.47  
MAR 55 30.64 28.99  
APR 48 30.21 29.18  
MAY 50 30.25 29.33  
JUN 42 30.35 29.49  
JUL 49 30.29 29.60  
AUG 51 30.22 29.59  
SEP 44 30.21 29.55  
OCT 56 30.47 29.36  
NOV 49 30.76 29.22  
DEC 52 30.49 29.35  
 
YEAR 56 30.83 28.99  
 
YEAR  
AVE. 50 30.44 29.39  
 
   
................................2019 DAILY RECORDS...............
 
............  
 
DATE RECORD READING PREVIOUS RECORD  
 
JANUARY 12 RECORD SNOWFALL 5.3 4.0 IN 1888  
FEBRUARY 19 RECORD SNOWFALL 4.6 1.8 IN 1890  
FEBRUARY 25 RECORD LOW -7 -2 IN 1965  
MARCH 09 RECORD RAINFALL 0.54 0.54 IN 2013  
MAY 16 RECORD HIGH 95 93 IN 1944  
AUGUST 11 RECORD RAINFALL 3.19 1.44 IN 1940  
SEPTEMBER 19 RECORD RAINFALL 2.79 2.76 IN 1921  
OCTOBER 01 RECORD RAINFALL 2.12 1.86 IN 1950  
OCTOBER 28 RECORD SNOWFALL 0.6 0.3 IN 1913  
DECEMBER 28 RECORD RAINFALL 1.76 0.60 IN 1972  
 
   
.................................................................
 
.............  
 
GRAPHICAL CLIMATE SUMMARIES WILL BE AVAILABLE BY FEB. 1ST AT:  
 
WWW.WEATHER.GOV/OAX/CLIMATESUMMARY   
.................................................................
 
.............  
 

 
 
HB  
 
CLICK HERE TO GO TO PREVIOUS BULLETINS.

The Nexlab NE Page
The Nexlab IA Page Main Text Page