329  
CXUS53 KDDC 011623 CCA  
CLMDGC  
 
CLIMATE REPORT  
NATIONAL WEATHER SERVICE DODGE CITY, KANSAS  
1007 AM CST WED FEB 01 2023  
   
...............................
 
 
   
..THE DODGE CITY KS CLIMATE SUMMARY FOR THE MONTH OF JANUARY 2023
 
 
CLIMATE NORMAL PERIOD 1991 TO 2020  
CLIMATE RECORD PERIOD 1875 TO 2023  
 
WEATHER OBSERVED NORMAL DEPART LAST YEAR'S  
VALUE DATE(S) VALUE FROM VALUE DATE(S)  
NORMAL    
............................................................
 
 
TEMPERATURE (F)  
RECORD  
HIGH 80 01/27/2015  
01/31/1989  
LOW -20 01/19/1883  
HIGHEST 70 01/15 MM MM 67 01/18  
LOWEST 4 01/30 MM MM -6 01/02  
01/31  
AVG. MAXIMUM 45.5 45.6 -0.1 45.8  
AVG. MINIMUM 20.9 20.3 0.6 16.5  
MEAN 33.2 33.0 0.2 31.2  
DAYS MAX >= 90 0 0.0 0.0 0  
DAYS MAX <= 32 4 6.6 -2.6 7  
DAYS MIN <= 32 30 29.4 0.6 30  
DAYS MIN <= 0 0 0.5 -0.5 1  
 
PRECIPITATION (INCHES)  
RECORD  
MAXIMUM 2.56 2017  
MINIMUM 0.00  
TOTALS 0.57 0.60 -0.03 0.52  
DAYS >= .01 4 3.6 0.4 6  
DAYS >= .10 1 1.5 -0.5 2  
DAYS >= .50 0 0.4 -0.4 0  
DAYS >= 1.00 0 0.0 0.0 0  
GREATEST  
24 HR. TOTAL 0.43 01/21 TO 01/21 0.33 01/25 TO 01/26  
 
SNOWFALL (INCHES)  
RECORDS  
TOTAL 19.7 1898  
24 HR TOTAL 8.3 01/25/2022 TO 01/25/2022  
SNOW DEPTH 8 01/26/2022  
TOTALS 7.9 3.9 4.0 11.7  
SINCE 7/1 10.5 9.9 0.6 11.7  
SNOWDEPTH AVG. 1 1  
DAYS >= 1.0 1 1.1 -0.1 3  
GREATEST  
SNOW DEPTH 5 01/22 8  
24 HR TOTAL 7.4 01/21 TO 01/21 8.3  
 
DEGREE DAYS  
HEATING TOTAL 980 994 -14 1041  
SINCE 7/1 2920 2937 -17 2517  
COOLING TOTAL 0 0 0 0  
SINCE 1/1 0 0 0 0    
............................................................
 
 
WIND (MPH)  
AVERAGE WIND SPEED 12.1  
RESULTANT WIND SPEED/DIRECTION 4/320  
HIGHEST WIND SPEED/DIRECTION 37/360 DATE 01/11  
HIGHEST GUST SPEED/DIRECTION 48/210 DATE 01/15  
 
SKY COVER  
POSSIBLE SUNSHINE (PERCENT) MM  
AVERAGE SKY COVER 0.27  
NUMBER OF DAYS FAIR 22  
NUMBER OF DAYS PC 5  
NUMBER OF DAYS CLOUDY 4  
 
AVERAGE RH (PERCENT) 67  
 
WEATHER CONDITIONS. NUMBER OF DAYS WITH  
THUNDERSTORM 0 MIXED PRECIP 0  
HEAVY RAIN 0 RAIN 1  
LIGHT RAIN 3 FREEZING RAIN 0  
LT FREEZING RAIN 0 HAIL 0  
HEAVY SNOW 0 SNOW 1  
LIGHT SNOW 9 SLEET 0  
FOG 15 FOG W/VIS <= 1/4 MILE 4  
HAZE 11  
 
- INDICATES NEGATIVE NUMBERS.  
R INDICATES RECORD WAS SET OR TIED.  
MM INDICATES DATA IS MISSING.  
T INDICATES TRACE AMOUNT.  
 

 
 
CLICK HERE TO GO TO PREVIOUS BULLETINS.

The Nexlab KS Page Main Text Page