037  
CXUS53 KEAX 010718  
CLMIRK  
 
CLIMATE REPORT  
NATIONAL WEATHER SERVICE  
206 AM CDT THU APR 01 2021  
   
...............................
 
 
   
..THE KIRKSVILLE MO CLIMATE SUMMARY FOR THE MONTH OF MARCH 2021
 
 
CLIMATE NORMAL PERIOD: 1981 TO 2010  
CLIMATE RECORD PERIOD: 9999 TO 9999  
 
WEATHER OBSERVED NORMAL DEPART LAST YEAR'S  
VALUE DATE(S) VALUE FROM VALUE DATE(S)  
NORMAL    
............................................................
 
 
TEMPERATURE (F)  
HIGHEST 74 03/09 75 -1 74 03/28  
03/29  
LOWEST 19 03/01 11 8 25 03/21  
AVG. MAXIMUM 57.4 50.9 6.5 55.3  
AVG. MINIMUM 36.5 30.5 6.0 36.0  
MEAN 46.9 40.7 6.2 45.6  
DAYS MAX >= 90 0 0.0 0.0 0  
DAYS MAX <= 32 0 2.2 -2.2 0  
DAYS MIN <= 32 8 18.4 -10.4 9  
DAYS MIN <= 0 0 0.2 -0.2 0  
 
PRECIPITATION (INCHES)  
TOTALS 3.32R 2.55 0.77 3.94  
DAILY AVG. 0.11 0.08 0.03 0.13  
DAYS >= .01 8 9.5 -1.5 9  
DAYS >= .10 7 5.9 1.1 8  
DAYS >= .50 2 1.6 0.4 3  
DAYS >= 1.00 0 0.6 -0.6 1  
GREATEST  
24 HR. TOTAL 1.05 03/17 TO 03/18  
 
DEGREE DAYS  
HEATING TOTAL 552 754 -202 595  
SINCE 7/1 5073 5286 -213 MM  
COOLING TOTAL 0 0 0 0  
SINCE 1/1 0 0 0 MM    
............................................................
 
 
WIND (MPH)  
AVERAGE WIND SPEED 11.3  
HIGHEST WIND SPEED/DIRECTION 35/210 DATE 03/10  
HIGHEST GUST SPEED/DIRECTION 50/190 DATE 03/10  
 
SKY COVER  
POSSIBLE SUNSHINE (PERCENT) MM  
AVERAGE SKY COVER 0.38  
NUMBER OF DAYS FAIR 18  
NUMBER OF DAYS PC 6  
NUMBER OF DAYS CLOUDY 7  
 
AVERAGE RH (PERCENT) 66  
 
WEATHER CONDITIONS. NUMBER OF DAYS WITH  
THUNDERSTORM 3 MIXED PRECIP 0  
HEAVY RAIN 2 RAIN 4  
LIGHT RAIN 8 FREEZING RAIN 0  
LT FREEZING RAIN 0 HAIL 0  
HEAVY SNOW 0 SNOW 0  
LIGHT SNOW 1 SLEET 0  
FOG 9 FOG W/VIS <= 1/4 MILE 1  
HAZE 2  
 
- INDICATES NEGATIVE NUMBERS.  
R INDICATES RECORD WAS SET OR TIED.  
MM INDICATES DATA IS MISSING.  
T INDICATES TRACE AMOUNT.  
 

 
 
CLICK HERE TO GO TO PREVIOUS BULLETINS.

The Nexlab MO Page
The Nexlab KS Page Main Text Page