392  
CXUS53 KGID 011523  
CLMEAR  
 
OMACLMEAR 000  
TTAA00 KGID 011517  
 
CLIMATE REPORT  
NATIONAL WEATHER SERVICE HASTINGS NE  
1015 AM CDT SAT AUG 1 2020  
   
...............................
 
 
   
..THE KEARNEY CLIMATE SUMMARY FOR THE MONTH OF JULY 2020
 
 
CLIMATE NORMAL PERIOD 1981 TO 2010  
CLIMATE RECORD PERIOD 1894 TO 2020  
 
WEATHER OBSERVED NORMAL DEPART LAST YEAR'S  
VALUE DATE(S) VALUE FROM VALUE DATE(S)  
NORMAL    
............................................................
 
 
TEMPERATURE (F)  
HIGHEST 97 07/18 100 -3 96 07/19  
07/18  
LOWEST 58 07/31 51 7 56 07/23  
AVG. MAXIMUM 87.1 86.7 0.4 86.2  
AVG. MINIMUM 65.4 62.6 2.8 65.6  
MEAN 76.2 74.7 1.5 75.9  
DAYS MAX >= 90 8 10.4 -2.4 6  
DAYS MAX <= 32 0 0.0 0.0 0  
DAYS MIN <= 32 0 0.0 0.0 0  
DAYS MIN <= 0 0 0.0 0.0 0  
 
PRECIPITATION (INCHES)  
TOTALS 1.55 3.28 -1.73 6.38  
DAILY AVG. 0.05 0.11 -0.06  
DAYS >= .01 10 8.1 1.9  
DAYS >= .10 5 5.4 -0.4  
DAYS >= .50 0 2.4 -2.4  
DAYS >= 1.00 0 1.1 -1.1  
GREATEST  
24 HR. TOTAL 0.46 07/10 TO 07/10  
 
DEGREE_DAYS  
HEATING TOTAL 0 5 -5 0  
SINCE 7/1 0 5 -5 0  
COOLING TOTAL 356 304 52 345  
SINCE 1/1 708 530 178 582    
.............................................................
 
 
WIND (MPH)  
AVERAGE WIND SPEED 10.0  
HIGHEST WIND SPEED/DIRECTION 28/030  
HIGHEST GUST SPEED/DIRECTION MM/MMM  
 
AVERAGE RH (PERCENT) 73  
 
 
- INDICATES NEGATIVE NUMBERS.  
R INDICATES RECORD WAS SET OR TIED.  
MM INDICATES DATA IS MISSING.  
T INDICATES TRACE AMOUNT.  
 

 
 
THE PRECIPITATION DATA SHOWN ABOVE IS RECORDED BY THE AUTOMATED  
WEATHER OBSERVING SYSTEM AT THE KEARNEY AIRPORT. THE PRECIPITATION  
IS DEPICTED FOR A CALENDAR DAY FROM MIDNIGHT TO MIDNIGHT. SNOWFALL  
IS NOT RECORDED BY THAT SYSTEM.  
 
THE OFFICIAL PRECIPITATION...SNOWFALL...AND SNOW DEPTH OBSERVATION  
FOR KEARNEY IS RECORDED DAILY BY THE COOPERATIVE OBSERVER AT 7 AM.  
THAT INFORMATION FOLLOWS...  
   
..KEARNEY 4NE COOPERATIVE OBSERVER REPORT FOR JULY 2020
 
 
PRECIPITATION (IN)  
MONTH TO DATE...................... 1.81  
YEAR TO DATE....................... 14.13  
 
SNOWFALL (IN)  
MONTH TO DATE...................... 0.0  
SEASONAL TOTAL (SINCE JULY 1ST).... 0.0  
 

 
 
CLICK HERE TO GO TO PREVIOUS BULLETINS.

The Nexlab NE Page
The Nexlab KS Page Main Text Page