121  
CXUS53 KGID 011148  
CLMEAR  
 
CLIMATE REPORT  
NATIONAL WEATHER SERVICE HASTINGS NE  
648 AM CDT THU APR 01 2021  
   
...............................
 
 
   
..THE KEARNEY CLIMATE SUMMARY FOR THE MONTH OF MARCH 2021
 
 
CLIMATE NORMAL PERIOD 1981 TO 2010  
CLIMATE RECORD PERIOD 1894 TO 2021  
 
WEATHER OBSERVED NORMAL DEPART LAST YEAR'S  
VALUE DATE(S) VALUE FROM VALUE DATE(S)  
NORMAL    
............................................................
 
 
TEMPERATURE (F)  
HIGHEST 79 03/29 77 2 75 03/08  
LOWEST 21 03/31 6 15 13 03/20  
AVG. MAXIMUM 56.5 50.3 6.2 53.6  
AVG. MINIMUM 32.6 25.1 7.5 31.4  
MEAN 44.5 37.7 6.8 42.5  
DAYS MAX >= 90 0 0.0 0.0 0  
DAYS MAX <= 32 0 3.5 -3.5 1  
DAYS MIN <= 32 15 23.7 -8.7 21  
DAYS MIN <= 0 0 0.7 -0.7 0  
 
PRECIPITATION (INCHES)  
TOTALS 6.79 1.79 5.00 MM  
DAILY AVG. 0.22 0.06 0.16 0.02  
DAYS >= .01 6 6.4 -0.4 MM  
DAYS >= .10 5 3.8 1.2 MM  
DAYS >= .50 4 1.0 3.0 MM  
DAYS >= 1.00 3 0.3 2.7 MM  
GREATEST  
24 HR. TOTAL 4.22 03/13 TO 03/14  
 
DEGREE DAYS  
HEATING TOTAL 626 846 -220 691  
SINCE 7/1 5339 5772 -433 5295  
COOLING TOTAL 0 0 0 0  
SINCE 1/1 0 0 0 0    
............................................................
 
 
WIND (MPH)  
AVERAGE WIND SPEED 13.2  
HIGHEST WIND SPEED/DIRECTION MM DATE MM  
HIGHEST GUST SPEED/DIRECTION MM DATE MM  
 
AVERAGE RH (PERCENT) 65  
 
WEATHER CONDITIONS. NUMBER OF DAYS WITH  
THUNDERSTORM 1 MIXED PRECIP 0  
HEAVY RAIN 0 RAIN 4  
LIGHT RAIN 7 FREEZING RAIN 0  
LT FREEZING RAIN 0 HAIL 0  
HEAVY SNOW 0 SNOW 0  
LIGHT SNOW 0 SLEET 0  
FOG 9 FOG W/VIS <= 1/4 MILE 1  
HAZE 0  
 
- INDICATES NEGATIVE NUMBERS.  
R INDICATES RECORD WAS SET OR TIED.  
MM INDICATES DATA IS MISSING.  
T INDICATES TRACE AMOUNT.  
 
&  
 
THE PRECIPITATION DATA SHOWN ABOVE IS RECORDED BY THE AUTOMATED  
WEATHER OBSERVING SYSTEM AT THE KEARNEY AIRPORT. THE PRECIPITATION  
IS DEPICTED FOR A CALENDAR DAY FROM MIDNIGHT TO MIDNIGHT. SNOWFALL  
IS NOT RECORDED BY THAT SYSTEM.  
 
THE OFFICIAL PRECIPITATION...SNOWFALL...AND SNOW DEPTH OBSERVATION  
FOR KEARNEY IS RECORDED DAILY BY THE COOPERATIVE OBSERVER AT 7 AM.  
THAT INFORMATION FOLLOWS...  
   
..KEARNEY 4NE COOPERATIVE OBSERVER REPORT FOR MARCH 2021
 
 
PRECIPITATION (IN)  
MONTHLY TOTAL...................... 7.55  
YEAR TO DATE....................... 9.13  
 
SNOWFALL (IN)  
MONTHLY TOTAL...................... 0.0  
SEASONAL TOTAL (SINCE JULY 1ST).... 33.5  
 

 
 
PFANNKUCH  
 
CLICK HERE TO GO TO PREVIOUS BULLETINS.

The Nexlab NE Page
The Nexlab KS Page Main Text Page