271  
CXUS53 KGID 012058  
CLMHSI  
 
CLIMATE REPORT  
NATIONAL WEATHER SERVICE HASTINGS NE  
1128 AM CST WED FEB 01 2023  
   
...............................
 
 
   
..THE HASTINGS NE CLIMATE SUMMARY FOR THE MONTH OF JANUARY 2023
 
 
CLIMATE NORMAL PERIOD 1991 TO 2020  
CLIMATE RECORD PERIOD 1894 TO 2023  
 
WEATHER OBSERVED NORMAL DEPART LAST YEAR'S  
VALUE DATE(S) VALUE FROM VALUE DATE(S)  
NORMAL    
............................................................
 
 
TEMPERATURE (F)  
RECORD  
HIGH 76 01/11/1990  
LOW -30 01/12/1912  
HIGHEST 54 01/10 61 -7 66 01/18  
LOWEST -1 01/29 -10 9 -10 01/02  
01/30  
AVG. MAXIMUM 35.2 36.4 -1.2 41.5  
AVG. MINIMUM 19.1 16.4 2.7 13.0  
MEAN 27.1 26.4 0.7 27.2  
DAYS MAX >= 90 0 0.0 0.0 0  
DAYS MAX <= 32 11 11.0 0.0 10  
DAYS MIN <= 32 31 30.0 1.0 31  
DAYS MIN <= 0 2 3.1 -1.1 4  
 
PRECIPITATION (INCHES)  
RECORD  
MAXIMUM 3.23 1960  
MINIMUM 0.00 1986  
TOTALS 1.19 0.55 0.64 0.28  
DAILY AVG. 0.04 0.02 0.02 0.01  
DAYS >= .01 4 5.0 -1.0 4  
DAYS >= .10 3 1.6 1.4 1  
DAYS >= .50 1 0.2 0.8 0  
DAYS >= 1.00 0 0.0 0.0 0  
GREATEST  
24 HR. TOTAL 0.93 01/18 TO 01/18  
 
SNOWFALL (INCHES)  
RECORDS  
TOTAL 22.0 1932  
TOTALS 11.5 6.5 5.0 4.0  
SINCE 7/1 14.5 15.6 -1.1 MM  
DAYS >= 1.0 1 MM MM 2  
GREATEST  
SNOW DEPTH 11 01/19 2 01/02  
01/20  
01/03  
24 HR TOTAL 10.8R 01/18 TO 01/18  
 
DEGREE DAYS  
HEATING TOTAL 1166 1196 -30 1163  
SINCE 7/1 3578 3537 41 MM  
COOLING TOTAL 0 0 0 0  
SINCE 1/1 0 0 0 MM    
............................................................
 
 
WIND (MPH)  
AVERAGE WIND SPEED 9.7  
HIGHEST WIND SPEED/DIRECTION 31/350 DATE 01/12  
31/340 01/25  
HIGHEST GUST SPEED/DIRECTION 40/040 DATE 01/02  
 
SKY COVER  
POSSIBLE SUNSHINE (PERCENT) MM  
AVERAGE SKY COVER 0.46  
NUMBER OF DAYS FAIR 14  
NUMBER OF DAYS PC 10  
NUMBER OF DAYS CLOUDY 7  
 
AVERAGE RH (PERCENT) 80  
 
WEATHER CONDITIONS. NUMBER OF DAYS WITH  
THUNDERSTORM 0 MIXED PRECIP 0  
HEAVY RAIN 0 RAIN 0  
LIGHT RAIN 2 FREEZING RAIN 1  
LT FREEZING RAIN 4 HAIL 0  
HEAVY SNOW 0 SNOW 0  
LIGHT SNOW 7 SLEET 0  
FOG 16 FOG W/VIS <= 1/4 MILE 4  
HAZE 2  
 
- INDICATES NEGATIVE NUMBERS.  
R INDICATES RECORD WAS SET OR TIED.  
MM INDICATES DATA IS MISSING.  
T INDICATES TRACE AMOUNT.  
 

 
 
CLICK HERE TO GO TO PREVIOUS BULLETINS.

The Nexlab NE Page
The Nexlab KS Page Main Text Page