809  
CXUS53 KGLD 011807  
CLMGLD  
 
CLIMATE REPORT  
NATIONAL WEATHER SERVICE  
1107 AM MST WED FEB 01 2023  
   
...............................
 
 
   
..THE GOODLAND KS CLIMATE SUMMARY FOR THE MONTH OF JANUARY 2023
 
 
CLIMATE NORMAL PERIOD: 1991 TO 2020  
CLIMATE RECORD PERIOD: 1895 TO 2023  
 
WEATHER OBSERVED NORMAL DEPART LAST YEAR'S  
VALUE DATE(S) VALUE FROM VALUE DATE(S)  
NORMAL    
............................................................
 
 
TEMPERATURE (F)  
RECORD  
HIGH 79 01/27/2015  
01/26/1951  
LOW -26 01/03/1959  
HIGHEST 54 01/13 66 -12 67 01/18  
LOWEST -6 01/31 -2 -4 -4 01/02  
AVG. MAXIMUM 34.2 43.4 -9.2 44.1  
AVG. MINIMUM 16.2 16.9 -0.7 15.1  
MEAN 25.2 30.2 -5.0 29.6  
DAYS MAX >= 90 0 0.0 0.0 0  
DAYS MAX <= 32 15 7.6 7.4 7  
DAYS MIN <= 32 31 30.3 0.7 30  
DAYS MIN <= 0 3 2.0 1.0 3  
 
PRECIPITATION (INCHES)  
RECORD  
MAXIMUM 1.59 1988  
MINIMUM 0.00 1986  
TOTALS 0.87 0.32 0.55 0.80  
DAILY AVG. 0.03 0.01 0.02 0.03  
DAYS >= .01 9 4.1 4.9 4  
DAYS >= .10 4 1.1 2.9 3  
DAYS >= .50 0 0.0 0.0 1  
DAYS >= 1.00 0 0.0 0.0 0  
GREATEST  
24 HR. TOTAL 0.38 01/21 TO 01/21 0.52  
STORM TOTAL 0.38  
(MM/DD(HH))  
 
SNOWFALL (INCHES)  
RECORDS  
TOTAL 19.4 1988  
TOTALS 16.4 4.7 11.7 8.5  
SINCE 7/1 25.5 15.4 10.1 8.8  
SNOWDEPTH AVG. 3 1  
DAYS >= 1.0 5 1.2 3.8 3  
GREATEST  
SNOW DEPTH 9 01/22 5 01/26  
 
DEGREE DAYS  
HEATING TOTAL 1226 1080 146 1091  
SINCE 7/1 3591 3435 156 2907  
COOLING TOTAL 0 0 0 0  
SINCE 1/1 0 0 0 0    
............................................................
 
 
WIND (MPH)  
AVERAGE WIND SPEED 11.1  
HIGHEST WIND SPEED/DIRECTION 32/340 DATE 01/18  
HIGHEST GUST SPEED/DIRECTION 43/340 DATE 01/18  
 
SKY COVER  
AVERAGE SKY COVER 0.19  
 
AVERAGE RH (PERCENT) 78  
 
WEATHER CONDITIONS. NUMBER OF DAYS WITH  
THUNDERSTORM 0 MIXED PRECIP 0  
HEAVY RAIN 0 RAIN 0  
LIGHT RAIN 0 FREEZING RAIN 0  
LT FREEZING RAIN 0 HAIL 0  
HEAVY SNOW 0 SNOW 2  
LIGHT SNOW 7 SLEET 0  
FOG 12 FOG W/VIS <= 1/4 MILE 6  
HAZE 6  
 
- INDICATES NEGATIVE NUMBERS.  
R INDICATES RECORD WAS SET OR TIED.  
MM INDICATES DATA IS MISSING.  
T INDICATES TRACE AMOUNT.  
 

 
 
CLICK HERE TO GO TO PREVIOUS BULLETINS.

The Nexlab KS Page
The Nexlab CO Page
The Nexlab NE Page Main Text Page

The Nexlab KS Page
The Nexlab CO Page
The Nexlab NE Page Main Text Page