589  
CXUS53 KICT 011009  
CLMICT  
 
CLIMATE REPORT  
NATIONAL WEATHER SERVICE WICHITA KANSAS  
409 AM CST WED FEB 01 2023  
   
...............................
 
 
...THE WICHITA EISENHOWER NATIONAL CLIMATE SUMMARY FOR THE MONTH OF JANUARY 2023...  
 
CLIMATE NORMAL PERIOD 1991 TO 2020  
CLIMATE RECORD PERIOD 1888 TO 2023  
 
WEATHER OBSERVED NORMAL DEPART LAST YEAR'S  
VALUE DATE(S) VALUE FROM VALUE DATE(S)  
NORMAL    
............................................................
 
 
TEMPERATURE (F)  
RECORD  
HIGH 75 01/08/2002  
01/22/1967  
LOW -15 01/12/1912  
HIGHEST 63 01/16 66 01/31  
LOWEST 7 01/31 6 01/02  
01/21  
AVG. MAXIMUM 47.6 43.9 3.7 47.4  
AVG. MINIMUM 25.5 22.5 3.0 18.1  
MEAN 36.6 33.2 3.4 32.8  
DAYS MAX >= 90 0 0.0 0.0 0  
DAYS MAX <= 32 3 6.5 -3.5 7  
DAYS MIN <= 32 26 27.7 -1.7 31  
DAYS MIN <= 0 0 0.3 -0.3 0  
 
PRECIPITATION (INCHES)  
RECORD  
MAXIMUM 6.29 1949  
MINIMUM 0.00 1986  
TOTALS 1.25 0.85 0.40 0.10  
DAILY AVG. 0.04 0.03 0.01 0.00  
DAYS >= .01 6 4.8 1.2 3  
DAYS >= .10 3 1.8 1.2 0  
DAYS >= .50 1 0.5 0.5 0  
DAYS >= 1.00 0 0.1 -0.1 0  
GREATEST  
24 HR. TOTAL 0.60 01/18 TO 01/18  
 
SNOWFALL (INCHES)  
RECORDS  
TOTAL 19.7 1987  
TOTALS 1.6 2.7 -1.1 0.7  
SINCE 7/1 5.0 6.8 -1.8 MM  
SNOWDEPTH AVG. 0 -1  
DAYS >= 1.0 1 0.8 0.2 0  
GREATEST  
SNOW DEPTH 1 01/25 -1 01/06  
01/07  
01/14  
24 HR TOTAL MM 0.7  
 
DEGREE DAYS  
HEATING TOTAL 875 986 -111 996  
SINCE 7/1 2648 2735 -87 MM  
COOLING TOTAL 0 0 0 0  
SINCE 1/1 0 0 0 MM    
............................................................
 
 
WIND (MPH)  
AVERAGE WIND SPEED 10.1  
HIGHEST WIND SPEED/DIRECTION 33/170 DATE 01/15  
HIGHEST GUST SPEED/DIRECTION 46/350 DATE 01/12  
 
SKY COVER  
POSSIBLE SUNSHINE (PERCENT) MM  
AVERAGE SKY COVER 0.53  
NUMBER OF DAYS FAIR 8  
NUMBER OF DAYS PC 17  
NUMBER OF DAYS CLOUDY 6  
 
AVERAGE RH (PERCENT) 68  
 
WEATHER CONDITIONS. NUMBER OF DAYS WITH  
THUNDERSTORM 0 MIXED PRECIP 0  
HEAVY RAIN 1 RAIN 1  
LIGHT RAIN 4 FREEZING RAIN 0  
LT FREEZING RAIN 0 HAIL 0  
HEAVY SNOW 0 SNOW 1  
LIGHT SNOW 5 SLEET 0  
FOG 11 FOG W/VIS <= 1/4 MILE 2  
HAZE 2  
 
- INDICATES NEGATIVE NUMBERS.  
R INDICATES RECORD WAS SET OR TIED.  
MM INDICATES DATA IS MISSING.  
T INDICATES TRACE AMOUNT.  
 

 
 
CLICK HERE TO GO TO PREVIOUS BULLETINS.

The Nexlab KS Page Main Text Page