378  
CXUS53 KICT 031448  
CLMSLN  
 
CLIMATE REPORT  
NATIONAL WEATHER SERVICE WICHITA KS  
908 AM CDT MON AUG 3 2020  
   
...............................
 
 
   
..THE SALINA KS CLIMATE SUMMARY FOR THE MONTH OF JULY 2020
 
 
CLIMATE NORMAL PERIOD 1981 TO 2010  
CLIMATE RECORD PERIOD 1894 TO 2020  
 
WEATHER OBSERVED NORMAL DEPART LAST YEAR'S  
VALUE DATE(S) VALUE FROM VALUE DATE(S)  
NORMAL    
............................................................
 
 
TEMPERATURE (F)  
RECORD  
HIGH 116 07/24/1936  
07/18/1936  
LOW 46 07/03/1924  
07/07/1908  
HIGHEST 98 07/18 105 07/17  
07/02  
LOWEST 63 07/31 55 07/24  
AVG. MAXIMUM 90.2 93.0 -2.8 92.5  
AVG. MINIMUM 70.3 69.3 1.0 68.8  
MEAN 80.2 81.1 -0.9 80.6  
DAYS MAX >= 90 20 20.6 -0.6 20  
DAYS MAX <= 32 0 0.0 0.0 0  
DAYS MIN <= 32 0 0.0 0.0 0  
DAYS MIN <= 0 0 0.0 0.0 0  
 
PRECIPITATION (INCHES)  
RECORD  
MAXIMUM 17.93 1993  
MINIMUM 0.00 1975  
TOTALS 7.62 4.29 3.33 1.46  
DAILY AVG. 0.25 0.14 0.11 0.05  
DAYS >= .01 14 8.6 5.4 6  
DAYS >= .10 12 5.4 6.6 2  
DAYS >= .50 7 2.5 4.5 1  
DAYS >= 1.00 1 1.2 -0.2 1  
GREATEST  
24 HR. TOTAL 2.38 07/30 TO 07/30  
 
DEGREE_DAYS  
HEATING TOTAL 0 0 0 0  
SINCE 7/1 0 0 0 0  
COOLING TOTAL 480 501 -21 489    
.............................................................
 
 
WIND (MPH)  
AVERAGE WIND SPEED 9.0  
HIGHEST WIND SPEED/DIRECTION 48/330 DATE 07/02  
HIGHEST GUST SPEED/DIRECTION 65/320 DATE 07/02  
 
SKY COVER  
POSSIBLE SUNSHINE (PERCENT) MM  
AVERAGE SKY COVER 0.30  
NUMBER OF DAYS FAIR 20  
NUMBER OF DAYS PC 9  
NUMBER OF DAYS CLOUDY 2  
 
AVERAGE RH (PERCENT) 69  
 
- INDICATES NEGATIVE NUMBERS.  
R INDICATES RECORD WAS SET OR TIED.  
MM INDICATES DATA IS MISSING.  
T INDICATES TRACE AMOUNT.  
 

 
 
CLICK HERE TO GO TO PREVIOUS BULLETINS.

The Nexlab KS Page Main Text Page