925  
CXUS53 KICT 011007  
CLMCNU  
 
CLIMATE REPORT  
NATIONAL WEATHER SERVICE WICHITA KANSAS  
507 AM CDT THU APR 01 2021  
   
...............................
 
 
   
..THE CHANUTE KS CLIMATE SUMMARY FOR THE MONTH OF MARCH 2021
 
 
CLIMATE NORMAL PERIOD 1981 TO 2010  
CLIMATE RECORD PERIOD 1894 TO 2021  
 
WEATHER OBSERVED NORMAL DEPART LAST YEAR'S  
VALUE DATE(S) VALUE FROM VALUE DATE(S)  
NORMAL    
............................................................
 
 
TEMPERATURE (F)  
RECORD  
HIGH 95 03/21/1916  
LOW -4 03/11/1948  
HIGHEST 77 03/10 80 03/27  
LOWEST 22 03/01 28 03/21  
AVG. MAXIMUM 63.1 58.1 5.0 63.2  
AVG. MINIMUM 41.3 36.1 5.2 42.8  
MEAN 52.2 47.1 5.1 53.0  
DAYS MAX >= 90 0 0.0 0.0 0  
DAYS MAX <= 32 0 0.6 -0.6 0  
DAYS MIN <= 32 2 10.6 -8.6 3  
DAYS MIN <= 0 0 0.0 0.0 0  
 
PRECIPITATION (INCHES)  
RECORD  
MAXIMUM 12.08 1973  
MINIMUM 0.00 1904  
TOTALS 6.07 3.04 3.03 5.81  
DAILY AVG. 0.20 0.10 0.10 0.19  
DAYS >= .01 11 8.7 2.3 14  
DAYS >= .10 8 5.0 3.0 11  
DAYS >= .50 4 1.8 2.2 6  
DAYS >= 1.00 2 0.7 1.3 1  
GREATEST  
24 HR. TOTAL 2.43 03/12 TO 03/13  
 
DEGREE DAYS  
HEATING TOTAL 390 559 -169 378  
SINCE 7/1 3853 4131 -278 3607  
COOLING TOTAL 1 4 -3 14    
............................................................
 
 
WIND (MPH)  
AVERAGE WIND SPEED 11.6  
HIGHEST WIND SPEED/DIRECTION 35/170 DATE 03/09  
HIGHEST GUST SPEED/DIRECTION 47/170 DATE 03/09  
 
SKY COVER  
POSSIBLE SUNSHINE (PERCENT) MM  
AVERAGE SKY COVER 0.38  
NUMBER OF DAYS FAIR 17  
NUMBER OF DAYS PC 5  
NUMBER OF DAYS CLOUDY 9  
 
AVERAGE RH (PERCENT) 63  
 
WEATHER CONDITIONS. NUMBER OF DAYS WITH  
THUNDERSTORM 4 MIXED PRECIP 0  
HEAVY RAIN 4 RAIN 7  
LIGHT RAIN 10 FREEZING RAIN 0  
LT FREEZING RAIN 0 HAIL 0  
HEAVY SNOW 0 SNOW 0  
LIGHT SNOW 0 SLEET 0  
FOG 14 FOG W/VIS <= 1/4 MILE 4  
HAZE 2  
 
- INDICATES NEGATIVE NUMBERS.  
R INDICATES RECORD WAS SET OR TIED.  
MM INDICATES DATA IS MISSING.  
T INDICATES TRACE AMOUNT.  
 

 
 
CLICK HERE TO GO TO PREVIOUS BULLETINS.

The Nexlab KS Page Main Text Page