573  
CXUS53 KSGF 010647  
CLMUNO  
 
CLIMATE REPORT  
NATIONAL WEATHER SERVICE  
1247 AM CST WED FEB 01 2023  
   
...............................
 
 
...THE WEST PLAINS MO CLIMATE SUMMARY FOR THE MONTH OF JANUARY 2023...  
 
CLIMATE NORMAL PERIOD: 1991 TO 2020  
CLIMATE RECORD PERIOD: 1947 TO 2023  
 
WEATHER OBSERVED NORMAL DEPART LAST YEAR'S  
VALUE DATE(S) VALUE FROM VALUE  
NORMAL    
..........................................................
 
 
TEMPERATURE (F)  
RECORD  
HIGH 77 01/26/1952  
01/25/1950  
LOW -18 01/20/1985  
HIGHEST 69 01/02 MM MM 63  
LOWEST 17 01/14 MM MM 5  
01/30  
01/31  
AVG. MAXIMUM 49.0 44.4 4.6 45.0  
AVG. MINIMUM 31.3 24.6 6.7  
MEAN 40.1 34.5 5.6  
DAYS MAX >= 90 0 0.0 0.0  
DAYS MAX <= 32 2 5.5 -3.5  
DAYS MIN <= 32 19 23.8 -4.8  
DAYS MIN <= 0 0 0.5 -0.5  
 
PRECIPITATION (INCHES)  
RECORD  
MAXIMUM 11.37 1949  
MINIMUM 0.05 1986  
TOTALS 3.26 2.63 0.63 2.57  
DAILY AVG. 0.11 0.08 0.03  
DAYS >= .01 13 7.6 5.4  
DAYS >= .10 8 4.1 3.9  
DAYS >= .50 3 1.6 1.4  
DAYS >= 1.00 0 0.7 -0.7  
GREATEST  
24 HR. TOTAL 0.92 01/02 TO 01/03 1.55  
01/24 TO 01/25  
 
DEGREE DAYS  
HEATING TOTAL 763 945 -182 976  
SINCE 7/1 2410 2646 -236 MM  
COOLING TOTAL 0 0 0 0  
SINCE 1/1 0 0 0 MM  
 
FREEZE DATES  
RECORD  
EARLIEST MM  
LATEST MM  
EARLIEST 10/18  
LATEST 04/14    
..........................................................
 
 
WIND (MPH)  
AVERAGE WIND SPEED 7.1  
RESULTANT WIND SPEED/DIRECTION 1/260  
HIGHEST WIND SPEED/DIRECTION 26/230 DATE 01/11  
HIGHEST GUST SPEED/DIRECTION 44/230 DATE 01/11  
 
SKY COVER  
POSSIBLE SUNSHINE (PERCENT) MM  
AVERAGE SKY COVER 0.55  
NUMBER OF DAYS FAIR 9  
NUMBER OF DAYS PC 11  
NUMBER OF DAYS CLOUDY 11  
 
AVERAGE RH (PERCENT) 72  
 
WEATHER CONDITIONS. NUMBER OF DAYS WITH  
THUNDERSTORM 3 MIXED PRECIP 0  
HEAVY RAIN 2 RAIN 4  
LIGHT RAIN 9 FREEZING RAIN 0  
LT FREEZING RAIN 1 HAIL 0  
HEAVY SNOW 0 SNOW 2  
LIGHT SNOW 6 SLEET 0  
FOG 16 FOG W/VIS <= 1/4 MILE 9  
HAZE 7  
 
- INDICATES NEGATIVE NUMBERS.  
R INDICATES RECORD WAS SET OR TIED.  
MM INDICATES DATA IS MISSING.  
T INDICATES TRACE AMOUNT.  
 

 
 
CLICK HERE TO GO TO PREVIOUS BULLETINS.

The Nexlab MO Page
The Nexlab KS Page Main Text Page