080  
CXUS53 KSGF 010635  
CLMSGF  
 
CLIMATE REPORT  
NATIONAL WEATHER SERVICE  
135 AM CDT SAT AUG 01 2020  
   
...............................
 
 
   
..THE SPRINGFIELD MO CLIMATE SUMMARY FOR THE MONTH OF JULY 2020
 
 
CLIMATE NORMAL PERIOD: 1981 TO 2010  
CLIMATE RECORD PERIOD: 1888 TO 2020  
 
WEATHER OBSERVED NORMAL DEPART LAST YEAR'S  
VALUE DATE(S) VALUE FROM VALUE  
NORMAL    
..........................................................
 
 
TEMPERATURE (F)  
RECORD  
HIGH 113 07/14/1954  
LOW 44 07/06/1972  
07/21/1970  
HIGHEST 96 07/11 90 6 95  
LOWEST 63 07/13 67 -4 58  
AVG. MAXIMUM 90.2 88.8 1.4 88.1  
AVG. MINIMUM 70.3 67.6 2.7  
MEAN 80.3 78.2 2.1  
DAYS MAX >= 90 22 13.1 8.9  
DAYS MAX <= 32 0 0.0 0.0  
DAYS MIN <= 32 0 0.0 0.0  
DAYS MIN <= 0 0 0.0 0.0  
 
PRECIPITATION (INCHES)  
RECORD  
MAXIMUM 18.75 1958  
MINIMUM 0.32 2012  
TOTALS 2.74 3.68 -0.94 2.78  
DAILY AVG. 0.09 0.12 -0.03  
DAYS >= .01 8 8.4 -0.4  
DAYS >= .10 5 5.8 -0.8  
DAYS >= .50 3 2.6 0.4  
DAYS >= 1.00 0 1.1 -1.1  
GREATEST  
24 HR. TOTAL 0.87 07/29 TO 07/30 1.32  
 
DEGREE DAYS  
HEATING TOTAL 0 0 0 0  
SINCE 7/1 0 0 0 0  
COOLING TOTAL 481 410 71 425  
SINCE 1/1 893 788 105 844  
 
FREEZE DATES  
RECORD  
EARLIEST 05/19/1894  
LATEST 09/24/1989  
EARLIEST 11/01  
LATEST 04/02    
..........................................................
 
 
WIND (MPH)  
AVERAGE WIND SPEED 7.7  
RESULTANT WIND SPEED/DIRECTION 4/170  
HIGHEST WIND SPEED/DIRECTION 30/030 DATE 07/01  
HIGHEST GUST SPEED/DIRECTION 39/310 DATE 07/03  
39/320 07/30  
 
SKY COVER  
POSSIBLE SUNSHINE (PERCENT) MM  
AVERAGE SKY COVER 0.22  
NUMBER OF DAYS FAIR 24  
NUMBER OF DAYS PC 6  
NUMBER OF DAYS CLOUDY 1  
 
AVERAGE RH (PERCENT) 74  
 
WEATHER CONDITIONS. NUMBER OF DAYS WITH  
THUNDERSTORM 9 MIXED PRECIP 0  
HEAVY RAIN 5 RAIN 4  
LIGHT RAIN 11 FREEZING RAIN 0  
LT FREEZING RAIN 0 HAIL 0  
HEAVY SNOW 0 SNOW 0  
LIGHT SNOW 0 SLEET 0  
FOG 11 FOG W/VIS <= 1/4 MILE 1  
HAZE 1  
 
- INDICATES NEGATIVE NUMBERS.  
R INDICATES RECORD WAS SET OR TIED.  
MM INDICATES DATA IS MISSING.  
T INDICATES TRACE AMOUNT.  
 

 
 
CLICK HERE TO GO TO PREVIOUS BULLETINS.

The Nexlab MO Page
The Nexlab KS Page Main Text Page