385  
CXUS51 KILN 011238  
CLMCMH  
 
CLIMATE REPORT  
NATIONAL WEATHER SERVICE WILMINGTON OH  
838 AM EDT WED JUL 01 2020  
   
...............................
 
 
   
..THE COLUMBUS OH CLIMATE SUMMARY FOR THE MONTH OF JUNE 2020
 
 
CLIMATE NORMAL PERIOD: 1981 TO 2010  
CLIMATE RECORD PERIOD: 1869 TO 2020  
 
WEATHER OBSERVED NORMAL DEPART LAST YEAR'S  
VALUE DATE(S) VALUE FROM VALUE DATE(S)  
NORMAL    
............................................................
 
 
TEMPERATURE (F)  
RECORD  
HIGH 102 06/28/1944  
LOW 35 06/11/1972  
HIGHEST 93 06/09 82 11 92 06/29  
06/21  
LOWEST 42 06/01 60 -18 48 06/11  
AVG. MAXIMUM 84.1 81.6 2.5 80.4  
AVG. MINIMUM 62.4 61.5 0.9 61.9  
MEAN 73.3 71.5 1.8 71.1  
DAYS MAX >= 90 7 3.1 3.9 3  
DAYS MAX <= 32 0 0.0 0.0 0  
DAYS MIN <= 32 0 0.0 0.0 0  
DAYS MIN <= 0 0 0.0 0.0 0  
 
PRECIPITATION (INCHES)  
TOTALS 2.40 4.01 -1.61 7.04  
DAILY AVG. 0.08 0.13 -0.05 0.23  
DAYS >= .01 9 11.2 -2.2 12  
DAYS >= .10 4 7.1 -3.1 9  
DAYS >= .50 2 2.8 -0.8 5  
DAYS >= 1.00 0 1.0 -1.0 2  
GREATEST  
24 HR. TOTAL 0.79 06/22 TO 06/22 2.65 06/19 TO 06/19  
 
SNOWFALL (INCHES)  
TOTALS 0.0 0.0 0.0 0.0  
SINCE 7/1 11.7 26.7 15.0 27.4  
DAYS >= TRACE 0 0.0 0.0 0  
DAYS >= 1.0 0 0.0 0.0 0  
GREATEST  
24 HR TOTAL 0.0 0.0  
 
DEGREE DAYS  
HEATING TOTAL 11 19 -8 16  
SINCE 7/1 4915 5245 -330 5166  
COOLING TOTAL 268 216 52 205  
SINCE 1/1 345 298 47 328    
............................................................
 
 
WIND (MPH)  
AVERAGE WIND SPEED 6.9  
RESULTANT WIND SPEED/DIRECTION 1/230  
HIGHEST WIND SPEED/DIRECTION 31/220 DATE 06/22  
HIGHEST GUST SPEED/DIRECTION 42/200 DATE 06/10  
 
SKY COVER  
AVERAGE SKY COVER 0.57  
 
AVERAGE RH (PERCENT) 64  
 
WEATHER CONDITIONS. NUMBER OF DAYS WITH  
THUNDERSTORM 7 MIXED PRECIP 0  
HEAVY RAIN 4 RAIN 6  
LIGHT RAIN 17 FREEZING RAIN 0  
LT FREEZING RAIN 0 HAIL 0  
HEAVY SNOW 0 SNOW 0  
LIGHT SNOW 0 SLEET 0  
FOG 15 FOG W/VIS <= 1/4 MILE 0  
HAZE 4  
 
- INDICATES NEGATIVE NUMBERS.  
R INDICATES RECORD WAS SET OR TIED.  
MM INDICATES DATA IS MISSING.  
T INDICATES TRACE AMOUNT.  
 

 
 
CLICK HERE TO GO TO PREVIOUS BULLETINS.

The Nexlab OH Page
The Nexlab IN Page
The Nexlab KY Page Main Text Page