679  
CXUS51 KILN 031242  
CLMCMH  
 
CLIMATE REPORT  
NATIONAL WEATHER SERVICE WILMINGTON OH  
742 AM EST FRI FEB 03 2023  
   
...............................
 
 
   
..THE COLUMBUS OH CLIMATE SUMMARY FOR THE MONTH OF JANUARY 2023
 
 
CLIMATE NORMAL PERIOD: 1991 TO 2020  
CLIMATE RECORD PERIOD: 1869 TO 2023  
 
WEATHER OBSERVED NORMAL DEPART LAST YEAR'S  
VALUE DATE(S) VALUE FROM VALUE DATE(S)  
NORMAL    
............................................................
 
 
TEMPERATURE (F)  
RECORD  
HIGH 74 01/25/1950  
LOW -22 12/31/1999  
HIGHEST 62 01/03 36 26 59 01/01  
LOWEST 16 01/15 20 -4 0 01/26  
AVG. MAXIMUM 43.8 37.1 6.7 33.5  
AVG. MINIMUM 31.0 22.0 9.0 17.2  
MEAN 37.4 29.6 7.8 25.3  
DAYS MAX >= 90 0 0.0 0.0 0  
DAYS MAX <= 32 2 11.2 -9.2 18  
DAYS MIN <= 32 18 24.9 -6.9 30  
DAYS MIN <= 0 0 1.4 -1.4 1  
 
PRECIPITATION (INCHES)  
TOTALS 4.16 3.00 1.16 2.61  
DAILY AVG. 0.13 0.10 0.03 0.08  
DAYS >= .01 18 14.7 3.3 10  
DAYS >= .10 8 6.5 1.5 4  
DAYS >= .50 5 1.7 3.3 2  
DAYS >= 1.00 0 0.5 -0.5 1  
GREATEST  
24 HR. TOTAL 0.73 01/12 TO 01/12 1.34 01/01 TO 01/01  
 
SNOWFALL (INCHES)  
TOTALS 5.4 9.5 -4.1 6.3  
SINCE 7/1 11.5 16.0 -4.5 7.4  
DAYS >= TRACE 11 9.0 2.0 15  
DAYS >= 1.0 1 2.8 -1.8 4  
GREATEST  
24 HR TOTAL 3.0 01/22 TO 01/22 1.7 01/16 TO 01/16  
 
DEGREE DAYS  
HEATING TOTAL 847 1099 -252 1223  
SINCE 7/1 2761 3077 -316 2812  
COOLING TOTAL 0 0 0 0  
SINCE 1/1 0 0 0 0    
............................................................
 
 
WIND (MPH)  
AVERAGE WIND SPEED 8.4  
RESULTANT WIND SPEED/DIRECTION 3/250  
HIGHEST WIND SPEED/DIRECTION 36/230 DATE 01/19  
HIGHEST GUST SPEED/DIRECTION 54/240 DATE 01/19  
 
SKY COVER  
AVERAGE SKY COVER 0.84  
 
AVERAGE RH (PERCENT) 78  
 
WEATHER CONDITIONS. NUMBER OF DAYS WITH  
THUNDERSTORM 2 MIXED PRECIP 0  
HEAVY RAIN 3 RAIN 5  
LIGHT RAIN 16 FREEZING RAIN 0  
LT FREEZING RAIN 0 HAIL 0  
HEAVY SNOW 0 SNOW 2  
LIGHT SNOW 11 SLEET 1  
FOG 23 FOG W/VIS <= 1/4 MILE 3  
HAZE 3  
 
- INDICATES NEGATIVE NUMBERS.  
R INDICATES RECORD WAS SET OR TIED.  
MM INDICATES DATA IS MISSING.  
T INDICATES TRACE AMOUNT.  
 

 
 
CLICK HERE TO GO TO PREVIOUS BULLETINS.

The Nexlab OH Page
The Nexlab IN Page
The Nexlab KY Page Main Text Page