441  
CXUS54 KJAN 022322  
CLMGLH  
 
CLIMATE REPORT  
NATIONAL WEATHER SERVICE JACKSON MS  
522 PM CST THU FEB 02 2023  
   
...............................
 
 
   
..THE GREENVILLE CLIMATE SUMMARY FOR THE MONTH OF JANUARY 2023
 
 
CLIMATE NORMAL PERIOD: 1991 TO 2020  
CLIMATE RECORD PERIOD: 1903 TO 2023  
 
WEATHER OBSERVED NORMAL DEPART LAST YEAR'S  
VALUE DATE(S) VALUE FROM VALUE DATE(S)  
NORMAL    
............................................................
 
 
TEMPERATURE (F)  
RECORD  
HIGH 90 01/25/1950  
LOW 0 01/11/1982  
01/12/1962  
01/11/1962  
HIGHEST 81 01/02 MM MM 82 01/01  
LOWEST 28 01/14 MM MM 19 01/22  
AVG. MAXIMUM 61.1 53.0 8.1 55.8  
AVG. MINIMUM 43.5 35.1 8.4 31.2  
MEAN 52.3 44.1 8.2 43.5  
DAYS MAX >= 90 0 0.0 0.0 0  
DAYS MAX <= 32 0 1.2 -1.2 0  
DAYS MIN <= 32 5 13.8 -8.8 19  
DAYS MIN <= 0 0 0.0 0.0 0  
 
PRECIPITATION (INCHES)  
RECORD  
MAXIMUM 15.40 1939  
MINIMUM 0.27 1986  
TOTALS 5.06 4.49 0.57 1.96  
DAILY AVG. 0.16 0.14 0.02 0.06  
DAYS >= .01 13 9.2 3.8 7  
DAYS >= .10 8 6.2 1.8 5  
DAYS >= .50 5 2.7 2.3 2  
DAYS >= 1.00 1 1.4 -0.4 0  
GREATEST  
24 HR. TOTAL 1.67 01/24 TO 01/24 0.74  
 
SNOWFALL (INCHES)  
TOTALS 0.0  
 
DEGREE DAYS  
HEATING TOTAL 409 651 -242 667  
SINCE 7/1 1301 1699 -398 MM  
COOLING TOTAL 24 2 22 7  
SINCE 1/1 24 2 22 MM    
............................................................
 
 
WIND (MPH)  
AVERAGE WIND SPEED 9.6  
HIGHEST WIND SPEED/DIRECTION 36/190 DATE 01/18  
HIGHEST GUST SPEED/DIRECTION 50/240 DATE 01/25  
 
SKY COVER  
POSSIBLE SUNSHINE (PERCENT) MM  
AVERAGE SKY COVER 0.47  
NUMBER OF DAYS FAIR 11  
NUMBER OF DAYS PC 11  
NUMBER OF DAYS CLOUDY 9  
 
AVERAGE RH (PERCENT) 72  
 
WEATHER CONDITIONS. NUMBER OF DAYS WITH  
THUNDERSTORM 4 MIXED PRECIP 0  
HEAVY RAIN 5 RAIN 7  
LIGHT RAIN 13 FREEZING RAIN 1  
LT FREEZING RAIN 1 HAIL 0  
HEAVY SNOW 0 SNOW 0  
LIGHT SNOW 2 SLEET 0  
FOG 15 FOG W/VIS <= 1/4 MILE 6  
HAZE 2  
 
- INDICATES NEGATIVE NUMBERS.  
R INDICATES RECORD WAS SET OR TIED.  
MM INDICATES DATA IS MISSING.  
T INDICATES TRACE AMOUNT.  
 

 
 
CLICK HERE TO GO TO PREVIOUS BULLETINS.

The Nexlab MS Page
The Nexlab AR Page
The Nexlab LA Page Main Text Page

The Nexlab MS Page
The Nexlab AR Page
The Nexlab LA Page Main Text Page

The Nexlab MS Page
The Nexlab AR Page
The Nexlab LA Page Main Text Page