077  
CXUS51 KALY 011231 CCA  
CLMGFL  
 
CLIMATE REPORT...CORRECTED  
NATIONAL WEATHER SERVICE ALBANY NY  
830 AM EDT SAT AUG 01 2020  
   
...............................
 
 
   
..THE GLENS FALLS NY CLIMATE SUMMARY FOR THE MONTH OF JULY 2020
 
 
CLIMATE NORMAL PERIOD: 1981 TO 2010  
CLIMATE RECORD PERIOD: 1893 TO 2020  
 
WEATHER OBSERVED NORMAL DEPART LAST YEAR'S  
VALUE DATE(S) VALUE FROM VALUE DATE(S)  
NORMAL    
............................................................
 
 
TEMPERATURE (F)  
RECORD  
HIGH 101 07/03/1911  
07/04/1911  
LOW 42 07/31/2010  
07/03/2007  
01/01/2000  
HIGHEST 93 07/19 92 07/21  
07/27  
LOWEST 54 07/31 50 07/08  
AVG. MAXIMUM 85.3 80.9 4.4 84.7  
AVG. MINIMUM 60.6 56.7 3.9 59.9  
MEAN 72.9 68.8 4.1 72.3  
DAYS MAX >= 90 3 2.1 0.9 5  
DAYS MAX <= 32 0 0.0 0.0 0  
DAYS MIN <= 32 0 0.0 0.0 0  
DAYS MIN <= 0 0 0.0 0.0 0  
 
PRECIPITATION (INCHES)  
RECORD  
MAXIMUM 8.31 1994  
MINIMUM 0.84 1993  
TOTALS 3.04 4.09 -1.05 2.89  
DAILY AVG. 0.10 0.09  
DAYS >= .01 15 11.0 4.0 8  
DAYS >= .10 7 6.8 0.2 5  
DAYS >= .50 2 2.9 -0.9 4  
DAYS >= 1.00 0 1.2 -1.2 0  
GREATEST  
24 HR. TOTAL 0.66 07/11 TO 07/12  
 
DEGREE DAYS  
HEATING TOTAL 0 21 -21 0  
SINCE 7/1 0 31 -31 0  
COOLING TOTAL 256 139 117 232  
SINCE 1/1 412 220 192 296    
............................................................
 
 
WIND (MPH)  
AVERAGE WIND SPEED 4.7  
HIGHEST WIND SPEED/DIRECTION 22/340 DATE 07/02  
22/340 07/13  
HIGHEST GUST SPEED/DIRECTION 31/330 DATE 07/02  
 
SKY COVER  
AVERAGE SKY COVER 0.38  
 
AVERAGE RH (PERCENT) 72  
 
WEATHER CONDITIONS. NUMBER OF DAYS WITH  
THUNDERSTORM 9 MIXED PRECIP 0  
HEAVY RAIN 4 RAIN 7  
LIGHT RAIN 14 FREEZING RAIN 0  
LT FREEZING RAIN 0 HAIL 0  
HEAVY SNOW 0 SNOW 0  
LIGHT SNOW 0 SLEET 0  
FOG 23 FOG W/VIS <= 1/4 MILE 2  
HAZE 0  
 
- INDICATES NEGATIVE NUMBERS.  
R INDICATES RECORD WAS SET OR TIED.  
MM INDICATES DATA IS MISSING.  
T INDICATES TRACE AMOUNT.  
 

 
 
CLICK HERE TO GO TO PREVIOUS BULLETINS.

The Nexlab NY Page
The Nexlab VT Page
The Nexlab MA Page
The Nexlab CT Page Main Text Page