129  
CXUS51 KPBZ 011332  
CLMHLG  
 
CLIMATE REPORT  
NATIONAL WEATHER SERVICE PITTSBURGH PA  
932 AM EDT SUN AUG 01 2021  
   
...............................
 
 
   
..THE WHEELING WV CLIMATE SUMMARY FOR THE MONTH OF JULY 2021
 
 
CLIMATE NORMAL PERIOD 1991 TO 2020  
CLIMATE RECORD PERIOD 1878 TO 2021  
 
WEATHER OBSERVED NORMAL DEPART LAST YEAR'S  
VALUE DATE(S) VALUE FROM VALUE DATE(S)  
NORMAL    
............................................................
 
 
TEMPERATURE (F)  
RECORD  
HIGH 106 07/22/1934  
LOW 38 07/12/1945  
HIGHEST 89 07/06 90 -1 95 07/09  
LOWEST 54 07/22 52 2 58 07/14  
07/15  
AVG. MAXIMUM 82.0 82.9 -0.9 88.9  
AVG. MINIMUM 63.2 63.3 -0.1 66.1  
MEAN 72.6 73.1 -0.5 77.5  
DAYS MAX >= 90 0 3.7 -3.7 16  
DAYS MAX <= 32 0 0.0 0.0 0  
DAYS MIN <= 32 0 0.0 0.0 0  
DAYS MIN <= 0 0 0.0 0.0 0  
 
PRECIPITATION (INCHES)  
RECORD  
MAXIMUM 9.67 1913  
MINIMUM 0.57 2020  
TOTALS 2.94 3.35 -0.41 0.57  
DAILY AVG. 0.09 0.11 -0.01 0.02  
DAYS >= .01 11 13.3 -2.3 9  
DAYS >= .10 8 6.7 1.3 2  
DAYS >= .50 2 2.0 0.0 0  
DAYS >= 1.00 0 0.7 -0.7 0  
GREATEST  
24 HR. TOTAL 1.71 06/30 TO 07/01 0.21  
 
DEGREE DAYS  
HEATING TOTAL 0 3 -3 0  
SINCE 7/1 0 0 0 MM  
COOLING TOTAL 246 254 -8 395  
SINCE 1/1 560 467 93 MM    
............................................................
 
 
WIND (MPH)  
AVERAGE WIND SPEED 5.6  
HIGHEST WIND SPEED/DIRECTION 30/340 DATE 07/02  
HIGHEST GUST SPEED/DIRECTION 39/360 DATE 07/02  
 
AVERAGE RH (PERCENT) 76  
 
WEATHER CONDITIONS. NUMBER OF DAYS WITH  
THUNDERSTORM 7 MIXED PRECIP 0  
HEAVY RAIN 5 RAIN 5  
LIGHT RAIN 10 FREEZING RAIN 0  
LT FREEZING RAIN 0 HAIL 0  
HEAVY SNOW 0 SNOW 0  
LIGHT SNOW 0 SLEET 0  
FOG 25 FOG W/VIS <= 1/4 MILE 9  
HAZE 3  
 
- INDICATES NEGATIVE NUMBERS.  
R INDICATES RECORD WAS SET OR TIED.  
MM INDICATES DATA IS MISSING.  
T INDICATES TRACE AMOUNT.  
 

 
 
CLICK HERE TO GO TO PREVIOUS BULLETINS.

The Nexlab OH Page
The Nexlab PA Page
The Nexlab WV Page
The Nexlab MD Page Main Text Page