493  
CXUS51 KPBZ 011349  
CLMHLG  
 
CLIMATE REPORT  
NATIONAL WEATHER SERVICE PITTSBURGH PA  
949 AM EDT WED JUL 01 2020  
   
...............................
 
 
   
..THE WHEELING WV CLIMATE SUMMARY FOR THE MONTH OF JUNE 2020
 
 
CLIMATE NORMAL PERIOD 1981 TO 2010  
CLIMATE RECORD PERIOD 1878 TO 2020  
 
WEATHER OBSERVED NORMAL DEPART LAST YEAR'S  
VALUE DATE(S) VALUE FROM VALUE DATE(S)  
NORMAL    
............................................................
 
 
TEMPERATURE (F)  
RECORD  
HIGH 100 06/08/1933  
LOW 31 06/01/1930  
HIGHEST 90 06/09 88 2 88 06/27  
06/28  
LOWEST 39 06/01 45 -6 44 06/04  
AVG. MAXIMUM 80.0 78.1 1.9 77.7  
AVG. MINIMUM 59.2 58.4 0.8 59.3  
MEAN 69.6 68.3 1.3 68.5  
DAYS MAX >= 90 1 1.0 0.0 0  
DAYS MAX <= 32 0 0.0 0.0 0  
DAYS MIN <= 32 0 0.0 0.0 0  
DAYS MIN <= 0 0 0.0 0.0 0  
 
PRECIPITATION (INCHES)  
RECORD  
MAXIMUM 9.70 1920  
MINIMUM 0.86 1913  
TOTALS 2.74 4.73 -1.99 0.18  
DAILY AVG. 0.09 0.16 -0.07 0.12  
DAYS >= .01 14 13.7 0.3 0  
DAYS >= .10 7 9.1 -2.1 0  
DAYS >= .50 2 3.3 -1.3 0  
DAYS >= 1.00 0 1.0 -1.0 0  
GREATEST  
24 HR. TOTAL 0.77 06/10 TO 06/10 0.18  
 
DEGREE DAYS  
HEATING TOTAL 17 38 -21 29  
SINCE 7/1 4984 5587 -603 MM  
COOLING TOTAL 161 136 25 144  
SINCE 1/1 240 182 58 MM    
............................................................
 
 
WIND (MPH)  
AVERAGE WIND SPEED 6.7  
HIGHEST WIND SPEED/DIRECTION 38/270 DATE 06/10  
HIGHEST GUST SPEED/DIRECTION 57/270 DATE 06/10  
 
AVERAGE RH (PERCENT) 69  
 
WEATHER CONDITIONS. NUMBER OF DAYS WITH  
THUNDERSTORM 9 MIXED PRECIP 0  
HEAVY RAIN 6 RAIN 7  
LIGHT RAIN 13 FREEZING RAIN 0  
LT FREEZING RAIN 0 HAIL 0  
HEAVY SNOW 0 SNOW 0  
LIGHT SNOW 0 SLEET 0  
FOG 17 FOG W/VIS <= 1/4 MILE 4  
HAZE 2  
 
- INDICATES NEGATIVE NUMBERS.  
R INDICATES RECORD WAS SET OR TIED.  
MM INDICATES DATA IS MISSING.  
T INDICATES TRACE AMOUNT.  
 

 
 
CLICK HERE TO GO TO PREVIOUS BULLETINS.

The Nexlab OH Page
The Nexlab PA Page
The Nexlab WV Page
The Nexlab MD Page Main Text Page

The Nexlab OH Page
The Nexlab PA Page
The Nexlab WV Page
The Nexlab MD Page Main Text Page