784  
CXUS53 KARX 032055 CCA  
CLMRST  
 
CLIMATE REPORT  
NATIONAL WEATHER SERVICE LA CROSSE WI  
308 AM CDT SAT AUG 1 2020  
   
...............................
 
 
   
..THE ROCHESTER MN CLIMATE SUMMARY FOR THE MONTH OF JULY 2020
 
 
CLIMATE NORMAL PERIOD 1981 TO 2010  
CLIMATE RECORD PERIOD 1886 TO 2020  
 
WEATHER OBSERVED NORMAL DEPART LAST YEAR'S  
VALUE DATE(S) VALUE FROM VALUE DATE(S)  
NORMAL    
............................................................
 
 
TEMPERATURE (F)  
RECORD  
HIGH 108 07/14/1936  
LOW 40 07/17/1911  
HIGHEST 91 07/08 MM MM 90 07/19  
LOWEST 49 07/16 MM MM 52 07/31  
07/30  
AVG. MAXIMUM 82.6 81.4 1.2 81.7  
AVG. MINIMUM 62.2 61.3 0.9 62.6  
MEAN 72.4 71.4 1.0 72.2  
DAYS MAX >= 90 1 2.5 -1.5 1  
DAYS MAX <= 32 0 0.0 0.0 0  
DAYS MIN <= 32 0 0.0 0.0 0  
DAYS MIN <= 0 0 0.0 0.0 0  
 
PRECIPITATION (INCHES)  
RECORD  
MAXIMUM 12.33 1978  
MINIMUM 0.41 1946  
TOTALS 3.86 4.55 -0.69 7.38  
DAILY AVG. 0.12 0.15 -0.03 0.24  
DAYS >= .01 7 10.5 -3.5 11  
DAYS >= .10 6 6.8 -0.8 10  
DAYS >= .50 4 3.1 0.9 6  
DAYS >= 1.00 2 1.2 0.8 3  
GREATEST  
24 HR. TOTAL 1.07 07/09 TO 07/09 07/18 TO 07/18  
 
SNOWFALL (INCHES)  
RECORDS  
TOTAL MM MM  
24 HR TOTAL MM  
TOTALS 0.0 0.0 0.0 0.0  
SINCE 7/1 0.0 0.0 0.0 0.0  
SNOWDEPTH AVG. 0 MM MM 0  
DAYS >= TRACE 0 0.0 0.0 0  
DAYS >= 1.0 0 0.0 0.0 0  
GREATEST  
SNOW DEPTH 0 MM 0  
24 HR TOTAL 0.0 07/31 TO 07/31 0.0  
 
DEGREE_DAYS  
HEATING TOTAL 5 11 -6 1  
SINCE 7/1 5 11 -6 1  
COOLING TOTAL 239 207 32 231  
SINCE 1/1 434 371 63 336    
.............................................................
 
 
WIND (MPH)  
AVERAGE WIND SPEED 8.1  
HIGHEST WIND SPEED/DIRECTION 35/320 DATE 07/11  
HIGHEST GUST SPEED/DIRECTION 45/320 DATE 07/11  
 
SKY COVER  
POSSIBLE SUNSHINE (PERCENT) MM  
AVERAGE SKY COVER 0.20  
NUMBER OF DAYS FAIR 24  
NUMBER OF DAYS PC 7  
NUMBER OF DAYS CLOUDY 0  
 
AVERAGE RH (PERCENT) 75  
 
WEATHER CONDITIONS. NUMBER OF DAYS WITH  
THUNDERSTORM 7 MIXED PRECIP 0  
HEAVY RAIN 6 RAIN 6  
LIGHT RAIN 9 FREEZING RAIN 0  
LT FREEZING RAIN 0 HAIL 0  
HEAVY SNOW 0 SNOW 0  
LIGHT SNOW 0 SLEET 0  
FOG 14 FOG W/VIS <= 1/4 MILE 2  
HAZE 0  
 
- INDICATES NEGATIVE NUMBERS.  
R INDICATES RECORD WAS SET OR TIED.  
MM INDICATES DATA IS MISSING.  
T INDICATES TRACE AMOUNT.  
 

 
 
CLICK HERE TO GO TO PREVIOUS BULLETINS.

The Nexlab WI Page
The Nexlab IA Page
The Nexlab MN Page Main Text Page