079  
CXUS53 KGLD 041422  
CLMMCK  
 
CLIMATE REPORT  
NATIONAL WEATHER SERVICE  
822 AM MDT TUE MAY 04 2021  
   
...............................
 
 
   
..THE MCCOOK NE CLIMATE SUMMARY FOR THE MONTH OF APRIL 2021
 
 
CLIMATE NORMAL PERIOD: 1981 TO 2010  
CLIMATE RECORD PERIOD: 1896 TO 2021  
 
WEATHER OBSERVED NORMAL DEPART LAST YEAR'S  
VALUE DATE(S) VALUE FROM VALUE DATE(S)  
NORMAL    
............................................................
 
 
TEMPERATURE (F)  
RECORD  
HIGH 98 04/23/1939  
04/28/1910  
LOW 0 04/02/1936  
HIGHEST 91 04/04 87 4 87 04/30  
LOWEST 20 04/20 21 -1 14 04/13  
AVG. MAXIMUM 65.4 64.5 0.9 66.7  
AVG. MINIMUM 33.7 34.4 -0.7 31.9  
MEAN 49.6 49.5 0.1 49.3  
DAYS MAX >= 90 2 0.5 1.5 0  
DAYS MAX <= 32 0 0.3 -0.3 0  
DAYS MIN <= 32 16 11.6 4.4 14  
DAYS MIN <= 0 0 0.0 0.0 0  
 
PRECIPITATION (INCHES)  
RECORD  
MAXIMUM 7.84 2007  
MINIMUM 0.09 2020  
TOTALS 0.58 2.31 -1.73 0.09  
DAILY AVG. 0.02 0.08 -0.06 0.00  
DAYS >= .01 4 7.4 -3.4 2  
DAYS >= .10 2 4.6 -2.6 0  
DAYS >= .50 0 1.4 -1.4 0  
DAYS >= 1.00 0 0.6 -0.6 0  
GREATEST  
24 HR. TOTAL 0.26 04/27 TO 04/27 0.07  
04/15 TO 04/16  
04/27 TO 04/27  
STORM TOTAL 0.26  
(MM/DD(HH))  
 
   
............................................................
 
 
- INDICATES NEGATIVE NUMBERS.  
R INDICATES RECORD WAS SET OR TIED.  
MM INDICATES DATA IS MISSING.  
T INDICATES TRACE AMOUNT.  
 

 
 
CLICK HERE TO GO TO PREVIOUS BULLETINS.

The Nexlab KS Page
The Nexlab CO Page
The Nexlab NE Page Main Text Page

The Nexlab KS Page
The Nexlab CO Page
The Nexlab NE Page Main Text Page