973  
CXUS51 KOKX 031232 RRA  
CLSNYC  
 
NYCCLSNYC 000  
TTAA00 OKX 031219  
 
CLIMATE REPORT  
NATIONAL WEATHER SERVICE NEW YORK, NY  
832 AM EDT FRI SEP 03 2021  
   
...............................
 
 
...THE CENTRAL PARK NY CLIMATE SUMMARY FOR THE SEASON, FROM  
6/1/2021 TO 8/31/2021...  
 
CLIMATE NORMAL PERIOD 1991 TO 2020  
CLIMATE RECORD PERIOD 1869 TO 2021  
 
WEATHER OBSERVED NORMAL DEPART LAST YEAR'S  
VALUE DATE(S) VALUE FROM VALUE  
NORMAL    
..........................................................
 
 
TEMPERATURE (F)  
RECORD  
HIGH 106 07/09/1936  
LOW 44 06/01/1945  
HIGHEST 98 06/30 MM MM  
LOWEST 55 06/23 MM MM  
AVG. MAXIMUM 83.1 82.6 0.5  
AVG. MINIMUM 68.8 67.8 1.0  
MEAN 75.9 75.2 0.7  
DAYS MAX >= 90 17 15.0 2.0  
DAYS MAX <= 32 0 0.0 0.0  
DAYS MIN <= 32 0 0.0 0.0  
DAYS MIN <= 0 0 0.0 0.0  
 
PRECIPITATION (INCHES)  
RECORD  
MAXIMUM 25.23 2011  
MINIMUM 3.92 1999  
TOTALS 24.03 13.70 10.33 13.37  
DAILY AVG. 0.26 0.15 0.11  
DAYS >= .01 38 31.7 6.3  
DAYS >= .10 28 20.4 7.6  
DAYS >= .50 14 9.4 4.6  
DAYS >= 1.00 6 3.7 2.3  
GREATEST  
24 HR. TOTAL 7.05  
STORM TOTAL 4.45  
(MM/DD(HH))  
 
SNOWFALL (INCHES)  
RECORDS  
TOTAL T 1990  
24 HR TOTAL MM  
TOTALS 0.0 0.0 0.0  
LIQUID EQUIV 0.00 0.00 0.00  
SINCE 7/1 0.0 0.0 0.0  
LIQUID 7/1 0.00  
DAYS >= TRACE 0 0.0 0.0  
DAYS >= 1.0 0 0.0 0.0  
GREATEST  
SNOW DEPTH 0  
24 HR TOTAL 0.0  
STORM TOTAL 0.0  
(MM/DD(HH))  
 
DEGREE DAYS  
HEATING TOTAL 2 16 -14  
SINCE 7/1 2 0 2  
COOLING TOTAL 1035 959 76  
SINCE 1/1 1122 1040 82    
..........................................................
 
 
WIND (MPH)  
AVERAGE WIND SPEED 3.6  
HIGHEST WIND SPEED/DIRECTION 25/300 DATE 07/06  
HIGHEST GUST SPEED/DIRECTION 37/300 DATE 07/06  
 
SKY COVER  
POSSIBLE SUNSHINE (PERCENT) MM  
AVERAGE SKY COVER 0.39  
NUMBER OF DAYS FAIR 48  
NUMBER OF DAYS PC 29  
NUMBER OF DAYS CLOUDY 15  
 
AVERAGE RH (PERCENT) 69  
 
WEATHER CONDITIONS. NUMBER OF DAYS WITH  
THUNDERSTORM 22 MIXED PRECIP 0  
HEAVY RAIN 21 RAIN 30  
LIGHT RAIN 45 FREEZING RAIN 0  
LT FREEZING RAIN 0 HAIL 0  
HEAVY SNOW 0 SNOW 0  
LIGHT SNOW 0 SLEET 0  
FOG 43 FOG W/VIS <= 1/4 MILE 6  
HAZE 16  
 
- INDICATES NEGATIVE NUMBERS.  
R INDICATES RECORD WAS SET OR TIED.  
MM INDICATES DATA IS MISSING.  
T INDICATES TRACE AMOUNT.  
 

 
 
CLICK HERE TO GO TO PREVIOUS BULLETINS.

The Nexlab NY Page
The Nexlab NJ Page
The Nexlab CT Page Main Text Page