138  
CXUS54 KEPZ 010949  
CLMELP  
 
CLIMATE REPORT  
NATIONAL WEATHER SERVICE EPZ  
349 AM MDT SAT AUG 01 2020  
   
...............................
 
 
   
..THE EL PASO CLIMATE SUMMARY FOR THE MONTH OF JULY 2020
 
 
CLIMATE NORMAL PERIOD 1981 TO 2010  
CLIMATE RECORD PERIOD 1879 TO 2020  
 
WEATHER OBSERVED NORMAL DEPART LAST YEAR'S  
VALUE DATE(S) VALUE FROM VALUE DATE(S)  
NORMAL    
............................................................
 
 
TEMPERATURE (F)  
RECORD  
HIGH 112 07/10/1979  
LOW 56 07/23/1880  
HIGHEST 110 07/13 97 13 106 07/21  
LOWEST 66 07/24 67 -1 68 07/23  
07/09  
AVG. MAXIMUM 101.5 94.7 6.8 99.6  
AVG. MINIMUM 76.3 70.9 5.4 75.0  
MEAN 88.9 82.8 6.1 87.3  
DAYS MAX >= 90 31 25.7 5.3 31  
DAYS MAX <= 32 0 0.0 0.0 0  
DAYS MIN <= 32 0 0.0 0.0 0  
DAYS MIN <= 0 0 0.0 0.0 0  
 
PRECIPITATION (INCHES)  
RECORD  
MAXIMUM 8.18 1881  
MINIMUM 0.04 1978  
TOTALS 1.47 1.55 -0.08 0.18  
DAYS >= .01 5 5  
DAYS >= .10 3 0  
DAYS >= .50 1 0  
DAYS >= 1.00 1 0  
GREATEST  
24 HR. TOTAL 1.22 07/23 TO 07/24  
 
DEGREE DAYS  
HEATING TOTAL 0 0 0 0  
SINCE 7/1 0 0 0 0  
COOLING TOTAL 748 552 196 701  
SINCE 1/1 2004 1431 573 1695  
 
FREEZE DATES  
RECORD  
EARLIEST 10/16/1880  
LATEST 05/02/1967  
EARLIEST 10/31  
LATEST 02/25    
............................................................
 
 
WIND (MPH)  
AVERAGE WIND SPEED 7.8  
HIGHEST WIND SPEED/DIRECTION 35/250 DATE 07/15  
HIGHEST GUST SPEED/DIRECTION 51/110 DATE 07/15  
 
SKY COVER  
AVERAGE SKY COVER 0.44  
 
AVERAGE RH (PERCENT) 33  
 
WEATHER CONDITIONS. NUMBER OF DAYS WITH  
THUNDERSTORM 11 MIXED PRECIP 0  
HEAVY RAIN 1 RAIN 1  
LIGHT RAIN 12 FREEZING RAIN 0  
LT FREEZING RAIN 0 HAIL 0  
HEAVY SNOW 0 SNOW 0  
LIGHT SNOW 0 SLEET 0  
FOG 1 FOG W/VIS <= 1/4 MILE 0  
HAZE 3  
 
- INDICATES NEGATIVE NUMBERS.  
R INDICATES RECORD WAS SET OR TIED.  
MM INDICATES DATA IS MISSING.  
T INDICATES TRACE AMOUNT.  
 

 
 
CLICK HERE TO GO TO PREVIOUS BULLETINS.

The Nexlab TX Page
The Nexlab NM Page Main Text Page