226  
CXUS54 KMAF 020005  
CLMMAF  
 
CLIMATE REPORT  
NATIONAL WEATHER SERVICE MIDLAND/ODESSA TX  
605 PM CST WED FEB 01 2023  
   
...............................
 
 
...THE MIDLAND INTERNATIONAL AIRPORT CLIMATE SUMMARY FOR THE MONTH OF JANUARY 2023...  
 
CLIMATE NORMAL PERIOD 1991 TO 2020  
CLIMATE RECORD PERIOD 1930 TO 2023  
 
WEATHER OBSERVED NORMAL DEPART LAST YEAR'S  
VALUE DATE(S) VALUE FROM VALUE DATE(S)  
NORMAL    
............................................................
 
 
TEMPERATURE (F)  
RECORD  
HIGH 84 01/21/1974  
01/17/1974  
LOW -8 01/11/1962  
HIGHEST 78 01/10 57 21 77 01/14  
LOWEST 20 01/30 30 -10 14 01/02  
01/31  
AVG. MAXIMUM 60.0 58.6 1.4 58.4  
AVG. MINIMUM 34.2 32.7 1.5 27.1  
MEAN 47.1 45.7 1.4 42.7  
DAYS MAX >= 90 0 0.0 0.0 0  
DAYS MAX <= 32 2 1.0 1.0 0  
DAYS MIN <= 32 14 18.5 -4.5 21  
DAYS MIN <= 0 0 0.0 0.0 0  
 
PRECIPITATION (INCHES)  
RECORD  
MAXIMUM 4.99 1939  
MINIMUM 0.00 2014  
TOTALS 0.21 0.66 -0.45 0.04  
DAILY AVG. 0.01 0.02 -0.01 0.00  
DAYS >= .01 2 3.6 -1.6 2  
DAYS >= .10 1 1.4 -0.4 0  
DAYS >= .50 0 0.4 -0.4 0  
DAYS >= 1.00 0 0.1 -0.1 0  
GREATEST  
24 HR. TOTAL 0.18 01/24 TO 01/24 0.03  
 
SNOWFALL (INCHES)  
RECORDS  
TOTAL 10.6 2012  
TOTALS T 1.6 -1.6 T  
SINCE 7/1 0.6 3.5 -3.0 MM  
SNOWDEPTH AVG. 0 0  
DAYS >= 1.0 0 0.6 -0.6 0  
GREATEST  
SNOW DEPTH 0 0 MM  
24 HR TOTAL MM MM  
 
DEGREE DAYS  
HEATING TOTAL 550 600 -50 684  
SINCE 7/1 1634 1601 33 MM    
............................................................
 
 
WIND (MPH)  
AVERAGE WIND SPEED 11.2  
HIGHEST WIND SPEED/DIRECTION 44/300 DATE 01/02  
HIGHEST GUST SPEED/DIRECTION 63/300 DATE 01/02  
 
SKY COVER  
POSSIBLE SUNSHINE (PERCENT) MM  
AVERAGE SKY COVER 0.18  
NUMBER OF DAYS FAIR 24  
NUMBER OF DAYS PC 4  
NUMBER OF DAYS CLOUDY 3  
 
AVERAGE RH (PERCENT) 52  
 
WEATHER CONDITIONS. NUMBER OF DAYS WITH  
THUNDERSTORM 0 MIXED PRECIP 0  
HEAVY RAIN 0 RAIN 1  
LIGHT RAIN 5 FREEZING RAIN 0  
LT FREEZING RAIN 2 HAIL 0  
HEAVY SNOW 0 SNOW 0  
LIGHT SNOW 2 SLEET 0  
FOG 5 FOG W/VIS <= 1/4 MILE 0  
HAZE 7  
 
- INDICATES NEGATIVE NUMBERS.  
R INDICATES RECORD WAS SET OR TIED.  
MM INDICATES DATA IS MISSING.  
T INDICATES TRACE AMOUNT.  
 

 
 
CLICK HERE TO GO TO PREVIOUS BULLETINS.

The Nexlab TX Page
The Nexlab NM Page Main Text Page