080  
CXUS54 KMAF 011252  
CLMMAF  
 
CLIMATE REPORT  
NATIONAL WEATHER SERVICE NATIONAL WEATHER SERVICE MIDLAND/ODESSA TX  
752 AM CDT SAT AUG 01 2020  
   
...............................
 
 
...THE MIDLAND INTERNATIONAL AIRPORT CLIMATE SUMMARY FOR THE MONTH OF JULY 2020...  
 
CLIMATE NORMAL PERIOD 1981 TO 2010  
CLIMATE RECORD PERIOD 1930 TO 2020  
 
WEATHER OBSERVED NORMAL DEPART LAST YEAR'S  
VALUE DATE(S) VALUE FROM VALUE DATE(S)  
NORMAL    
............................................................
 
 
TEMPERATURE (F)  
RECORD  
HIGH 112 07/02/1989  
LOW 49 07/13/1936  
HIGHEST 111 07/14 94 17 106 07/09  
LOWEST 69 07/06 69 0 63 07/26  
07/31  
07/25  
07/24  
AVG. MAXIMUM 100.2 94.6 5.6 97.0  
AVG. MINIMUM 74.7 69.7 5.0 70.9  
MEAN 87.5 82.1 5.4 84.0  
DAYS MAX >= 90 31 25.6 5.4 30  
DAYS MAX <= 32 0 0.0 0.0 0  
DAYS MIN <= 32 0 0.0 0.0 0  
DAYS MIN <= 0 0 0.0 0.0 0  
 
PRECIPITATION (INCHES)  
RECORD  
MAXIMUM 8.50 1991  
MINIMUM 0.00 1946  
TOTALS 0.01 1.82 -1.81 2.75  
DAILY AVG. 0.00 0.06 -0.06 0.09  
DAYS >= .01 1 4.9 -3.9 5  
DAYS >= .10 0 2.9 -2.9 3  
DAYS >= .50 0 1.3 -1.3 2  
DAYS >= 1.00 0 0.4 -0.4 2  
GREATEST  
24 HR. TOTAL 0.01 07/31 TO 07/31 1.19  
 
DEGREE DAYS  
COOLING TOTAL 704 532 172 595  
SINCE 1/1 1820 1382 438 1460    
............................................................
 
 
WIND (MPH)  
AVERAGE WIND SPEED 12.0  
HIGHEST WIND SPEED/DIRECTION 35/140 DATE 07/01  
HIGHEST GUST SPEED/DIRECTION 41/150 DATE 07/01  
41/180 07/02  
 
SKY COVER  
POSSIBLE SUNSHINE (PERCENT) MM  
AVERAGE SKY COVER 0.08  
NUMBER OF DAYS FAIR 31  
NUMBER OF DAYS PC 0  
NUMBER OF DAYS CLOUDY 0  
 
AVERAGE RH (PERCENT) 42  
 
WEATHER CONDITIONS. NUMBER OF DAYS WITH  
THUNDERSTORM 4 MIXED PRECIP 0  
HEAVY RAIN 0 RAIN 0  
LIGHT RAIN 3 FREEZING RAIN 0  
LT FREEZING RAIN 0 HAIL 0  
HEAVY SNOW 0 SNOW 0  
LIGHT SNOW 0 SLEET 0  
FOG 0 FOG W/VIS <= 1/4 MILE 0  
HAZE 11  
 
- INDICATES NEGATIVE NUMBERS.  
R INDICATES RECORD WAS SET OR TIED.  
MM INDICATES DATA IS MISSING.  
T INDICATES TRACE AMOUNT.  
 

 
 
CLICK HERE TO GO TO PREVIOUS BULLETINS.

The Nexlab TX Page
The Nexlab NM Page Main Text Page