527  
CXUS51 KALY 141642  
CLMPOU  
 
CLIMATE REPORT...CORRECTED  
NATIONAL WEATHER SERVICE ALBANY NY  
1242 PM EDT FRI AUG 14 2020  
   
...............................
 
 
   
..THE POUGHKEEPSIE NY CLIMATE SUMMARY FOR THE MONTH OF JULY 2020
 
 
CLIMATE NORMAL PERIOD: 1981 TO 2010  
CLIMATE RECORD PERIOD: 1931 TO 2020  
 
WEATHER OBSERVED NORMAL DEPART LAST YEAR'S  
VALUE DATE(S) VALUE FROM VALUE DATE(S)  
NORMAL    
............................................................
 
 
TEMPERATURE (F)  
RECORD  
HIGH 103 07/16/1995  
07/03/1966  
07/10/1936  
LOW 43 07/04/1986  
07/03/1957  
HIGHEST 97 07/19 97 07/21  
07/27  
LOWEST 60 07/02 56 07/01  
AVG. MAXIMUM 89.0 84.4 4.6 88.1  
AVG. MINIMUM 66.6 60.8 5.8 64.7  
MEAN 77.8 72.6 5.2 76.4  
DAYS MAX >= 90 17 6.0 11.0 12  
DAYS MAX <= 32 0 0.0 0.0 0  
DAYS MIN <= 32 0 0.0 0.0 0  
DAYS MIN <= 0 0 0.0 0.0 0  
 
PRECIPITATION (INCHES)  
RECORD  
MAXIMUM 13.63 1975  
MINIMUM 0.72 1968  
TOTALS 2.92 4.65 -1.73 2.56  
DAILY AVG. 0.09 0.08  
DAYS >= .01 11 10.3 0.7 8  
DAYS >= .10 5 7.1 -2.1 5  
DAYS >= .50 1 3.1 -2.1 1  
DAYS >= 1.00 1 1.2 -0.2 1  
GREATEST  
24 HR. TOTAL 1.34 07/08 TO 07/08  
 
DEGREE DAYS  
HEATING TOTAL 0 5 -5 0  
SINCE 7/1 0 0 0 0  
COOLING TOTAL 403 240 163 361  
SINCE 1/1 644 403 241 504    
............................................................
 
 
WIND (MPH)  
AVERAGE WIND SPEED 4.3  
HIGHEST WIND SPEED/DIRECTION 30/020 DATE 07/02  
HIGHEST GUST SPEED/DIRECTION 37/020 DATE 07/02  
 
SKY COVER  
AVERAGE SKY COVER 0.33  
 
AVERAGE RH (PERCENT) 68  
 
WEATHER CONDITIONS. NUMBER OF DAYS WITH  
THUNDERSTORM 8 MIXED PRECIP 0  
HEAVY RAIN 4 RAIN 6  
LIGHT RAIN 12 FREEZING RAIN 0  
LT FREEZING RAIN 0 HAIL 0  
HEAVY SNOW 0 SNOW 0  
LIGHT SNOW 0 SLEET 0  
FOG 13 FOG W/VIS <= 1/4 MILE 4  
HAZE 6  
 
- INDICATES NEGATIVE NUMBERS.  
R INDICATES RECORD WAS SET OR TIED.  
MM INDICATES DATA IS MISSING.  
T INDICATES TRACE AMOUNT.  
 

 
 
CLICK HERE TO GO TO PREVIOUS BULLETINS.

The Nexlab NY Page
The Nexlab VT Page
The Nexlab MA Page
The Nexlab CT Page Main Text Page