530  
CXUS51 KBGM 021903 CCA  
CLMSYR  
 
CLIMATE REPORT...CORRECTED  
NATIONAL WEATHER SERVICE BINGHAMTON, NY  
200 PM EST THU FEB 02 2023  
   
...............................
 
 
   
..THE SYRACUSE NY CLIMATE SUMMARY FOR THE MONTH OF JANUARY 2023
 
 
CLIMATE NORMAL PERIOD 1991 TO 2020  
CLIMATE RECORD PERIOD 1902 TO 2023  
 
WEATHER OBSERVED NORMAL DEPART LAST YEAR'S  
VALUE DATE(S) VALUE FROM VALUE DATE(S)  
NORMAL    
............................................................
 
 
TEMPERATURE (F)  
RECORD  
HIGH 70 01/08/2008  
01/25/1967  
01/08/1998  
LOW -26 01/26/1966  
HIGHEST 50 01/01 31 19 49 01/01  
LOWEST 13 01/15 15 -2 -9 01/22  
01/30  
AVG. MAXIMUM 37.4 31.7 5.7 29.6  
AVG. MINIMUM 27.1 16.5 10.6 9.4  
MEAN 32.3 24.1 8.2 19.5  
DAYS MAX >= 90 0 0.0 0.0 0  
DAYS MAX <= 32 4 16.0 -12.0 18  
DAYS MIN <= 32 25 27.7 -2.7 29  
DAYS MIN <= 0 0 4.1 -4.1 10  
 
PRECIPITATION (INCHES)  
RECORD  
MAXIMUM 5.77 1978  
MINIMUM 1.02 1970  
TOTALS 4.07 2.58 1.49 1.90  
DAILY AVG. 0.13 0.08 0.05 0.06  
DAYS >= .01 21 18.9 2.1 15  
DAYS >= .10 12 7.0 5.0 6  
DAYS >= .50 4 1.3 2.7 1  
DAYS >= 1.00 0 0.3 -0.3 0  
GREATEST  
24 HR. TOTAL 1.00 01/19 TO 01/20  
 
SNOWFALL (INCHES)  
RECORDS  
TOTAL 78.1 2004  
24 HR TOTAL 22.0 01/31/1966 TO 01/31/1966  
SNOW DEPTH 39 01/31/1966  
TOTALS 10.2 34.0 -23.8 23.5  
SINCE 7/1 30.3 74.6 -44.3 37.2  
SNOWDEPTH AVG. 1 5  
DAYS >= TRACE 22 17.8 4.2 25  
DAYS >= 1.0 4 9.4 -5.4 8  
GREATEST  
SNOW DEPTH 4 01/27 10 01/26  
24 HR TOTAL 2.4 01/23 TO 01/23  
01/30 TO 01/31  
 
DEGREE DAYS  
HEATING TOTAL 1009 1268 -259 1401  
SINCE 7/1 3101 3655 -554 3186  
COOLING TOTAL 0 0 0 0  
SINCE 1/1 0 0 0 0    
............................................................
 
 
WIND (MPH)  
AVERAGE WIND SPEED 7.9  
RESULTANT WIND SPEED/DIRECTION 3/280  
HIGHEST WIND SPEED/DIRECTION 30/250 DATE 01/28  
HIGHEST GUST SPEED/DIRECTION 39/280 DATE 01/26  
 
SKY COVER  
POSSIBLE SUNSHINE (PERCENT) MM  
AVERAGE SKY COVER 0.92  
NUMBER OF DAYS FAIR 0  
NUMBER OF DAYS PC 3  
NUMBER OF DAYS CLOUDY 28  
 
AVERAGE RH (PERCENT) 79  
 
WEATHER CONDITIONS. NUMBER OF DAYS WITH  
THUNDERSTORM 0 MIXED PRECIP 1  
HEAVY RAIN 3 RAIN 7  
LIGHT RAIN 14 FREEZING RAIN 0  
LT FREEZING RAIN 3 HAIL 0  
HEAVY SNOW 1 SNOW 1  
LIGHT SNOW 21 SLEET 4  
FOG 25 FOG W/VIS <= 1/4 MILE 1  
HAZE 4  
 
- INDICATES NEGATIVE NUMBERS.  
R INDICATES RECORD WAS SET OR TIED.  
MM INDICATES DATA IS MISSING.  
T INDICATES TRACE AMOUNT.  
 

 
ADDED DATES FOR GREATEST 24 HOUR SNOWFALL  
REPLACED MISSING 2022 DATA WITH ACTUAL  
9TH WARMEST JANUARY RECORD 1932 37.1F  
 

 
 
TAC  
 
CLICK HERE TO GO TO PREVIOUS BULLETINS.

The Nexlab NY Page
The Nexlab PA Page Main Text Page