778  
CXUS51 KBTV 011303  
CLMMVL  
 
CLIMATE REPORT  
NATIONAL WEATHER SERVICE BURLINGTON VT  
903 AM EDT SAT AUG 01 2020  
   
...............................
 
 
   
..THE MORRISVILLE VT CLIMATE SUMMARY FOR THE MONTH OF JULY 2020
 
 
CLIMATE NORMAL PERIOD: 1981 TO 2010  
CLIMATE RECORD PERIOD: 9999 TO 9999  
 
WEATHER OBSERVED NORMAL DEPART LAST YEAR'S  
VALUE DATE(S) VALUE FROM VALUE DATE(S)  
NORMAL    
............................................................
 
 
TEMPERATURE (F)  
RECORD  
HIGH 97  
LOW 40  
HIGHEST 92 07/09 MM MM 91 07/20  
LOWEST 50 07/07 MM MM 43 07/08  
AVG. MAXIMUM 83.9 79.7 4.2 82.6  
AVG. MINIMUM 60.4 55.6 4.8 56.3  
MEAN 72.1 67.7 4.4 69.5  
DAYS MAX >= 90 5 1.1 3.9 1  
DAYS MAX <= 32 0 0.0 0.0 0  
DAYS MIN <= 32 0 0.0 0.0 0  
DAYS MIN <= 0 0 0.0 0.0 0  
 
PRECIPITATION (INCHES)  
RECORD  
MAXIMUM MM MM  
MINIMUM MM MM  
TOTALS 4.59 4.13 0.46 2.71  
DAILY AVG. 0.15 0.13 0.01 0.09  
DAYS >= .01 12 MM MM 8  
DAYS >= .10 9 MM MM 7  
DAYS >= .50 5 MM MM 1  
DAYS >= 1.00 0 MM MM 0  
GREATEST  
24 HR. TOTAL 0.94 07/11 TO 07/12 0.69 07/11 TO 07/11  
STORM TOTAL 0.86 MM  
(MM/DD(HH)) MM  
 
DEGREE DAYS  
HEATING TOTAL 0 30 -30 10  
SINCE 7/1 0 32 -32 10  
COOLING TOTAL 229 112 117 154  
SINCE 1/1 350 168 182 182    
............................................................
 
 
WIND (MPH)  
AVERAGE WIND SPEED 3.8  
HIGHEST WIND SPEED/DIRECTION 24/340 DATE 07/08  
HIGHEST GUST SPEED/DIRECTION 37/360 DATE 07/08  
 
SKY COVER  
POSSIBLE SUNSHINE (PERCENT) MM  
AVERAGE SKY COVER 0.48  
NUMBER OF DAYS FAIR 12  
NUMBER OF DAYS PC 14  
NUMBER OF DAYS CLOUDY 5  
 
AVERAGE RH (PERCENT) 73  
 
WEATHER CONDITIONS. NUMBER OF DAYS WITH  
THUNDERSTORM 7 MIXED PRECIP 0  
HEAVY RAIN 7 RAIN 6  
LIGHT RAIN 14 FREEZING RAIN 0  
LT FREEZING RAIN 0 HAIL 0  
HEAVY SNOW 0 SNOW 0  
LIGHT SNOW 0 SLEET 0  
FOG 26 FOG W/VIS <= 1/4 MILE 15  
HAZE 2  
 
- INDICATES NEGATIVE NUMBERS.  
R INDICATES RECORD WAS SET OR TIED.  
MM INDICATES DATA IS MISSING.  
T INDICATES TRACE AMOUNT.  
 

 
 
CLICK HERE TO GO TO PREVIOUS BULLETINS.

The Nexlab VT Page
The Nexlab NY Page Main Text Page