436  
CXUS51 KCLE 050045  
CLMTOL  
 
CLIMATE REPORT  
NATIONAL WEATHER SERVICE CLEVELAND, OH  
745 PM EST MON JAN 04 2021  
   
...............................
 
 
   
..THE TOLEDO OH CLIMATE SUMMARY FOR THE MONTH OF DECEMBER 2020
 
 
CLIMATE NORMAL PERIOD 1981 TO 2010  
CLIMATE RECORD PERIOD 1873 TO 2021  
 
WEATHER OBSERVED NORMAL DEPART LAST YEAR'S  
VALUE DATE(S) VALUE FROM VALUE  
NORMAL    
..........................................................
 
 
TEMPERATURE (F)  
RECORD  
HIGH 70 12/05/2001  
12/29/1889  
LOW -19 12/22/1989  
HIGHEST 59 12/12  
LOWEST 15 12/27  
AVG. MAXIMUM 41.5 36.4 5.1 44.3  
AVG. MINIMUM 27.9 23.1 4.8 28.5  
MEAN 34.7 29.7 5.0 36.4  
DAYS MAX >= 90 0 0.0 0.0 0  
DAYS MAX <= 32 4 10.5 -6.5 3  
DAYS MIN <= 32 24 24.8 -0.8 23  
DAYS MIN <= 0 0 1.0 -1.0 0  
 
PRECIPITATION (INCHES)  
RECORD  
MAXIMUM 6.81 1967  
MINIMUM 0.33 1919  
TOTALS 1.27 2.68 -1.41 2.45  
DAYS >= .01 14 13.1 0.9 9  
DAYS >= .10 4 6.6 -2.6 4  
DAYS >= .50 0 1.5 -1.5 1  
DAYS >= 1.00 0 0.3 -0.3 0  
GREATEST  
24 HR. TOTAL 0.41 12/12 TO 12/12 1.37  
 
SNOWFALL (INCHES)  
RECORDS  
TOTAL 26.0 2000  
TOTALS 4.6 7.4 -2.8 1.8  
SINCE 7/1 5.9 9.5 -3.6 5.9  
DAYS >= 1.0 2 2.3 -0.3 1  
GREATEST  
24 HR TOTAL 1.3 12/17 TO 12/17  
 
DEGREE DAYS  
HEATING TOTAL 929 1092 -163 880  
SINCE 7/1 1913 2325 -412 1999  
COOLING TOTAL 0 0 0 0  
SINCE 1/1 1121 793 328 1232    
..........................................................
 
 
WIND (MPH)  
AVERAGE WIND SPEED 9.0  
HIGHEST WIND SPEED/DIRECTION 33/260 DATE 12/28  
HIGHEST GUST SPEED/DIRECTION 48/230 DATE 12/12  
 
SKY COVER  
AVERAGE SKY COVER 0.66  
 
AVERAGE RH (PERCENT) 68  
 
WEATHER CONDITIONS. NUMBER OF DAYS WITH  
THUNDERSTORM 0 MIXED PRECIP 0  
HEAVY RAIN 0 RAIN 3  
LIGHT RAIN 10 FREEZING RAIN 0  
LT FREEZING RAIN 0 HAIL 0  
HEAVY SNOW 1 SNOW 4  
LIGHT SNOW 10 SLEET 0  
FOG 14 FOG W/VIS <= 1/4 MILE 1  
HAZE 14  
 
- INDICATES NEGATIVE NUMBERS.  
R INDICATES RECORD WAS SET OR TIED.  
MM INDICATES DATA IS MISSING.  
T INDICATES TRACE AMOUNT.  
 

 
 
CLICK HERE TO GO TO PREVIOUS BULLETINS.

The Nexlab OH Page
The Nexlab PA Page Main Text Page