175  
CXUS51 KILN 010633  
CLMCMH  
 
CLIMATE REPORT  
NATIONAL WEATHER SERVICE WILMINGTON OH  
233 AM EDT SAT AUG 01 2020  
   
...............................
 
 
   
..THE COLUMBUS OH CLIMATE SUMMARY FOR THE MONTH OF JULY 2020
 
 
CLIMATE NORMAL PERIOD: 1981 TO 2010  
CLIMATE RECORD PERIOD: 1869 TO 2020  
 
WEATHER OBSERVED NORMAL DEPART LAST YEAR'S  
VALUE DATE(S) VALUE FROM VALUE DATE(S)  
NORMAL    
............................................................
 
 
TEMPERATURE (F)  
RECORD  
HIGH 106 07/14/1936  
07/21/1934  
LOW 43 07/06/1972  
HIGHEST 97 07/06 85 12 94 07/21  
07/07  
07/20  
07/02  
LOWEST 63 07/13 64 -1 57 07/25  
07/14  
AVG. MAXIMUM 90.2 84.9 5.3 88.1  
AVG. MINIMUM 68.5 65.5 3.0 67.9  
MEAN 79.3 75.2 4.1 78.0  
DAYS MAX >= 90 20 5.6 14.4 14  
DAYS MAX <= 32 0 0.0 0.0 0  
DAYS MIN <= 32 0 0.0 0.0 0  
DAYS MIN <= 0 0 0.0 0.0 0  
 
PRECIPITATION (INCHES)  
TOTALS 3.62 4.79 -1.17 3.22  
DAILY AVG. 0.12 0.15 -0.03 0.10  
DAYS >= .01 9 10.6 -1.6 11  
DAYS >= .10 7 7.2 -0.2 8  
DAYS >= .50 3 3.3 -0.3 3  
DAYS >= 1.00 1 1.2 -0.2 0  
GREATEST  
24 HR. TOTAL 1.34 07/07 TO 07/07 0.72 07/21 TO 07/21  
07/31 TO 07/31  
07/31 TO 07/31  
STORM TOTAL 1.34 MM  
(MM/DD(HH)) 07/21(0) TO 07/21(0)  
07/31(0) TO 07/31(0)  
07/31(0) TO 07/31(0)  
 
SNOWFALL (INCHES)  
TOTALS 0.0 0.0 0.0 0.0  
SINCE 7/1 0.0 0.0 0.0 0.0  
DAYS >= TRACE 0 0.0 0.0 0  
DAYS >= 1.0 0 0.0 0.0 0  
GREATEST  
24 HR TOTAL 0.0 0.0 07/31 TO 07/31  
07/31 TO 07/31  
07/31 TO 07/31  
STORM TOTAL 0.0 0.0  
(MM/DD(HH)) 07/31(0) TO 07/31(0)  
07/31(0) TO 07/31(0)  
 
DEGREE DAYS  
HEATING TOTAL 0 0 0 0  
SINCE 7/1 0 0 0 0  
COOLING TOTAL 453 310 143 414  
SINCE 1/1 798 608 190 742    
............................................................
 
 
WIND (MPH)  
AVERAGE WIND SPEED 5.7  
RESULTANT WIND SPEED/DIRECTION 1/250  
HIGHEST WIND SPEED/DIRECTION 46/260 DATE 07/10  
HIGHEST GUST SPEED/DIRECTION 56/260 DATE 07/10  
 
SKY COVER  
AVERAGE SKY COVER 0.49  
 
AVERAGE RH (PERCENT) 66  
 
WEATHER CONDITIONS. NUMBER OF DAYS WITH  
THUNDERSTORM 7 MIXED PRECIP 0  
HEAVY RAIN 3 RAIN 6  
LIGHT RAIN 11 FREEZING RAIN 0  
LT FREEZING RAIN 0 HAIL 0  
HEAVY SNOW 0 SNOW 0  
LIGHT SNOW 0 SLEET 0  
FOG 11 FOG W/VIS <= 1/4 MILE 0  
HAZE 3  
 
- INDICATES NEGATIVE NUMBERS.  
R INDICATES RECORD WAS SET OR TIED.  
MM INDICATES DATA IS MISSING.  
T INDICATES TRACE AMOUNT.  
 

 
 
CLICK HERE TO GO TO PREVIOUS BULLETINS.

The Nexlab OH Page
The Nexlab IN Page
The Nexlab KY Page Main Text Page