380  
CXUS54 KOUN 011332  
CLMLAW  
 
CLIMATE REPORT  
NATIONAL WEATHER SERVICE NORMAN OK  
832 AM CDT THU APR 01 2021  
   
...............................
 
 
   
..THE LAWTON CLIMATE SUMMARY FOR THE MONTH OF MARCH 2021
 
 
CLIMATE NORMAL PERIOD 1981 TO 2010  
CLIMATE RECORD PERIOD 1912 TO 2021  
 
WEATHER OBSERVED NORMAL DEPART LAST YEAR'S  
VALUE DATE(S) VALUE FROM VALUE  
NORMAL    
..........................................................
 
 
TEMPERATURE (F)  
RECORD  
HIGH 98 03/27/1971  
03/31/1940  
LOW 6 03/12/1948  
03/11/1948  
HIGHEST 85 86 -1 92  
LOWEST 25 21 4 25  
AVG. MAXIMUM 69.7 66.8 2.9  
AVG. MINIMUM 41.6 40.8 0.8 45.4  
MEAN 55.7 53.8 1.9 57.4  
DAYS MAX >= 90 0 0.5 -0.5 1  
DAYS MAX <= 32 0 0.0 0.0 0  
DAYS MIN <= 32 5 4.7 0.3 3  
DAYS MIN <= 0 0 0.0 0.0 0  
 
PRECIPITATION (INCHES)  
RECORD  
MAXIMUM 6.89 1953  
MINIMUM T 1971  
1940  
1925  
TOTALS 1.35 2.33 -0.98  
DAILY AVG. 0.04 0.08 -0.04 0.17  
DAYS >= .01 4 6.6 -2.6 13  
DAYS >= .10 2 4.2 -2.2 7  
DAYS >= .50 1 2.0 -1.0 3  
DAYS >= 1.00 0 0.8 -0.8 2  
GREATEST  
24 HR. TOTAL 0.79 03/22 TO 03/22  
 
SNOWFALL (INCHES)  
TOTALS 0.0  
SINCE 7/1 12.9  
 
DEGREE DAYS  
HEATING TOTAL 291 364 -73 251  
SINCE 7/1 3093 2982 111 2869  
COOLING TOTAL 11 17 -6 22  
SINCE 1/1 11 18 -7 22    
..........................................................
 
 
WIND (MPH)  
AVERAGE WIND SPEED 11.1  
HIGHEST WIND SPEED/DIRECTION 35/120 DATE 03/22  
HIGHEST GUST SPEED/DIRECTION 46/340 DATE 03/17  
 
WEATHER CONDITIONS. NUMBER OF DAYS WITH  
THUNDERSTORM 2 MIXED PRECIP 0  
HEAVY RAIN 2 RAIN 2  
LIGHT RAIN 3 FREEZING RAIN 0  
LT FREEZING RAIN 0 HAIL 0  
HEAVY SNOW 0 SNOW 0  
LIGHT SNOW 0 SLEET 0  
FOG 6 FOG W/VIS <= 1/4 MILE 0  
HAZE 3  
 
- INDICATES NEGATIVE NUMBERS.  
R INDICATES RECORD WAS SET OR TIED.  
MM INDICATES DATA IS MISSING.  
T INDICATES TRACE AMOUNT.   
..........................................................
 
 
RECORDS/REMARKS  
NEW RECORD DAILY RAINFALL OF 0.79 INCHES SET MARCH 22ND.  
JAN - MAR 2021 PRECIPITATION TOTAL IS 2.65 INCHES.  
 

 
 
CLICK HERE TO GO TO PREVIOUS BULLETINS.

The Nexlab OK Page
The Nexlab TX Page Main Text Page