436  
CXUS51 KBGM 020034 CCA  
CLMSYR  
 
CLIMATE REPORT...CORRECTED  
NATIONAL WEATHER SERVICE BINGHAMTON NY  
834 PM EDT SAT AUG 1 2020  
   
...............................
 
 
   
..THE SYRACUSE NY CLIMATE SUMMARY FOR THE MONTH OF JULY 2020
 
 
CLIMATE NORMAL PERIOD 1981 TO 2010  
CLIMATE RECORD PERIOD 1902 TO 2020  
 
WEATHER OBSERVED NORMAL DEPART LAST YEAR'S  
VALUE DATE(S) VALUE FROM VALUE DATE(S)  
NORMAL    
............................................................
 
 
TEMPERATURE (F)  
RECORD  
HIGH 101 07/17/2012  
07/21/2011  
07/03/1966  
LOW 45 07/25/1976  
07/20/1965  
HIGHEST 98 07/09 82 16 95 07/16  
LOWEST 59 07/31 60 -1 54 07/08  
07/05 07/01  
AVG. MAXIMUM 87.9R 81.6 6.3 85.6  
AVG. MINIMUM 66.4 61.0 5.4 64.1  
MEAN 77.1 71.3 5.8 74.8  
DAYS MAX >= 90 10 2.9 7.1 8  
DAYS MAX <= 32 0 0.0 0.0 0  
DAYS MIN <= 32 0 0.0 0.0 0  
DAYS MIN <= 0 0 0.0 0.0 0  
 
PRECIPITATION (INCHES)  
RECORD  
MAXIMUM 10.12 2006  
MINIMUM 0.90 1969  
TOTALS 5.22 3.78 1.44 3.40  
DAILY AVG. 0.17 0.12 0.05 0.11  
DAYS >= .01 12 11.3 0.7 10  
DAYS >= .10 10 7.0 3.0 4  
DAYS >= .50 2 2.7 -0.7 3  
DAYS >= 1.00 2 0.7 1.3 2  
GREATEST  
24 HR. TOTAL 2.36 07/11 TO 07/12+  
 
SNOWFALL (INCHES)  
RECORDS  
TOTAL T 2019  
1954  
24 HR TOTAL T 07/29/2019 TO 07/29/2019  
07/14/1954 TO 07/14/1954  
SNOW DEPTH 0 MM  
TOTALS 0.0 0.0 0.0 T  
SINCE 7/1 0.0 0.0 0.0 T  
SNOWDEPTH AVG. 0 MM MM 0  
DAYS >= TRACE 0 0.0 0.0 1  
DAYS >= 1.0 0 0.0 0.0 0  
GREATEST  
SNOW DEPTH 0 MM 0 MM  
24 HR TOTAL 0  
 
DEGREE_DAYS  
HEATING TOTAL 0 8 -8 0  
SINCE 7/1 0 8 -8 0  
COOLING TOTAL 385 203 182 314  
SINCE 1/1 640 346 294 410    
.............................................................
 
 
WIND (MPH)  
AVERAGE WIND SPEED 6.9  
RESULTANT WIND SPEED/DIRECTION 3/255  
HIGHEST WIND SPEED/DIRECTION 29/250 DATE 07/11  
HIGHEST GUST SPEED/DIRECTION 38/280 DATE 07/27  
 
SKY COVER  
POSSIBLE SUNSHINE (PERCENT) MM  
AVERAGE SKY COVER 0.60  
NUMBER OF DAYS FAIR 3  
NUMBER OF DAYS PC 24  
NUMBER OF DAYS CLOUDY 4  
 
AVERAGE RH (PERCENT) 65  
 
WEATHER CONDITIONS. NUMBER OF DAYS WITH  
THUNDERSTORM 6 MIXED PRECIP 0  
HEAVY RAIN 2 RAIN 7  
LIGHT RAIN 14 FREEZING RAIN 0  
LT FREEZING RAIN 0 HAIL 0  
HEAVY SNOW 0 SNOW 0  
LIGHT SNOW 0 SLEET 0  
FOG 11 FOG W/VIS <= 1/4 MILE 1  
HAZE 1  
 
- INDICATES NEGATIVE NUMBERS.  
R INDICATES RECORD WAS SET OR TIED.  
MM INDICATES DATA IS MISSING.  
T INDICATES TRACE AMOUNT.  
 

 
WARMEST JULY AND MONTH OLD RECORD 76.6 IN 1955 AND 1921  
GREATEST 24 HOUR PRECIPITATION WAS LAST OF SEVERAL  
 

 
 
TAC  
 
CLICK HERE TO GO TO PREVIOUS BULLETINS.

The Nexlab NY Page
The Nexlab PA Page Main Text Page