301  
CXUS53 KUNR 011616  
CLMGCC  
 
CLIMATE REPORT  
NATIONAL WEATHER SERVICE RAPID CITY SD  
916 AM MST WED FEB 01 2023  
   
...............................
 
 
...THE GILLETTE AIRPORT WY CLIMATE SUMMARY FOR THE MONTH OF JANUARY 2023...  
 
CLIMATE NORMAL PERIOD 1991 TO 2020  
CLIMATE RECORD PERIOD 9999 TO 9999  
 
WEATHER OBSERVED NORMAL DEPART LAST YEAR'S  
VALUE DATE(S) VALUE FROM VALUE DATE(S)  
NORMAL    
............................................................
 
 
TEMPERATURE (F)  
HIGHEST 49 01/14 58 01/12  
LOWEST -19 01/29 -21 01/01  
01/30  
AVG. MAXIMUM 33.1 36.1 -3.0 40.5  
AVG. MINIMUM 17.3 14.3 3.0 15.0  
MEAN 25.2 25.2 -0.0 27.8  
DAYS MAX >= 90 0 0  
DAYS MAX <= 32 10 5  
DAYS MIN <= 32 29 30  
DAYS MIN <= 0 5 4  
 
PRECIPITATION (INCHES)  
TOTALS 0.82 0.33 0.49 0.20  
DAILY AVG. 0.03 0.01 0.02 0.01  
DAYS >= .01 13 6  
DAYS >= .10 2 0  
DAYS >= .50 0 0  
DAYS >= 1.00 0 0  
GREATEST  
24 HR. TOTAL 0.45 01/01 TO 01/02 0.11  
 
DEGREE DAYS  
HEATING TOTAL 1226 1234 -8 1145  
SINCE 7/1 4357 4285 72 MM  
COOLING TOTAL 0 0 0 0  
SINCE 1/1 0 0 0 MM    
............................................................
 
 
WIND (MPH)  
AVERAGE WIND SPEED 9.9  
HIGHEST WIND SPEED/DIRECTION 36/220 DATE 01/14  
HIGHEST GUST SPEED/DIRECTION 47/230 DATE 01/14  
 
AVERAGE RH (PERCENT) 74  
 
WEATHER CONDITIONS. NUMBER OF DAYS WITH  
THUNDERSTORM 0 MIXED PRECIP 0  
HEAVY RAIN 0 RAIN 0  
LIGHT RAIN 0 FREEZING RAIN 0  
LT FREEZING RAIN 0 HAIL 0  
HEAVY SNOW 1 SNOW 3  
LIGHT SNOW 14 SLEET 0  
FOG 17 FOG W/VIS <= 1/4 MILE 4  
HAZE 6  
 
- INDICATES NEGATIVE NUMBERS.  
R INDICATES RECORD WAS SET OR TIED.  
MM INDICATES DATA IS MISSING.  
T INDICATES TRACE AMOUNT.  
 

 
 
CLICK HERE TO GO TO PREVIOUS BULLETINS.

The Nexlab SD Page
The Nexlab WY Page Main Text Page