280  
CXUS54 KMEG 052157  
CLMJBR  
 
CLIMATE REPORT  
NATIONAL WEATHER SERVICE MEMPHIS TN  
457 PM CDT FRI AUG 05 2022  
   
...............................
 
 
   
..THE JONESBORO CLIMATE SUMMARY FOR THE MONTH OF JULY 2022
 
 
CLIMATE NORMAL PERIOD 1991 TO 2020  
CLIMATE RECORD PERIOD 1897 TO 2022  
 
WEATHER OBSERVED NORMAL DEPART LAST YEAR'S  
VALUE DATE(S) VALUE FROM VALUE DATE(S)  
NORMAL    
............................................................
 
 
TEMPERATURE (F)  
RECORD  
HIGH 116 07/12/1901  
LOW 50 07/06/1915  
07/25/1911  
HIGHEST 102 07/08 MM MM 100 07/30  
07/31  
LOWEST 67 07/30 MM MM 60 07/04  
AVG. MAXIMUM 93.8 91.2 2.6 91.1  
AVG. MINIMUM 75.3 72.3 3.0 71.0  
MEAN 84.6 81.7 2.9 81.0  
DAYS MAX >= 90 26 19.9 6.1 17  
DAYS MAX <= 32 0 0.0 0.0 0  
DAYS MIN <= 32 0 0.0 0.0 0  
DAYS MIN <= 0 0 0.0 0.0 0  
 
PRECIPITATION (INCHES)  
RECORD  
MAXIMUM 7.96 1922  
MINIMUM 0.08 1980  
TOTALS 6.27 3.69 2.58 2.12  
DAILY AVG. 0.20 0.12 0.08 0.07  
DAYS >= .01 8 9.1 -1.1 7  
DAYS >= .10 6 5.4 0.6 5  
DAYS >= .50 4 2.4 1.6 2  
DAYS >= 1.00 2 0.9 1.1 0  
GREATEST  
24 HR. TOTAL 3.62 07/28 TO 07/29  
 
SNOWFALL (INCHES)  
RECORDS  
TOTAL MM MM  
TOTALS MM MM MM MM  
SINCE 7/1 MM MM MM MM  
SNOWDEPTH AVG. MM MM  
DAYS >= 1.0 MM MM MM MM  
GREATEST  
SNOW DEPTH MM MM MM  
24 HR TOTAL MM  
 
DEGREE DAYS  
HEATING TOTAL 0 0 0 0  
SINCE 7/1 0 0 0 MM  
COOLING TOTAL 615 519 96 505  
SINCE 1/1 1343 1195 148 MM    
............................................................
 
 
WIND (MPH)  
AVERAGE WIND SPEED 7.6  
HIGHEST WIND SPEED/DIRECTION 31/240 DATE 07/29  
HIGHEST GUST SPEED/DIRECTION 41/260 DATE 07/17  
 
SKY COVER  
POSSIBLE SUNSHINE (PERCENT) MM  
AVERAGE SKY COVER 0.20  
NUMBER OF DAYS FAIR 26  
NUMBER OF DAYS PC 2  
NUMBER OF DAYS CLOUDY 3  
 
AVERAGE RH (PERCENT) 69  
 
WEATHER CONDITIONS. NUMBER OF DAYS WITH  
THUNDERSTORM 6 MIXED PRECIP MM  
HEAVY RAIN 4 RAIN 5  
LIGHT RAIN 8 FREEZING RAIN MM  
LT FREEZING RAIN MM HAIL MM  
HEAVY SNOW MM SNOW MM  
LIGHT SNOW MM SLEET MM  
FOG 9 FOG W/VIS <= 1/4 MILE MM  
HAZE MM  
 
- INDICATES NEGATIVE NUMBERS.  
R INDICATES RECORD WAS SET OR TIED.  
MM INDICATES DATA IS MISSING.  
T INDICATES TRACE AMOUNT.  
 

 
 
CLICK HERE TO GO TO PREVIOUS BULLETINS.

The Nexlab TN Page
The Nexlab MS Page
The Nexlab AR Page Main Text Page

The Nexlab TN Page
The Nexlab MS Page
The Nexlab AR Page Main Text Page