209  
CXUS54 KAMA 011222  
CLMDHT  
 
CLIMATE REPORT  
NATIONAL WEATHER SERVICE AMARILLO  
622 AM CST WED FEB 01 2023  
   
...............................
 
 
   
..THE DALHART CLIMATE SUMMARY FOR THE MONTH OF JANUARY 2023
 
 
CLIMATE NORMAL PERIOD: 1991 TO 2020  
CLIMATE RECORD PERIOD: 1948 TO 2023  
 
WEATHER OBSERVED NORMAL DEPART LAST YEAR'S  
VALUE DATE(S) VALUE FROM VALUE DATE(S)  
NORMAL    
............................................................
 
 
TEMPERATURE (F)  
RECORD  
HIGH 82 01/05/1956  
LOW -21 01/04/1959  
HIGHEST 72 01/10 70 01/07  
01/14  
01/08  
LOWEST 7 01/30 0 01/02  
AVG. MAXIMUM 50.7 51.3 -0.6 52.8  
AVG. MINIMUM 22.4 21.4 1.0 17.2  
MEAN 36.5 36.3 0.2 35.0  
DAYS MAX >= 90 0 0.0 0.0 0  
DAYS MAX <= 32 3 2.8 0.2 2  
DAYS MIN <= 32 28 29.1 -1.1 29  
DAYS MIN <= 0 0 0.2 -0.2 1  
 
PRECIPITATION (INCHES)  
TOTALS 0.03 0.47 -0.44 0.04  
DAILY AVG. 0.00 0.02 -0.02 0.00  
DAYS >= .01 1 2.9 -1.9 2  
DAYS >= .10 0 1.2 -1.2 0  
DAYS >= .50 0 0.2 -0.2 0  
DAYS >= 1.00 0 0.1 -0.1 0  
GREATEST  
24 HR. TOTAL 0.03 01/02 TO 01/02  
 
SNOWFALL (INCHES)  
TOTALS MM 4.2 MM MM  
SINCE 7/1 MM 12.4 MM MM  
DAYS >= TRACE 0 1.8 -1.8  
DAYS >= 1.0 0 1.2 -1.2 0  
GREATEST  
SNOW DEPTH MM  
24 HR TOTAL MM  
 
DEGREE DAYS  
HEATING TOTAL 875 888 -13 922  
SINCE 7/1 2704 2688 16 MM  
COOLING TOTAL 0 0 0 0  
SINCE 1/1 0 0 0 MM    
............................................................
 
 
WIND (MPH)  
AVERAGE WIND SPEED 11.0  
HIGHEST WIND SPEED/DIRECTION 41/260 DATE 01/11  
HIGHEST GUST SPEED/DIRECTION 56/250 DATE 01/11  
 
SKY COVER  
POSSIBLE SUNSHINE (PERCENT) MM  
NUMBER OF DAYS FAIR 25  
NUMBER OF DAYS PC 2  
NUMBER OF DAYS CLOUDY 4  
 
AVERAGE RH (PERCENT) 55  
 
WEATHER CONDITIONS. NUMBER OF DAYS WITH  
THUNDERSTORM 0 MIXED PRECIP 0  
HEAVY RAIN 0 RAIN 1  
LIGHT RAIN 3 FREEZING RAIN 0  
LT FREEZING RAIN 0 HEAVY SNOW 0  
SNOW 1 LIGHT SNOW 5  
SLEET 0 FOG 6  
FOG W/VIS <= 1/4 MILE 2 HAZE 6  
 
- INDICATES NEGATIVE NUMBERS.  
R INDICATES RECORD WAS SET OR TIED.  
MM INDICATES DATA IS MISSING.  
T INDICATES TRACE AMOUNT.  
 

 
 
CLICK HERE TO GO TO PREVIOUS BULLETINS.

The Nexlab TX Page
The Nexlab OK Page Main Text Page

The Nexlab TX Page
The Nexlab OK Page Main Text Page