492  
CXUS54 KAMA 011536  
CLMAMA  
 
CLIMATE REPORT  
NATIONAL WEATHER SERVICE AMARILLO  
1036 AM CDT WED JUL 01 2020  
   
...............................
 
 
   
..THE AMARILLO CLIMATE SUMMARY FOR THE MONTH OF JUNE 2020
 
 
CLIMATE NORMAL PERIOD: 1981 TO 2010  
CLIMATE RECORD PERIOD: 1892 TO 2020  
 
WEATHER OBSERVED NORMAL DEPART LAST YEAR'S  
VALUE DATE(S) VALUE FROM VALUE DATE(S)  
NORMAL    
............................................................
 
 
TEMPERATURE (F)  
RECORD  
HIGH 111 06/26/2011  
LOW 38 06/02/1917  
HIGHEST 100 06/08 100 06/20  
06/29  
LOWEST 45 06/10 53 06/10  
06/09  
AVG. MAXIMUM 93.1 87.7 5.4 86.9  
AVG. MINIMUM 63.5 61.0 2.5 58.6  
MEAN 78.3 74.4 3.9 72.8  
DAYS MAX >= 90 24 12.1 11.9 9  
DAYS MAX <= 32 0 0.0 0.0 0  
DAYS MIN <= 32 0 0.0 0.0 0  
DAYS MIN <= 0 0 0.0 0.0 0  
 
PRECIPITATION (INCHES)  
RECORD  
MAXIMUM 10.73 1965  
MINIMUM 0.01 1953  
TOTALS 2.79 3.16 -0.37 2.79  
DAILY AVG. 0.09 0.11 -0.02 0.09  
DAYS >= .01 4 8.5 -4.5 10  
DAYS >= .10 4 5.4 -1.4 4  
DAYS >= .50 2 2.5 -0.5 2  
DAYS >= 1.00 1 0.8 0.2 1  
GREATEST  
24 HR. TOTAL 1.74 06/19 TO 06/19  
 
SNOWFALL (INCHES)  
RECORDS  
TOTAL T 2008  
TOTALS TR 0.0 0.0 0.0  
SINCE 7/1 11.9 17.8 -5.9 MM  
DAYS >= TRACE 2 0.0 2.0 0  
DAYS >= 1.0 0 0.0 0.0 0  
GREATEST  
SNOW DEPTH 0  
24 HR TOTAL MM  
 
DEGREE DAYS  
HEATING TOTAL 0 7 -7 4  
SINCE 7/1 3925 4176 -251 4106  
COOLING TOTAL 407 288 119 244  
SINCE 1/1 587 413 174 306    
............................................................
 
 
WIND (MPH)  
AVERAGE WIND SPEED 16.7  
HIGHEST WIND SPEED/DIRECTION 46/320 DATE 06/09  
HIGHEST GUST SPEED/DIRECTION 58/310 DATE 06/09  
 
SKY COVER  
POSSIBLE SUNSHINE (PERCENT) MM  
NUMBER OF DAYS FAIR 29  
NUMBER OF DAYS PC 1  
NUMBER OF DAYS CLOUDY 0  
 
AVERAGE RH (PERCENT) 46  
 
WEATHER CONDITIONS. NUMBER OF DAYS WITH  
THUNDERSTORM 6 MIXED PRECIP 0  
HEAVY RAIN 2 RAIN 4  
LIGHT RAIN 5 FREEZING RAIN 0  
LT FREEZING RAIN 0 HAIL 2  
HEAVY SNOW 0 SNOW 0  
LIGHT SNOW 0 SLEET 0  
FOG 3 FOG W/VIS <= 1/4 MILE 0  
HAZE 2  
 
- INDICATES NEGATIVE NUMBERS.  
R INDICATES RECORD WAS SET OR TIED.  
MM INDICATES DATA IS MISSING.  
T INDICATES TRACE AMOUNT.  
 

 
 
CLICK HERE TO GO TO PREVIOUS BULLETINS.

The Nexlab TX Page
The Nexlab OK Page Main Text Page