370  
CXUS54 KCRP 012201 RRA  
CLMLRD  
 
CLIMATE REPORT  
NATIONAL WEATHER SERVICE CORPUS CHRISTI TX  
337 PM CST WED FEB 01 2023  
   
...............................
 
 
   
..THE LAREDO CLIMATE SUMMARY FOR THE MONTH OF JANUARY 2023
 
 
CLIMATE NORMAL PERIOD 1991 TO 2020  
CLIMATE RECORD PERIOD 1900 TO 2023  
 
WEATHER OBSERVED NORMAL DEPART LAST YEAR'S  
VALUE DATE(S) VALUE FROM VALUE DATE(S)  
NORMAL    
............................................................
 
 
TEMPERATURE (F)  
RECORD  
HIGH 98 01/17/1936  
01/18/1914  
LOW 15 01/12/1909  
HIGHEST 89 01/02 69 20 94 01/01  
01/11  
LOWEST 38 01/26 43 -5 29 01/03  
01/31  
AVG. MAXIMUM 75.1 68.4 6.7 69.0  
AVG. MINIMUM 51.2 46.5 4.7 44.5  
MEAN 63.2 57.5 5.7 56.7  
DAYS MAX >= 90 0 0.3 -0.3 1  
DAYS MAX <= 32 0 0.0 0.0 0  
DAYS MIN <= 32 0 1.3 -1.3 1  
DAYS MIN <= 0 0 0.0 0.0 0  
 
PRECIPITATION (INCHES)  
RECORD  
MAXIMUM 5.25 1958  
MINIMUM MM MM  
TOTALS 0.31 0.90 -0.59 0.23  
DAILY AVG. 0.01 0.03 -0.02 0.01  
DAYS >= .01 3 MM MM 4  
DAYS >= .10 1 MM MM 0  
DAYS >= .50 0 MM MM 0  
DAYS >= 1.00 0 MM MM 0  
GREATEST  
24 HR. TOTAL 0.29 01/23 TO 01/24 0.10 01/27 TO 01/28  
STORM TOTAL 0.27 0.08  
(MM/DD(HH)) MM  
 
SNOWFALL (INCHES)  
RECORDS  
TOTAL MM MM  
24 HR TOTAL MM  
TOTALS 0.0 MM MM 0.0  
SINCE 7/1 0.0 MM MM MM  
SNOWDEPTH AVG. 0 0  
DAYS >= 1.0 0 MM MM  
GREATEST  
SNOW DEPTH 0 0  
24 HR TOTAL MM 0.0  
 
DEGREE DAYS  
HEATING TOTAL 128 262 -134 270  
SINCE 7/1 533 608 -75 MM  
COOLING TOTAL 79 28 51 22  
SINCE 1/1 79 28 51 MM    
............................................................
 
 
WIND (MPH)  
AVERAGE WIND SPEED MM  
HIGHEST WIND SPEED/DIRECTION MM DATE MM  
HIGHEST GUST SPEED/DIRECTION MM DATE MM  
 
SKY COVER  
AVERAGE SKY COVER 0.34  
 
AVERAGE RH (PERCENT) 61  
 
WEATHER CONDITIONS. NUMBER OF DAYS WITH  
THUNDERSTORM 0 MIXED PRECIP 0  
HEAVY RAIN 0 RAIN 1  
LIGHT RAIN 6 FREEZING RAIN 0  
LT FREEZING RAIN 0 HAIL 0  
HEAVY SNOW 0 SNOW 0  
LIGHT SNOW 0 SLEET 0  
FOG 14 FOG W/VIS <= 1/4 MILE 2  
HAZE 2  
 
- INDICATES NEGATIVE NUMBERS.  
R INDICATES RECORD WAS SET OR TIED.  
MM INDICATES DATA IS MISSING.  
T INDICATES TRACE AMOUNT.  
 

 
 
CLICK HERE TO GO TO PREVIOUS BULLETINS.

The Nexlab TX Page Main Text Page