159  
CXUS54 KEPZ 010947  
CLMELP  
 
CLIMATE REPORT  
NATIONAL WEATHER SERVICE EPZ  
347 AM MDT WED JUL 01 2020  
   
...............................
 
 
   
..THE EL PASO CLIMATE SUMMARY FOR THE MONTH OF JUNE 2020
 
 
CLIMATE NORMAL PERIOD 1981 TO 2010  
CLIMATE RECORD PERIOD 1879 TO 2020  
 
WEATHER OBSERVED NORMAL DEPART LAST YEAR'S  
VALUE DATE(S) VALUE FROM VALUE DATE(S)  
NORMAL    
............................................................
 
 
TEMPERATURE (F)  
RECORD  
HIGH 114 06/30/1994  
LOW 46 06/01/1988  
06/03/1919  
HIGHEST 107 06/05 98 9 102 06/27  
06/26  
06/25  
LOWEST 57 06/10 61 -4 56 06/11  
AVG. MAXIMUM 98.8 95.5 3.3 96.4  
AVG. MINIMUM 72.1 68.0 4.1 69.8  
MEAN 85.4 81.7 3.7 83.1  
DAYS MAX >= 90 29 24.9 4.1 28  
DAYS MAX <= 32 0 0.0 0.0 0  
DAYS MIN <= 32 0 0.0 0.0 0  
DAYS MIN <= 0 0 0.0 0.0 0  
 
PRECIPITATION (INCHES)  
RECORD  
MAXIMUM 3.18 1984  
MINIMUM 0.00 1916  
TOTALS 0.25 0.94 -0.69 0.97  
DAYS >= .01 2 4  
DAYS >= .10 1 2  
DAYS >= .50 0 1  
DAYS >= 1.00 0 0  
GREATEST  
24 HR. TOTAL 0.24 06/12 TO 06/12  
 
DEGREE DAYS  
HEATING TOTAL 0 0 0 0  
SINCE 7/1 2013 2474 -461 2148  
COOLING TOTAL 620 502 118 553  
SINCE 1/1 1256 879 377 994  
 
FREEZE DATES  
RECORD  
EARLIEST 10/16/1880  
LATEST 05/02/1967  
EARLIEST 10/31 10/31  
LATEST 02/27 02/25    
............................................................
 
 
WIND (MPH)  
AVERAGE WIND SPEED 10.1  
HIGHEST WIND SPEED/DIRECTION 39/010 DATE 06/24  
HIGHEST GUST SPEED/DIRECTION 52/090 DATE 06/11  
 
SKY COVER  
AVERAGE SKY COVER 0.30  
 
AVERAGE RH (PERCENT) 24  
 
WEATHER CONDITIONS. NUMBER OF DAYS WITH  
THUNDERSTORM 4 MIXED PRECIP 0  
HEAVY RAIN 1 RAIN 1  
LIGHT RAIN 7 FREEZING RAIN 0  
LT FREEZING RAIN 0 HAIL 0  
HEAVY SNOW 0 SNOW 0  
LIGHT SNOW 0 SLEET 0  
FOG 1 FOG W/VIS <= 1/4 MILE 0  
HAZE 3  
 
- INDICATES NEGATIVE NUMBERS.  
R INDICATES RECORD WAS SET OR TIED.  
MM INDICATES DATA IS MISSING.  
T INDICATES TRACE AMOUNT.  
 

 
 
CLICK HERE TO GO TO PREVIOUS BULLETINS.

The Nexlab TX Page
The Nexlab NM Page Main Text Page