532  
CXUS54 KEPZ 011414  
CLMELP  
 
CLIMATE REPORT  
NATIONAL WEATHER SERVICE EL PASO TX/SANTA TERESA NM  
714 AM MST WED FEB 01 2023  
   
...............................
 
 
   
..THE EL PASO CLIMATE SUMMARY FOR THE MONTH OF JANUARY 2023
 
 
CLIMATE NORMAL PERIOD 1991 TO 2020  
CLIMATE RECORD PERIOD 1879 TO 2023  
 
WEATHER OBSERVED NORMAL DEPART LAST YEAR'S  
VALUE DATE(S) VALUE FROM VALUE DATE(S)  
NORMAL    
............................................................
 
 
TEMPERATURE (F)  
RECORD  
HIGH 80 01/24/1970  
LOW -8 01/11/1962  
HIGHEST 71 01/06 59 12 71 01/14  
01/30  
LOWEST 20 01/27 29 -9 23 01/03  
AVG. MAXIMUM 61.0 58.6 2.4 59.0  
AVG. MINIMUM 34.8 34.5 0.3 32.3  
MEAN 47.9 46.5 1.4 45.7  
DAYS MAX >= 90 0 0.0 0.0 0  
DAYS MAX <= 32 0 0.1 -0.1 0  
DAYS MIN <= 32 11 14.5 -3.5 18  
DAYS MIN <= 0 0 0.0 0.0 0  
 
PRECIPITATION (INCHES)  
RECORD  
MAXIMUM 1.84 1949  
MINIMUM 0.00 2014  
TOTALS 0.23 0.39 -0.16 0.03  
DAYS >= .01 4 1  
DAYS >= .10 0 0  
DAYS >= .50 0 0  
DAYS >= 1.00 0 0  
GREATEST  
24 HR. TOTAL 0.08 01/02 TO 01/02  
 
SNOWFALL (INCHES)  
TOTALS 0.0 0.0  
SNOWDEPTH AVG. 0 0  
DAYS >= TRACE 0 0  
GREATEST  
SNOW DEPTH 0  
24 HR TOTAL 0.0  
 
DEGREE DAYS  
HEATING TOTAL 523 572 -49 591  
SINCE 7/1 1451 1545 -94 MM  
COOLING TOTAL 0 0 0 0  
SINCE 1/1 0 0 0 MM  
 
FREEZE DATES  
RECORD  
EARLIEST 10/16/1880  
LATEST 05/02/1967  
EARLIEST 11/17  
LATEST 03/13    
............................................................
 
 
WIND (MPH)  
AVERAGE WIND SPEED 8.0  
HIGHEST WIND SPEED/DIRECTION 37/290 DATE 01/02  
HIGHEST GUST SPEED/DIRECTION MM DATE MM  
 
SKY COVER  
AVERAGE SKY COVER 0.42  
 
AVERAGE RH (PERCENT) 46  
 
WEATHER CONDITIONS. NUMBER OF DAYS WITH  
THUNDERSTORM 0 MIXED PRECIP 0  
HEAVY RAIN 0 RAIN 0  
LIGHT RAIN 4 FREEZING RAIN 0  
LT FREEZING RAIN 0 HAIL 0  
HEAVY SNOW 0 SNOW 0  
LIGHT SNOW 0 SLEET 0  
FOG 2 FOG W/VIS <= 1/4 MILE 0  
HAZE 1  
 
- INDICATES NEGATIVE NUMBERS.  
R INDICATES RECORD WAS SET OR TIED.  
MM INDICATES DATA IS MISSING.  
T INDICATES TRACE AMOUNT.  
 

 
 
CLICK HERE TO GO TO PREVIOUS BULLETINS.

The Nexlab TX Page
The Nexlab NM Page Main Text Page