223  
CXUS54 KEWX 021341  
CLMAUS  
 
CLIMATE REPORT  
NATIONAL WEATHER SERVICE AUSTIN/SAN ANTONIO  
722 AM CST THU FEB 02 2023  
   
...............................
 
 
...THE AUSTIN BERGSTROM CLIMATE SUMMARY FOR THE MONTH OF JANUARY 2023...  
 
CLIMATE NORMAL PERIOD: 1991 TO 2020  
CLIMATE RECORD PERIOD: 1943 TO 2023  
 
WEATHER OBSERVED NORMAL DEPART LAST YEAR'S  
VALUE DATE(S) VALUE FROM VALUE DATE(S)  
NORMAL    
............................................................
 
 
TEMPERATURE (F)  
HIGHEST 83 01/02 79 01/19  
LOWEST 25 01/14 19 01/22  
01/23  
AVG. MAXIMUM 66.8 62.5 4.3 61.4  
AVG. MINIMUM 39.9 37.7 2.2 33.1  
MEAN 53.4 50.1 3.3 47.2  
DAYS MAX >= 90 0 0  
DAYS MAX <= 32 0 0  
DAYS MIN <= 32 8 16  
DAYS MIN <= 0 0 0  
 
PRECIPITATION (INCHES)  
TOTALS 1.53 2.82 -1.29 4.55  
DAILY AVG. 0.05 0.09 -0.04 0.15  
DAYS >= .01 6 6  
DAYS >= .10 2 3  
DAYS >= .50 1 1  
DAYS >= 1.00 1 1  
GREATEST  
24 HR. TOTAL 1.23 01/24 TO 01/24  
 
SNOWFALL (INCHES)  
TOTALS 0.0 0.0 0.0 T  
SINCE 7/1 0.0 0.1 -0.1 MM  
 
DEGREE DAYS  
HEATING TOTAL 371 470 -99 544  
SINCE 7/1 1104 1158 -54 MM  
COOLING TOTAL 19 8 11 0  
SINCE 1/1 19 8 11 MM    
............................................................
 
 
WIND (MPH)  
AVERAGE WIND SPEED 7.7  
HIGHEST WIND SPEED/DIRECTION 31/180 DATE 01/15  
HIGHEST GUST SPEED/DIRECTION 44/170 DATE 01/15  
 
SKY COVER  
POSSIBLE SUNSHINE (PERCENT) MM  
AVERAGE SKY COVER 0.51  
NUMBER OF DAYS FAIR 12  
NUMBER OF DAYS PC 11  
NUMBER OF DAYS CLOUDY 8  
 
AVERAGE RH (PERCENT) 69  
 
WEATHER CONDITIONS. NUMBER OF DAYS WITH  
THUNDERSTORM 0 MIXED PRECIP 0  
HEAVY RAIN 0 RAIN 1  
LIGHT RAIN 9 FREEZING RAIN 0  
LT FREEZING RAIN 2 HAIL 0  
HEAVY SNOW 0 SNOW 0  
LIGHT SNOW 0 SLEET 0  
FOG 14 FOG W/VIS <= 1/4 MILE 2  
HAZE 2  
 
- INDICATES NEGATIVE NUMBERS.  
R INDICATES RECORD WAS SET OR TIED.  
MM INDICATES DATA IS MISSING.  
T INDICATES TRACE AMOUNT.  
 

 
 
MONTHLY CLIMATE SUMMARY:  
JANUARY 2023 WAS TIED FOR THE 13TH WARMEST AND WAS  
THE 33RD DRIEST JANUARY SINCE RECORD KEEPING BEGAN.  
 
SEA LEVEL PRESSURE DATA:  
HIGHEST SLP 30.50 ON THE 26TH  
LOWEST SLP 29.63 ON THE 2ND  
 
PRELIMINARY LOCAL CLIMATOLOGICAL DATA (WS FORM: F-6)  
 
STATION: AUSTIN BERGSTROM  
MONTH: JANUARY  
YEAR: 2023  
LATITUDE: 30 13 N  
LONGITUDE: 97 40 W  
 
TEMPERATURE IN F: :PCPN: SNOW: WIND :SUNSHINE: SKY :PK WND  
================================================================================  
1 2 3 4 5 6A 6B 7 8 9 10 11 12 13 14 15 16 17 18  
12Z AVG MX 2MIN  
DY MAX MIN AVG DEP HDD CDD WTR SNW DPTH SPD SPD DIR MIN PSBL S-S WX SPD DR  
================================================================================  
 
1 78 41 60 10 5 0 0.00 0.0 0 7.5 16 170 M M 6 12 23 150  
2 83 69 76 26 0 11 T 0.0 0 12.6 26 190 M M 8 18 37 180  
3 74 46 60 10 5 0 0.08 0.0 0 5.0 16 350 M M 7 1 23 330  
4 74 37 56 6 9 0 0.00 0.0 0 5.5 16 310 M M 2 24 320  
5 67 34 51 1 14 0 0.00 0.0 0 4.1 14 10 M M 2 19 10  
6 79 37 58 8 7 0 0.00 0.0 0 8.1 23 180 M M 5 1 32 170  
7 76 59 68 18 0 3 0.01 0.0 0 6.2 18 360 M M 10 1 24 360  
8 67 41 54 4 11 0 0.00 0.0 0 8.8 18 20 M M 4 26 360  
9 72 38 55 5 10 0 0.00 0.0 0 4.7 13 180 M M 3 18 150  
10 81 56 69 19 0 4 0.00 0.0 0 10.1 20 190 M M 3 1 29 180  
11 78 53 66 16 0 1 0.00 0.0 0 8.9 23 180 M M 5 12 31 180  
12 68 46 57 7 8 0 0.00 0.0 0 15.1 28 360 M M 3 36 360  
13 62 30 46 -4 19 0 0.00 0.0 0 5.5 16 360 M M 1 21 360  
14 65 25 45 -5 20 0 0.00 0.0 0 6.6 17 160 M M 1 24 160  
15 75 33 54 4 11 0 0.00 0.0 0 11.8 31 180 M M 4 44 170  
16 78 46 62 12 3 0 0.00 0.0 0 4.4 15 180 M M 7 21 170  
17 80 45 63 13 2 0 0.00 0.0 0 5.0 17 140 M M 3 1 22 150  
18 77 51 64 14 1 0 T 0.0 0 7.4 25 330 M M 5 18 37 320  
19 67 34 51 1 14 0 0.00 0.0 0 5.4 15 30 M M 2 22 20  
20 58 43 51 1 14 0 T 0.0 0 7.1 15 80 M M 9 22 30  
21 61 36 49 -1 16 0 T 0.0 0 3.4 9 80 M M 7 15 70  
22 61 30 46 -4 19 0 0.00 0.0 0 6.8 17 350 M M 1 25 350  
23 60 25 43 -7 22 0 0.00 0.0 0 5.0 15 100 M M 4 22 110  
24 54 43 49 -2 16 0 1.23 0.0 0 10.4 21 340 M M 7 1 39 290  
25 56 35 46 -5 19 0 0.00 0.0 0 9.2 18 330 M M 2 27 340  
26 56 28 42 -9 23 0 0.00 0.0 0 3.6 12 10 M M 1 17 350  
27 56 27 42 -9 23 0 T 0.0 0 4.9 14 150 M M 8 18 150  
28 59 48 54 3 11 0 0.14 0.0 0 3.6 12 190 M M 10 1 14 200  
29 75 41 58 7 7 0 0.05 0.0 0 8.8 25 20 M M 9 1 34 20  
30 41 30 36 -15 29 0 T 0.0 0 16.4 22 360 M M 10 16 28 360  
31 33 30 32 -20 33 0 0.02 0.0 0 15.3 22 360 M M 10 16 29 360  
================================================================================  
SM 2071 1237 371 19 1.53 0.0 237.2 M 159  
================================================================================  
AV 66.8 39.9 7.7 FASTST M M 5 MAX(MPH)  
MISC ----> 31 180 44 170  
================================================================================  
NOTES:  
# LAST OF SEVERAL OCCURRENCES  
 
COLUMN 17 PEAK WIND IN M.P.H.  
 
SYMBOLS USED IN COLUMN 16  
1 = FOG OR MIST  
2 = FOG REDUCING VISIBILITY TO 1/4 MILE OR LESS  
3 = THUNDER  
4 = ICE PELLETS  
5 = HAIL  
6 = FREEZING RAIN OR DRIZZLE  
7 = DUSTSTORM OR SANDSTORM: VSBY 1/2 MILE OR LESS  
8 = SMOKE OR HAZE  
9 = BLOWING SNOW  
X = TORNADO  
 

 
 
CLICK HERE TO GO TO PREVIOUS BULLETINS.

The Nexlab TX Page Main Text Page