715  
CXUS54 KFWD 010853  
CLMACT  
 
CLIMATE REPORT  
NATIONAL WEATHER SERVICE FORT WORTH TX  
348 AM CDT WED JUL 1 2020  
   
...............................
 
 
   
..THE WACO CLIMATE SUMMARY FOR THE MONTH OF JUNE 2020
 
 
CLIMATE NORMAL PERIOD 1981 TO 2010  
CLIMATE RECORD PERIOD 1901 TO 2020  
 
WEATHER OBSERVED NORMAL DEPART LAST YEAR'S  
VALUE DATE(S) VALUE FROM VALUE DATE(S)  
NORMAL    
............................................................
 
 
TEMPERATURE (F)  
RECORD  
HIGH 109 06/27/1980  
LOW 52 06/01/1964  
06/03/1919  
HIGHEST 100 06/09 99 1 97 06/19  
LOWEST 55 06/11 61 -6 60 06/12  
AVG. MAXIMUM 92.8 91.7 1.1 91.3  
AVG. MINIMUM 70.6 70.8 -0.2 69.0  
MEAN 81.7 81.2 0.5 80.2  
DAYS MAX >= 90 26 20.2 5.8 22  
DAYS MAX <= 32 0 0.0 0.0 0  
DAYS MAX >= 100 1 0  
DAYS MIN <= 32 0 0.0 0.0 0  
DAYS MIN <= 0 0 0.0 0.0 0  
DAYS MIN >= 80 2 0  
 
PRECIPITATION (INCHES)  
RECORD  
MAXIMUM 12.06 1961  
MINIMUM T 1934  
1933  
TOTALS 1.53 3.43 -1.90 7.38  
DAILY AVG. 0.05 0.11 -0.06 0.25  
DAYS >= .01 4 7.5 -3.5 10  
DAYS >= .10 3 5.3 -2.3 8  
DAYS >= .50 1 2.1 -1.1 5  
DAYS >= 1.00 1 1.1 -0.1 3  
GREATEST  
24 HR. TOTAL 1.09 06/20 TO 06/20 3.10  
 
DEGREE_DAYS  
HEATING TOTAL 0 0 0 0  
SINCE 7/1 1975 2142 -167 2280  
COOLING TOTAL 509 488 21 460  
SINCE 1/1 1018 940 78 909    
.............................................................
 
 
WIND (MPH)  
AVERAGE WIND SPEED 9.7  
HIGHEST WIND SPEED/DIRECTION 30/170 DATE 06/26  
HIGHEST GUST SPEED/DIRECTION 42/170 DATE 06/26  
 
SKY COVER  
POSSIBLE SUNSHINE (PERCENT) MM  
AVERAGE SKY COVER 0.20  
NUMBER OF DAYS FAIR 21  
NUMBER OF DAYS PC 8  
NUMBER OF DAYS CLOUDY 1  
 
AVERAGE RH (PERCENT) 64  
 
WEATHER CONDITIONS. NUMBER OF DAYS WITH  
THUNDERSTORM 3 MIXED PRECIP 0  
HEAVY RAIN 2 RAIN 3  
LIGHT RAIN 4 FREEZING RAIN 0  
LT FREEZING RAIN 0 HAIL 0  
HEAVY SNOW 0 SNOW 0  
LIGHT SNOW 0 SLEET 0  
FOG 6 FOG W/VIS <= 1/4 MILE 0  
HAZE 3  
 
- INDICATES NEGATIVE NUMBERS.  
R INDICATES RECORD WAS SET OR TIED.  
MM INDICATES DATA IS MISSING.  
T INDICATES TRACE AMOUNT.  
 

 
 
CLICK HERE TO GO TO PREVIOUS BULLETINS.

The Nexlab TX Page Main Text Page