330  
CXUS54 KHGX 011140  
CLMCLL  
 
CLIMATE REPORT  
NATIONAL WEATHER SERVICE HOUSTON/GALVESTON TX  
633 AM CDT WED JUL 1 2020  
   
...............................
 
 
   
..THE COLLEGE STATION CLIMATE SUMMARY FOR THE MONTH OF JUNE 2020
 
 
CLIMATE NORMAL PERIOD 1981 TO 2010  
CLIMATE RECORD PERIOD 1902 TO 2020  
 
WEATHER OBSERVED NORMAL DEPART LAST YEAR'S  
VALUE DATE(S) VALUE FROM VALUE DATE(S)  
NORMAL    
............................................................
 
 
TEMPERATURE (F)  
RECORD  
HIGH 108 06/17/1901  
LOW 62 06/11/2020  
HIGHEST 96 06/19 MM MM 95 06/19  
06/09 06/15  
06/08 06/09  
LOWEST 62 06/11 MM MM 63 06/16  
AVG. MAXIMUM 91.6 91.7 -0.1 90.6  
AVG. MINIMUM 72.9 72.7 0.2 72.6  
MEAN 82.2 82.2 0.0 81.6  
DAYS MAX >= 90 23 21.0 2.0 20  
DAYS MAX <= 32 0 0.0 0.0 0  
DAYS MIN <= 32 0 0.0 0.0 0  
DAYS MIN <= 0 0 0.0 0.0 0  
 
PRECIPITATION (INCHES)  
RECORD  
MAXIMUM 15.03 1905  
MINIMUM T 2009  
1998  
TOTALS 2.45 4.45 -2.00 4.95  
DAILY AVG. 0.08 0.15 -0.07 0.16  
DAYS >= .01 7 8.5 -1.5 12  
DAYS >= .10 4 6.0 -2.0 7  
DAYS >= .50 2 3.0 -1.0 3  
DAYS >= 1.00 0 1.4 -1.4 2  
GREATEST  
24 HR. TOTAL 0.95 06/20 TO 06/20  
 
DEGREE_DAYS  
HEATING TOTAL 0 0 0 0  
SINCE 7/1 1215 1608 -393 1700  
COOLING TOTAL 523 516 7 506  
SINCE 1/1 1274 1104 170 1120    
.............................................................
 
 
WIND (MPH)  
AVERAGE WIND SPEED 7.9  
HIGHEST WIND SPEED/DIRECTION 25/160 DATE 06/19  
HIGHEST GUST SPEED/DIRECTION 36/170 DATE 06/28  
 
SKY COVER  
AVERAGE SKY COVER 0.30  
 
AVERAGE RH (PERCENT) 68  
 
WEATHER CONDITIONS. NUMBER OF DAYS WITH  
THUNDERSTORM 7 MIXED PRECIP 0  
HEAVY RAIN 4 RAIN 4  
LIGHT RAIN 14 FREEZING RAIN 0  
LT FREEZING RAIN 0 HAIL 0  
HEAVY SNOW 0 SNOW 0  
LIGHT SNOW 0 SLEET 0  
FOG 9 FOG W/VIS <= 1/4 MILE 1  
HAZE 4  
 
- INDICATES NEGATIVE NUMBERS.  
R INDICATES RECORD WAS SET OR TIED.  
MM INDICATES DATA IS MISSING.  
T INDICATES TRACE AMOUNT.  
 

 
 
CLICK HERE TO GO TO PREVIOUS BULLETINS.

The Nexlab TX Page Main Text Page