998  
CXUS54 KLCH 010913  
CLMLFT  
 
CLIMATE REPORT  
NATIONAL WEATHER SERVICE LAKE CHARLES, LA  
413 AM CDT WED JUL 1 2020  
   
...............................
 
 
   
..THE LAFAYETTE CLIMATE SUMMARY FOR THE MONTH OF JUNE 2020
 
 
CLIMATE NORMAL PERIOD 1981 TO 2010  
CLIMATE RECORD PERIOD 1893 TO 2020  
 
WEATHER OBSERVED NORMAL DEPART LAST YEAR'S  
VALUE DATE(S) VALUE FROM VALUE DATE(S)  
NORMAL    
............................................................
 
 
TEMPERATURE (F)  
RECORD  
HIGH 106 06/27/1930  
LOW 51 06/03/1903  
HIGHEST 94 06/21 MM MM MM MM  
LOWEST 64 06/13 MM MM MM MM  
06/12  
AVG. MAXIMUM 89.8 90.5 -0.7 MM  
AVG. MINIMUM 72.1 72.7 -0.6 MM  
MEAN 80.9 81.6 -0.7 MM  
DAYS MAX >= 90 21 17.2 3.8 MM  
DAYS MAX <= 32 0 0.0 0.0 MM  
DAYS MIN <= 32 0 0.0 0.0 MM  
DAYS MIN <= 0 0 0.0 0.0 MM  
 
PRECIPITATION (INCHES)  
RECORD  
MAXIMUM 19.96 2001  
MINIMUM 0.04 1979  
TOTALS 4.98 7.08 -2.10 MM  
DAILY AVG. 0.17 0.24 -0.07 MM  
DAYS >= .01 10 12.5 -2.5 MM  
DAYS >= .10 7 8.9 -1.9 MM  
DAYS >= .50 4 4.8 -0.8 MM  
DAYS >= 1.00 3 2.4 0.6 MM  
GREATEST  
24 HR. TOTAL 1.23 06/24 TO 06/24  
 
SNOWFALL (INCHES)  
RECORDS  
TOTAL MM 5  
TOTALS 0.0 0.0 0.0 MM  
SINCE 7/1 0.0 T 0.0 MM  
SNOWDEPTH AVG. 0 MM MM MM  
DAYS >= 1.0 0 0.0 0.0 MM  
GREATEST  
24 HR TOTAL 0.0 06/30 TO 06/30  
 
DEGREE_DAYS  
HEATING TOTAL 0 0 0 MM  
SINCE 7/1 1134 1420 -286 MM  
COOLING TOTAL 487 498 -11 MM  
SINCE 1/1 1196 1112 84 MM    
.............................................................
 
 
WIND (MPH)  
AVERAGE WIND SPEED 5.4  
HIGHEST WIND SPEED/DIRECTION 32/220 DATE 06/25  
HIGHEST GUST SPEED/DIRECTION 47/200 DATE 06/25  
 
SKY COVER  
POSSIBLE SUNSHINE (PERCENT) MM  
AVERAGE SKY COVER 0.30  
NUMBER OF DAYS FAIR 21  
NUMBER OF DAYS PC 7  
NUMBER OF DAYS CLOUDY 1  
 
AVERAGE RH (PERCENT) 70  
 
WEATHER CONDITIONS. NUMBER OF DAYS WITH  
0  
5  
0  
0  
0  
0  
1  
HAZE 11  
 
- INDICATES NEGATIVE NUMBERS.  
R INDICATES RECORD WAS SET OR TIED.  
MM INDICATES DATA IS MISSING.  
T INDICATES TRACE AMOUNT.  
 

 
 
CLICK HERE TO GO TO PREVIOUS BULLETINS.

The Nexlab LA Page
The Nexlab TX Page Main Text Page

The Nexlab LA Page
The Nexlab TX Page Main Text Page