769  
CXUS54 KMAF 011207  
CLMMAF  
 
CLIMATE REPORT  
NATIONAL WEATHER SERVICE NATIONAL WEATHER SERVICE MIDLAND/ODESSA TX  
707 AM CDT WED JUL 01 2020  
   
...............................
 
 
...THE MIDLAND INTERNATIONAL AIRPORT CLIMATE SUMMARY FOR THE MONTH OF JUNE 2020...  
 
CLIMATE NORMAL PERIOD 1981 TO 2010  
CLIMATE RECORD PERIOD 1930 TO 2020  
 
WEATHER OBSERVED NORMAL DEPART LAST YEAR'S  
VALUE DATE(S) VALUE FROM VALUE DATE(S)  
NORMAL    
............................................................
 
 
TEMPERATURE (F)  
RECORD  
HIGH 116 06/27/1994  
LOW 47 06/01/1983  
06/03/1947  
 
HIGHEST 106 06/22 93 13 107 06/20  
LOWEST 55 06/10 66 -11 59 06/06  
AVG. MAXIMUM 96.0 93.4 2.6 94.9  
AVG. MINIMUM 68.4 67.3 1.1 67.3  
MEAN 82.2 80.3 1.9 81.1  
DAYS MAX >= 90 28 21.0 7.0 23  
DAYS MAX <= 32 0 0.0 0.0 0  
DAYS MIN <= 32 0 0.0 0.0 0  
DAYS MIN <= 0 0 0.0 0.0 0  
 
PRECIPITATION (INCHES)  
RECORD  
MAXIMUM 5.10 1940  
MINIMUM 0.00 2011  
TOTALS 0.38 1.80 -1.42 0.28  
DAILY AVG. 0.01 0.06 -0.05 0.01  
DAYS >= .01 1 4.8 -3.8 3  
DAYS >= .10 1 3.0 -2.0 1  
DAYS >= .50 0 1.4 -1.4 0  
DAYS >= 1.00 0 0.5 -0.5 0  
GREATEST  
24 HR. TOTAL 0.38 06/22 TO 06/23 0.19  
 
DEGREE DAYS  
COOLING TOTAL 525 461 64 488  
SINCE 1/1 1116 850 266 865    
............................................................
 
 
WIND (MPH)  
AVERAGE WIND SPEED 13.4  
HIGHEST WIND SPEED/DIRECTION 45/240 DATE 06/22  
HIGHEST GUST SPEED/DIRECTION 68/190 DATE 06/19  
 
SKY COVER  
POSSIBLE SUNSHINE (PERCENT) MM  
AVERAGE SKY COVER 0.06  
NUMBER OF DAYS FAIR 30  
NUMBER OF DAYS PC 0  
NUMBER OF DAYS CLOUDY 0  
 
AVERAGE RH (PERCENT) 45  
 
WEATHER CONDITIONS. NUMBER OF DAYS WITH  
THUNDERSTORM 5 MIXED PRECIP 0  
HEAVY RAIN 1 RAIN 1  
LIGHT RAIN 3 FREEZING RAIN 0  
LT FREEZING RAIN 0 HAIL 0  
HEAVY SNOW 0 SNOW 0  
LIGHT SNOW 0 SLEET 0  
FOG 1 FOG W/VIS <= 1/4 MILE 0  
HAZE 12  
 
- INDICATES NEGATIVE NUMBERS.  
R INDICATES RECORD WAS SET OR TIED.  
MM INDICATES DATA IS MISSING.  
T INDICATES TRACE AMOUNT.  
 

 
 
CLICK HERE TO GO TO PREVIOUS BULLETINS.

The Nexlab TX Page
The Nexlab NM Page Main Text Page